000
CXUS51 KCLE 041715
CLSMFD
CLIMATE REPORT
NATIONAL WEATHER SERVICE CLEVELAND, OH
115 PM EDT MON SEP 04 2023
...................................
...THE MANSFIELD OH CLIMATE SUMMARY FOR THE SEASON, FROM
6/1/2023 TO 8/31/2023...
CLIMATE NORMAL PERIOD 1991 TO 2020
CLIMATE RECORD PERIOD 1916 TO 2023
WEATHER OBSERVED NORMAL DEPART
VALUE DATE(S) VALUE FROM
NORMAL
................................................
TEMPERATURE (F)
RECORD
HIGH 105 07/21/1934
LOW 32 08/30/1946
06/06/1945
HIGHEST 89 06/02
06/03
LOWEST 42 06/08
AVG. MAXIMUM 79.9 81.2 -1.3
AVG. MINIMUM 59.9 60.6 -0.7
MEAN 69.9 70.9 -1.0
DAYS MAX >= 90 0 7.0
DAYS MAX <= 32 0 0.0
DAYS MIN <= 32 0 0.0
DAYS MIN <= 0 0 0.0
PRECIPITATION (INCHES)
RECORD
MAXIMUM 23.23 1987
MINIMUM 6.00 1967
TOTALS 18.62 12.25 6.37
DAYS >= .01 33 33.7
DAYS >= .10 26 22.1
DAYS >= .50 10 8.8
DAYS >= 1.00 7 3.0
SNOWFALL (INCHES)
RECORDS
TOTAL T 2011
TOTALS 0.0 0.0
DAYS >= TRACE 0
DAYS >= 1.0 0 0.0
DEGREE DAYS
HEATING TOTAL 54 54 0
COOLING TOTAL 491 594 -103
................................................
WIND (MPH)
HIGHEST GUST SPEED/DIRECTION 42/190 DATE 08/12
SKY COVER
POSSIBLE SUNSHINE (PERCENT) MM
NUMBER OF DAYS FAIR 52
NUMBER OF DAYS PC 28
NUMBER OF DAYS CLOUDY 12
WEATHER CONDITIONS. NUMBER OF DAYS WITH
THUNDERSTORM 22 MIXED PRECIP 0
HEAVY RAIN 23 RAIN 21
LIGHT RAIN 33 FREEZING RAIN 0
LT FREEZING RAIN 0 HAIL 0
HEAVY SNOW 0 SNOW 0
LIGHT SNOW 0 SLEET 0
FOG 62 FOG W/VIS <= 1/4 MILE 7
HAZE 29
- INDICATES NEGATIVE NUMBERS.
R INDICATES RECORD WAS SET OR TIED.
MM INDICATES DATA IS MISSING.
T INDICATES TRACE AMOUNT.
$$