000
CXUS53 KOAX 021724
CF6OAX
PRELIMINARY LOCAL CLIMATOLOGICAL DATA (WS FORM: F-6)
STATION: VALLEY NWS NE
MONTH: MARCH
YEAR: 2021
LATITUDE: 41 19 N
LONGITUDE: 96 22 W
TEMPERATURE IN F: :PCPN: SNOW: WIND :SUNSHINE: SKY :PK WND
================================================================================
1 2 3 4 5 6A 6B 7 8 9 10 11 12 13 14 15 16 17 18
12Z AVG MX 2MIN
DY MAX MIN AVG DEP HDD CDD WTR SNW DPTH SPD SPD DIR MIN PSBL S-S WX SPD DR
================================================================================
1 42 26 34 2 31 0 0.00 0.0 0 M M M M M M 23 M
2 61 28 45 13 20 0 0.00 0.0 0 M M M M M M 36 M
3 66 30 48 15 17 0 0.00 0.0 0 M M M M M M 10 M
4 67 31 49 16 16 0 0.00 0.0 0 M M M M M M 23 M
5 59 33 46 12 19 0 0.00 0.0 0 M M M M M M 13 M
6 69 31 50 16 15 0 0.00 0.0 0 M M M M M M 23 M
7 70 44 57 23 8 0 0.00 0.0 0 M M M M M M 40 M
8 70 42 56 21 9 0 0.00 0.0 0 M M M M M M 22 M
9 75 50 63 28 2 0 0.00 0.0 0 M M M M M M 32 M
10 73 35 54 18 11 0 0.00 0.0 0 M M M M M M 51 M
11 56 32 44 8 21 0 0.00 0.0 0 M M M M M M 23 M
12 54 30 42 5 23 0 0.00 0.0 0 M M M M M M 18 M
13 56 39 48 11 17 0 0.53 0.0 0 M M M M M M 28 M
14 46 40 43 6 22 0 2.82 0.0 0 M M M M M M 53 M
15 41 38 40 2 25 0 0.04 0.0 0 M M M M M M 1 29 M
16 45 37 41 3 24 0 T 0.0 0 M M M M M M 1 14 M
17 42 34 38 -1 27 0 T 0.0 0 M M M M M M 1 33 M
18 53 34 44 5 21 0 0.00 0.0 0 M M M M M M 33 M
19 55 28 42 2 23 0 0.00 0.0 0 M M M M M M 22 M
20 64 37 51 11 14 0 0.00 0.0 0 M M M M M M 36 M
21 64 47 56 16 9 0 0.00 0.0 0 M M M M M M 39 M
22 50 44 47 6 18 0 0.56 0.0 0 M M M M M M 30 M
23 53 46 50 9 15 0 1.13 0.0 0 M M M M M M 32 M
24 48 39 44 2 21 0 0.02 0.0 0 M M M M M M 36 M
25 48 36 42 0 23 0 T 0.0 0 M M M M M M 14 M
26 56 32 44 1 21 0 0.01 0.0 0 M M M M M M 1 21 M
27 55 37 46 3 19 0 0.01 0.0 0 M M M M M M 36 M
28 61 34 48 4 17 0 0.00 0.0 0 M M M M M M 23 M
29 77 49 63 19 2 0 0.00 0.0 0 M M M M M M 45 M
30 54 33 44 0 21 0 0.00 0.0 0 M M M M M M 43 M
31 48 29 39 -6 26 0 0.00 0.0 0 M M M M M M 46 M
================================================================================
SM 1778 1125 557 0 5.12 0.0 M M M
================================================================================
AV 57.4 36.3 M FASTST M M M MAX(MPH)
MISC ----> M M 53 9999
================================================================================
NOTES:
# LAST OF SEVERAL OCCURRENCES
COLUMN 17 PEAK WIND IN M.P.H.
PRELIMINARY LOCAL CLIMATOLOGICAL DATA (WS FORM: F-6) , PAGE 2
STATION: VALLEY NWS NE
MONTH: MARCH
YEAR: 2021
LATITUDE: 41 19 N
LONGITUDE: 96 22 W
[TEMPERATURE DATA] [PRECIPITATION DATA] SYMBOLS USED IN COLUMN 16
AVERAGE MONTHLY: 46.8 TOTAL FOR MONTH: 5.12 1 = FOG OR MIST
DPTR FM NORMAL: 8.5 DPTR FM NORMAL: 3.12 2 = FOG REDUCING VISIBILITY
HIGHEST: 77 ON 29 GRTST 24HR 2.85 ON 13-14 TO 1/4 MILE OR LESS
LOWEST: 26 ON 1 3 = THUNDER
SNOW, ICE PELLETS, HAIL 4 = ICE PELLETS
TOTAL MONTH: 0.0 INCH 5 = HAIL
GRTST 24HR 0.0 6 = FREEZING RAIN OR DRIZZLE
GRTST DEPTH: 0 7 = DUSTSTORM OR SANDSTORM:
VSBY 1/2 MILE OR LESS
8 = SMOKE OR HAZE
[NO. OF DAYS WITH] [WEATHER - DAYS WITH] 9 = BLOWING SNOW
X = TORNADO
MAX 32 OR BELOW: 0 0.01 INCH OR MORE: 8
MAX 90 OR ABOVE: 0 0.10 INCH OR MORE: 4
MIN 32 OR BELOW: 10 0.50 INCH OR MORE: 4
MIN 0 OR BELOW: 0 1.00 INCH OR MORE: 2
[HDD (BASE 65) ]
TOTAL THIS MO. 557 CLEAR (SCALE 0-3) 0
DPTR FM NORMAL -271 PTCLDY (SCALE 4-7) 0
TOTAL FM JUL 1 5269 CLOUDY (SCALE 8-10) 31
DPTR FM NORMAL -390
[CDD (BASE 65) ]
TOTAL THIS MO. 0
DPTR FM NORMAL 0 [PRESSURE DATA]
TOTAL FM JAN 1 0 HIGHEST SLP M ON M
DPTR FM NORMAL 0 LOWEST SLP M ON M
[REMARKS]
#FINAL-03-21#