762
CXAK56 PAFG 020225
CF6OME
PRELIMINARY LOCAL CLIMATOLOGICAL DATA (WS FORM: F-6)
STATION: NOME AK
MONTH: AUGUST
YEAR: 2020
LATITUDE: 64 30 N
LONGITUDE: 165 26 W
TEMPERATURE IN F: :PCPN: SNOW: WIND :SUNSHINE: SKY :PK WND
================================================================================
1 2 3 4 5 6A 6B 7 8 9 10 11 12 13 14 15 16 17 18
12Z AVG MX 2MIN
DY MAX MIN AVG DEP HDD CDD WTR SNW DPTH SPD SPD DIR MIN PSBL S-S WX SPD DR
================================================================================
1 63 52 58 6 7 0 0.01 M M 7.3 14 260 M M 7 16 240
2 64 46 55 4 10 0 0.00 M M 6.9 16 240 M M 0 18 250
3 57 45 51 0 14 0 0.00 M M 6.8 12 350 M M 2 15 210
4 57 43 50 -1 15 0 0.00 M M 7.1 13 230 M M 2 15 230
5 59 45 52 1 13 0 0.03 M M 5.9 14 350 M M 6 17 10
6 56 50 53 2 12 0 0.32 M M 9.8 18 20 M M 10 1 23 30
7 59 48 54 3 11 0 0.02 M M 7.7 16 290 M M 10 1 22 290
8 52 42 47 -4 18 0 0.01 M M 12.0 20 250 M M 5 1 23 240
9 54 35 45 -6 20 0 0.00 M M 3.7 12 260 M M 7 1 13 260
10 54 34 44 -7 21 0 0.00 M M 6.0 16 250 M M 2 19 240
11 55 39 47 -4 18 0 0.00 M M 6.0 15 260 M M 5 17 240
12 52 43 48 -3 17 0 T M M 6.7 13 260 M M 10 16 270
13 59 37 48 -3 17 0 0.00 M M 9.7 23 260 M M 1 26 260
14 54 46 50 0 15 0 0.00 M M 12.7 20 250 M M 5 24 270
15 57 37 47 -3 18 0 0.00 M M 7.4 20 260 M M 2 12 23 260
16 53 38 46 -4 19 0 0.00 M M 4.9 12 150 M M 6 12 14 150
17 68 39 54 4 11 0 0.00 M M 9.0 21 130 M M 3 12 25 120
18 69 45 57 7 8 0 0.00 M M 4.5 13 190 M M 2 12 16 200
19 55 46 51 1 14 0 0.00 M M 11.9 20 260 M M 8 12 22 250
20 59 45 52 2 13 0 0.00 M M 7.1 17 260 M M 4 1 20 260
21 55 47 51 1 14 0 T M M 4.0 10 270 M M 10 1 13 270
22 55 50 53 3 12 0 0.15 M M 10.1 17 140 M M 10 1 21 140
23 55 51 53 3 12 0 0.03 M M 8.5 15 210 M M 10 1 18 200
24 55 51 53 4 12 0 0.04 M M 5.1 10 230 M M 9 1 18 210
25 57 46 52 3 13 0 0.10 M M 3.5 12 240 M M 8 1 14 230
26 62 48 55 6 10 0 0.08 M M 5.4 12 320 M M 8 18 290
27 61 45 53 4 12 0 0.13 M M 6.9 13 300 M M 6 15 310
28 59 50 55 6 10 0 0.06 M M 4.4 13 40 M M 9 1 16 40
29 61 50 56 7 9 0 0.08 M M 8.0 18 30 M M 7 22 60
30 58 48 53 5 12 0 0.03 M M 14.2 25 30 M M 7 33 30
31 62 42 52 4 13 0 0.00 M M 12.2 23 360 M M 3 29 360
================================================================================
SM 1796 1383 420 0 1.09 M 235.4 M 184
================================================================================
AV 57.9 44.6 7.6 FASTST M M 6 MAX(MPH)
MISC ----> # 25 30 # 33 30
================================================================================
NOTES:
# LAST OF SEVERAL OCCURRENCES
COLUMN 17 PEAK WIND IN M.P.H.
PRELIMINARY LOCAL CLIMATOLOGICAL DATA (WS FORM: F-6) , PAGE 2
STATION: NOME AK
MONTH: AUGUST
YEAR: 2020
LATITUDE: 64 30 N
LONGITUDE: 165 26 W
[TEMPERATURE DATA] [PRECIPITATION DATA] SYMBOLS USED IN COLUMN 16
AVERAGE MONTHLY: 51.3 TOTAL FOR MONTH: 1.09 1 = FOG OR MIST
DPTR FM NORMAL: 1.2 DPTR FM NORMAL: -2.13 2 = FOG REDUCING VISIBILITY
HIGHEST: 69 ON 18 GRTST 24HR 0.32 ON 6- 6 TO 1/4 MILE OR LESS
LOWEST: 34 ON 10 3 = THUNDER
SNOW, ICE PELLETS, HAIL 4 = ICE PELLETS
TOTAL MONTH: M 5 = HAIL
GRTST 24HR M ON M 6 = FREEZING RAIN OR DRIZZLE
GRTST DEPTH: M ON M 7 = DUSTSTORM OR SANDSTORM:
VSBY 1/2 MILE OR LESS
8 = SMOKE OR HAZE
[NO. OF DAYS WITH] [WEATHER - DAYS WITH] 9 = BLOWING SNOW
X = TORNADO
MAX 32 OR BELOW: 0 0.01 INCH OR MORE: 14
MAX 90 OR ABOVE: 0 0.10 INCH OR MORE: 4
MIN 32 OR BELOW: 0 0.50 INCH OR MORE: 0
MIN 0 OR BELOW: 0 1.00 INCH OR MORE: 0
[HDD (BASE 65) ]
TOTAL THIS MO. 420 CLEAR (SCALE 0-3) 9
DPTR FM NORMAL -42 PTCLDY (SCALE 4-7) 13
TOTAL FM JUL 1 835 CLOUDY (SCALE 8-10) 9
DPTR FM NORMAL -25
[CDD (BASE 65) ]
TOTAL THIS MO. 0
DPTR FM NORMAL 0 [PRESSURE DATA]
TOTAL FM JAN 1 0 HIGHEST SLP 30.17 ON 14
DPTR FM NORMAL -3 LOWEST SLP 29.04 ON 31
[REMARKS]
#FINAL-08-20#