000
CXUS53 KARX 010930
CF6ONA
PRELIMINARY LOCAL CLIMATOLOGICAL DATA (WS FORM: F-6)
STATION: WINONA_MUNI_(AWOS) MN
MONTH: JUNE
YEAR: 2020
LATITUDE: 44 4 N
LONGITUDE: 91 42 W
TEMPERATURE IN F: :PCPN: SNOW: WIND :SUNSHINE: SKY :PK WND
================================================================================
1 2 3 4 5 6A 6B 7 8 9 10 11 12 13 14 15 16 17 18
12Z AVG MX 2MIN
DY MAX MIN AVG DEP HDD CDD WTR SNW DPTH SPD SPD DIR MIN PSBL S-S WX SPD DR
================================================================================
1 88 59 74 M 0 9 0.03 0.0 0 6.5 10 230 M M 4 24 240
2 93 64 79 M 0 14 M 0.0 0 4.1 12 230 M M 3 3 23 220
3 86 61 74 M 0 9 0.00 0.0 0 2.2 9 350 M M 2 12 M M
4 88 55 72 M 0 7 0.00 0.0 0 1.8 6 130 M M 1 M M
5 81 59 70 M 0 5 0.33 0.0 0 4.6 13 310 M M 3 3 21 320
6 77 54 66 M 0 1 M 0.0 0 2.7 8 130 M M 3 3 M M
7 82 61 72 M 0 7 M 0.0 0 10.0 14 150 M M 2 20 140
8 90 70 80 M 0 15 0.00 0.0 0 5.8 13 150 M M 0 17 150
9 81 63 72 M 0 7 M 0.0 0 4.7 16 330 M M 4 24 330
10 70 59 65 M 0 0 M 0.0 0 10.4 21 310 M M 6 31 310
11 77 54 66 M 0 1 0.00 0.0 0 7.4 23 310 M M 1 35 310
12 79 52 66 M 0 1 0.00 0.0 0 3.5 8 320 M M 3 8 M M
13 70 54 62 M 3 0 0.00 0.0 0 8.2 13 120 M M 5 17 110
14 73 50 62 M 3 0 0.00 0.0 0 10.8 17 130 M M 1 24 130
15 79 59 69 M 0 4 0.00 0.0 0 8.2 14 130 M M 2 21 160
16 82 63 73 M 0 8 0.00 0.0 0 4.6 8 150 M M 0 M M
17 84 59 72 M 0 7 0.00 0.0 0 3.9 12 210 M M 0 20 160
18 82 64 73 M 0 8 M 0.0 0 3.4 8 150 M M 2 M M
19 73 64 69 M 0 4 M 0.0 0 2.7 9 320 M M 7 M M
20 73 59 66 M 0 1 M 0.0 0 2.4 15 330 M M 8 1 21 330
21 84 59 72 M 0 7 M 0.0 0 2.8 8 260 M M 7 123 M M
22 68 59 64 M 1 0 M 0.0 0 2.1 6 330 M M 5 M M
23 73 54 64 M 1 0 M 0.0 0 3.6 14 320 M M 6 3 21 310
24 77 52 65 M 0 0 0.00 0.0 0 4.0 9 280 M M 2 3 16 280
25 82 54 68 M 0 3 0.00 0.0 0 1.3 7 320 M M 3 2 M M
26 82 64 73 M 0 8 M 0.0 0 1.6 6 270 M M 4 3 M M
27 82 63 73 M 0 8 0.00 0.0 0 0.9 5 340 M M 1 M M
28 86 61 74 M 0 9 M 0.0 0 5.3 16 110 M M 2 3 21 110
29 81 66 74 M 0 9 M 0.0 0 4.7 13 150 M M 5 13 27 340
30 86 70 78 M 0 13 0.00 0.0 0 5.8 13 150 M M 1 18 140
================================================================================
SM 2409 1785 8 165 0.36 0.0 140.0 M 93
================================================================================
AV 80.3 59.5 4.7 FASTST M M 3 MAX(MPH)
MISC ----> # 23 310 # 35 310
================================================================================
NOTES:
# LAST OF SEVERAL OCCURRENCES
COLUMN 17 PEAK WIND IN M.P.H.
PRELIMINARY LOCAL CLIMATOLOGICAL DATA (WS FORM: F-6) , PAGE 2
STATION: WINONA_MUNI_(AWOS) MN
MONTH: JUNE
YEAR: 2020
LATITUDE: 44 4 N
LONGITUDE: 91 42 W
[TEMPERATURE DATA] [PRECIPITATION DATA] SYMBOLS USED IN COLUMN 16
AVERAGE MONTHLY: 69.9 TOTAL FOR MONTH: 0.36 1 = FOG OR MIST
DPTR FM NORMAL: M DPTR FM NORMAL: M 2 = FOG REDUCING VISIBILITY
HIGHEST: 93 ON 2 GRTST 24HR 0.33 ON 5- 5 TO 1/4 MILE OR LESS
LOWEST: 50 ON 14 3 = THUNDER
SNOW, ICE PELLETS, HAIL 4 = ICE PELLETS
TOTAL MONTH: 0.0 INCH 5 = HAIL
GRTST 24HR 0.0 6 = FREEZING RAIN OR DRIZZLE
GRTST DEPTH: 0 7 = DUSTSTORM OR SANDSTORM:
VSBY 1/2 MILE OR LESS
8 = SMOKE OR HAZE
[NO. OF DAYS WITH] [WEATHER - DAYS WITH] 9 = BLOWING SNOW
X = TORNADO
MAX 32 OR BELOW: 0 0.01 INCH OR MORE: 2
MAX 90 OR ABOVE: 2 0.10 INCH OR MORE: 1
MIN 32 OR BELOW: 0 0.50 INCH OR MORE: 0
MIN 0 OR BELOW: 0 1.00 INCH OR MORE: 0
[HDD (BASE 65) ]
TOTAL THIS MO. 8 CLEAR (SCALE 0-3) 19
DPTR FM NORMAL M PTCLDY (SCALE 4-7) 11
TOTAL FM JUL 1 6324 CLOUDY (SCALE 8-10) 0
DPTR FM NORMAL M
[CDD (BASE 65) ]
TOTAL THIS MO. 165
DPTR FM NORMAL M [PRESSURE DATA]
TOTAL FM JAN 1 195 HIGHEST SLP M ON M
DPTR FM NORMAL M LOWEST SLP M ON M
[REMARKS]
#FINAL-06-20#