000
CXUS54 KFWD 220504
CF6PRX
PRELIMINARY LOCAL CLIMATOLOGICAL DATA (WS FORM: F-6)
STATION: PARIS
MONTH: JULY
YEAR: 2022
LATITUDE: 33 37 N
LONGITUDE: 95 27 W
TEMPERATURE IN F: :PCPN: SNOW: WIND :SUNSHINE: SKY :PK WND
================================================================================
1 2 3 4 5 6A 6B 7 8 9 10 11 12 13 14 15 16 17 18
12Z AVG MX 2MIN
DY MAX MIN AVG DEP HDD CDD WTR SNW DPTH SPD SPD DIR MIN PSBL S-S WX SPD DR
================================================================================
1 94 72 83 0 0 18 0.00 M M 7.0 13 90 M M 1 M M
2 92 71 82 -1 0 17 0.00 M M 6.0 14 120 M M 2 1 M M
3 100 72 86 3 0 21 0.11 M M 5.9 21 240 M M 2 3 28 240
4 99 76 88 4 0 23 0.00 M M 8.8 14 170 M M 1 18 170
5 100 74 87 3 0 22 0.00 M M 8.7 16 200 M M 0 21 200
6 101 74 88 4 0 23 0.00 M M 8.3 14 220 M M 0 M M
7 102 77 90 6 0 25 0.00 M M 7.4 13 200 M M 0 17 200
8 104 78 91 7 0 26 T M M 6.7 12 220 M M 0 17 220
9 103 78 91 7 0 26 0.00 M M 7.2 13 340 M M 0 M M
10 97 76 87 3 0 22 0.00 M M 8.0 12 70 M M 2 M M
11 99 73 86 2 0 21 0.00 M M 7.3 14 80 M M 0 M M
12 101 71 86 2 0 21 0.00 M M 7.1 16 20 M M 1 18 50
13 103 75 89 5 0 24 0.00 M M 6.3 13 40 M M 0 M M
14 99 75 87 3 0 22 T M M 8.7 15 200 M M 0 20 180
15 99 74 87 2 0 22 0.00 M M 6.4 14 130 M M 1 M M
16 101 73 87 2 0 22 T M M 6.8 12 150 M M 0 M M
17 103 76 90 5 0 25 0.00 M M 7.8 14 180 M M 0 20 180
18 105 75 90 5 0 25 0.40 M M 10.6 24 200 M M 2 3 35 200
19 105 81 93 8 0 28 0.00 M M 13.6 20 180 M M 0 26 180
20 107 80 94 9 0 29 0.00 M M 10.2 17 210 M M 0 25 190
21 93 74 84 -1 0 19 0.38 M M 8.0 18 190 M M 1 38 M M
22 97 74 86 1 0 21 T M M 7.7 22 180 M M 1 33 160
23 99 70 85 0 0 20 0.00 M M 8.5 15 170 M M 1 18 160
24 101 75 88 3 0 23 0.00 M M 8.8 15 190 M M 0 18 190
25 103 76 90 5 0 25 0.00 M M 9.0 14 230 M M 0 8 17 210
26 102 79 91 6 0 26 0.00 M M 9.8 15 160 M M 0 20 99
27 102 77 90 4 0 25 0.00 M M 8.5 13 150 M M 0 M M
28 103 78 91 5 0 26 0.00 M M 8.2 12 190 M M 1 M M
29 101 77 89 3 0 24 0.13 M M 9.2 29 50 M M 3 38 32 50
30 97 75 86 0 0 21 T M M 7.9 17 320 M M 2 M M
31 100 73 87 1 0 22 0.01 M M 8.8 15 150 M M 1 21 230
================================================================================
SM 3112 2329 0 714 1.03 M 253.4 M 22
================================================================================
AV100.4 75.1 8.2 FASTST M M 1 MAX(MPH)
MISC ----> 29 50 35 200
================================================================================
NOTES:
# LAST OF SEVERAL OCCURRENCES
COLUMN 17 PEAK WIND IN M.P.H.
PRELIMINARY LOCAL CLIMATOLOGICAL DATA (WS FORM: F-6) , PAGE 2
STATION: PARIS
MONTH: JULY
YEAR: 2022
LATITUDE: 33 37 N
LONGITUDE: 95 27 W
[TEMPERATURE DATA] [PRECIPITATION DATA] SYMBOLS USED IN COLUMN 16
AVERAGE MONTHLY: 87.8 TOTAL FOR MONTH: 1.03 1 = FOG OR MIST
DPTR FM NORMAL: 3.2 DPTR FM NORMAL: -2.65 2 = FOG REDUCING VISIBILITY
HIGHEST: 107 ON 20 GRTST 24HR 0.40 ON 18-18 TO 1/4 MILE OR LESS
LOWEST: 70 ON 23 3 = THUNDER
SNOW, ICE PELLETS, HAIL 4 = ICE PELLETS
TOTAL MONTH: M 5 = HAIL
GRTST 24HR M ON M 6 = FREEZING RAIN OR DRIZZLE
GRTST DEPTH: M ON M 7 = DUSTSTORM OR SANDSTORM:
VSBY 1/2 MILE OR LESS
8 = SMOKE OR HAZE
[NO. OF DAYS WITH] [WEATHER - DAYS WITH] 9 = BLOWING SNOW
X = TORNADO
MAX 32 OR BELOW: 0 0.01 INCH OR MORE: 5
MAX 90 OR ABOVE: 31 0.10 INCH OR MORE: 4
MIN 32 OR BELOW: 0 0.50 INCH OR MORE: 0
MIN 0 OR BELOW: 0 1.00 INCH OR MORE: 0
[HDD (BASE 65) ]
TOTAL THIS MO. 0 CLEAR (SCALE 0-3) 31
DPTR FM NORMAL 0 PTCLDY (SCALE 4-7) 0
TOTAL FM JUL 1 0 CLOUDY (SCALE 8-10) 0
DPTR FM NORMAL 0
[CDD (BASE 65) ]
TOTAL THIS MO. 714
DPTR FM NORMAL 106 [PRESSURE DATA]
TOTAL FM JAN 1 1618 HIGHEST SLP 30.09 ON 15
DPTR FM NORMAL 193 LOWEST SLP 29.74 ON 19
[REMARKS]
#FINAL-07-22#