000
CXUS54 KEWX 011110
CF6RYW
PRELIMINARY LOCAL CLIMATOLOGICAL DATA (WS FORM: F-6)
STATION: LAGO VISTA
MONTH: DECEMBER
YEAR: 2022
LATITUDE: 30 30 N
LONGITUDE: 97 58 W
TEMPERATURE IN F: :PCPN: SNOW: WIND :SUNSHINE: SKY :PK WND
================================================================================
1 2 3 4 5 6A 6B 7 8 9 10 11 12 13 14 15 16 17 18
12Z AVG MX 2MIN
DY MAX MIN AVG DEP HDD CDD WTR SNW DPTH SPD SPD DIR MIN PSBL S-S WX SPD DR
================================================================================
1 50 35 43 M 22 0 0.01 M M 4.1 10 30 M M 7 1 M M
2 69 48 59 M 6 0 0.02 M M 5.6 13 190 M M 10 2 21 190
3 63 51 57 M 8 0 0.00 M M 7.1 10 360 M M 9 18 10
4 55 49 52 M 13 0 0.02 M M 2.4 7 10 M M 10 12 M M
5 72 54 63 M 2 0 0.00 M M 7.9 13 210 M M 8 12 22 210
6 74 65 70 M 0 5 0.00 M M 6.4 13 210 M M 7 17 220
7 78 67 73 M 0 8 0.00 M M 5.8 12 200 M M 9 1 18 200
8 79 67 73 M 0 8 0.00 M M 6.2 12 210 M M 8 21 210
9 78 65 72 M 0 7 0.00 M M 5.7 12 180 M M 6 20 180
10 74 63 69 M 0 4 0.00 M M 4.9 10 40 M M 10 20 180
11 63 57 60 M 5 0 0.00 M M 5.8 10 340 M M 8 23 340
12 67 56 62 M 3 0 0.00 M M 5.9 12 160 M M 10 1 20 150
13 72 60 66 M 0 1 0.00 M M 8.3 14 180 M M 9 23 170
14 64 43 54 M 11 0 0.09 M M 9.0 20 280 M M 4 28 280
15 62 36 49 M 16 0 0.00 M M 4.3 7 200 M M 0 M M
16 50 38 44 M 21 0 0.00 M M 6.3 12 30 M M 5 18 30
17 55 38 47 M 18 0 0.00 M M 4.8 7 30 M M 1 17 20
18 53 33 43 M 22 0 0.00 M M 5.7 10 130 M M 5 M M
19 47 40 44 M 21 0 0.13 M M 4.6 9 20 M M 10 123 M M
20 47 42 45 M 20 0 0.00 M M 5.4 12 10 M M 10 1 16 10
21 46 33 40 M 25 0 0.00 M M 5.0 8 190 M M 5 1 M M
22 53 14 34 M 31 0 0.00 M M 10.7 17 340 M M 7 1 35 10
23 29 11 20 M 45 0 0.00 M M 8.8 16 360 M M 0 25 360
24 39 17 28 M 37 0 0.00 M M 3.1 7 20 M M 0 M M
25 51 23 37 M 28 0 0.00 M M 4.7 8 160 M M 0 M M
26 62 34 48 M 17 0 0.00 M M 6.4 12 260 M M 0 17 280
27 55 30 43 M 22 0 0.00 M M 5.6 12 20 M M 0 17 170
28 73 44 59 M 6 0 0.00 M M 10.6 15 200 M M 1 25 190
29 71 58 65 M 0 0 0.00 M M 5.6 14 190 M M 6 20 190
30 64 49 57 M 8 0 0.00 M M 4.0 8 360 M M 4 M M
31 75 46 61 M 4 0 M M M 8.6 15 220 M M 0 25 210
================================================================================
SM 1890 1366 411 33 0.27 M 189.4 M 169
================================================================================
AV 61.0 44.1 6.1 FASTST M M 5 MAX(MPH)
MISC ----> 20 280 35 10
================================================================================
NOTES:
# LAST OF SEVERAL OCCURRENCES
COLUMN 17 PEAK WIND IN M.P.H.
PRELIMINARY LOCAL CLIMATOLOGICAL DATA (WS FORM: F-6) , PAGE 2
STATION: LAGO VISTA
MONTH: DECEMBER
YEAR: 2022
LATITUDE: 30 30 N
LONGITUDE: 97 58 W
[TEMPERATURE DATA] [PRECIPITATION DATA] SYMBOLS USED IN COLUMN 16
AVERAGE MONTHLY: 52.5 TOTAL FOR MONTH: 0.27 1 = FOG OR MIST
DPTR FM NORMAL: 0.0 DPTR FM NORMAL: M 2 = FOG REDUCING VISIBILITY
HIGHEST: 79 ON 8 GRTST 24HR 0.13 ON 19-19 TO 1/4 MILE OR LESS
LOWEST: 11 ON 23 3 = THUNDER
SNOW, ICE PELLETS, HAIL 4 = ICE PELLETS
TOTAL MONTH: 0.0 INCH 5 = HAIL
GRTST 24HR M ON M 6 = FREEZING RAIN OR DRIZZLE
GRTST DEPTH: M ON M 7 = DUSTSTORM OR SANDSTORM:
VSBY 1/2 MILE OR LESS
8 = SMOKE OR HAZE
[NO. OF DAYS WITH] [WEATHER - DAYS WITH] 9 = BLOWING SNOW
X = TORNADO
MAX 32 OR BELOW: 1 0.01 INCH OR MORE: 5
MAX 90 OR ABOVE: 0 0.10 INCH OR MORE: 1
MIN 32 OR BELOW: 5 0.50 INCH OR MORE: 0
MIN 0 OR BELOW: 0 1.00 INCH OR MORE: 0
[HDD (BASE 65) ]
TOTAL THIS MO. 411 CLEAR (SCALE 0-3) 9
DPTR FM NORMAL M PTCLDY (SCALE 4-7) 12
TOTAL FM JUL 1 738 CLOUDY (SCALE 8-10) 10
DPTR FM NORMAL M
[CDD (BASE 65) ]
TOTAL THIS MO. 33
DPTR FM NORMAL M [PRESSURE DATA]
TOTAL FM JAN 1 3727 HIGHEST SLP M ON M
DPTR FM NORMAL M LOWEST SLP M ON M
[REMARKS]
#FINAL-12-22#