000
CXUS56 KMTR 011100
CF6SNS
PRELIMINARY LOCAL CLIMATOLOGICAL DATA (WS FORM: F-6)
STATION: SALINAS AIRPORT
MONTH: DECEMBER
YEAR: 2021
LATITUDE: 36 40 N
LONGITUDE: 121 36 W
TEMPERATURE IN F: :PCPN: SNOW: WIND :SUNSHINE: SKY :PK WND
================================================================================
1 2 3 4 5 6A 6B 7 8 9 10 11 12 13 14 15 16 17 18
12Z AVG MX 2MIN
DY MAX MIN AVG DEP HDD CDD WTR SNW DPTH SPD SPD DIR MIN PSBL S-S WX SPD DR
================================================================================
1 85 50 68 16 0 3 0.00 M M 8.5 21 120 M M 0 25 130
2 62 46 54 2 11 0 0.00 M M 7.8 15 130 M M 3 18 140
3 60 51 56 4 9 0 0.00 M M 4.6 13 310 M M 9 18 14 320
4 60 45 53 1 12 0 0.00 M M 3.4 15 290 M M 8 18 17 300
5 63 42 53 1 12 0 0.00 M M 4.6 17 290 M M 5 128 20 300
6 58 39 49 -3 16 0 0.00 M M 5.9 15 130 M M 5 12 18 140
7 67 51 59 7 6 0 0.07 M M 5.9 16 310 M M 6 18 22 310
8 60 51 56 5 9 0 0.00 M M 5.7 15 140 M M 9 128 18 130
9 58 46 52 1 13 0 0.10 M M 7.3 22 290 M M 6 1 29 290
10 60 39 50 -1 15 0 0.00 M M 5.5 12 290 M M 0 15 330
11 62 38 50 -1 15 0 0.00 M M 8.2 17 130 M M 0 8 20 130
12 57 38 48 -3 17 0 0.00 M M 12.0 22 130 M M 8 29 140
13 57 53 55 4 10 0 1.36 M M 18.3 33 140 M M 10 18 41 140
14 54 42 48 -3 17 0 0.50 M M 6.8 18 310 M M 7 1 23 280
15 55 40 48 -3 17 0 T M M 15.1 24 160 M M 6 30 150
16 59 43 51 0 14 0 0.37 M M 7.4 31 140 M M 6 1 40 140
17 60 36 48 -3 17 0 0.00 M M 2.6 10 20 M M 0 12 20
18 58 38 48 -3 17 0 0.00 M M 9.2 18 120 M M 0 1 23 120
19 58 35 47 -4 18 0 0.00 M M 5.9 15 140 M M 0 1 18 130
20 55 36 46 -5 19 0 0.00 M M 10.9 22 130 M M 0 27 140
21 65 42 54 3 11 0 0.00 M M 5.9 17 120 M M 2 20 120
22 62 52 57 6 8 0 0.03 M M 16.6 21 140 M M 10 1 26 140
23 61 47 54 3 11 0 0.24 M M 8.6 24 140 M M 6 1 30 140
24 57 47 52 1 13 0 0.19 M M 8.9 22 290 M M 8 12 29 290
25 54 45 50 -1 15 0 0.38 M M 13.6 26 130 M M 10 1 32 150
26 54 43 49 -2 16 0 T M M 7.5 18 140 M M 7 22 140
27 54 44 49 -2 16 0 0.62 M M 8.3 22 300 M M 9 1 29 320
28 52 44 48 -3 17 0 T M M 6.9 16 140 M M 10 1 20 140
29 57 47 52 1 13 0 0.06 M M 12.1 28 140 M M 8 1 34 140
30 62 40 51 0 14 0 0.00 M M 3.7 14 290 M M 2 17 300
31 56 41 49 -2 16 0 0.00 M M 4.6 14 350 M M 4 8 17 290
================================================================================
SM 1842 1351 414 3 3.92 M 252.3 M 164
================================================================================
AV 59.4 43.6 8.1 FASTST M M 5 MAX(MPH)
MISC ----> 33 140 41 140
================================================================================
NOTES:
# LAST OF SEVERAL OCCURRENCES
COLUMN 17 PEAK WIND IN M.P.H.
PRELIMINARY LOCAL CLIMATOLOGICAL DATA (WS FORM: F-6) , PAGE 2
STATION: SALINAS AIRPORT
MONTH: DECEMBER
YEAR: 2021
LATITUDE: 36 40 N
LONGITUDE: 121 36 W
[TEMPERATURE DATA] [PRECIPITATION DATA] SYMBOLS USED IN COLUMN 16
AVERAGE MONTHLY: 51.5 TOTAL FOR MONTH: 3.92 1 = FOG OR MIST
DPTR FM NORMAL: 0.4 DPTR FM NORMAL: 1.80 2 = FOG REDUCING VISIBILITY
HIGHEST: 85 ON 1 GRTST 24HR 1.78 ON 13-14 TO 1/4 MILE OR LESS
LOWEST: 35 ON 19 3 = THUNDER
SNOW, ICE PELLETS, HAIL 4 = ICE PELLETS
TOTAL MONTH: M 5 = HAIL
GRTST 24HR M ON M 6 = FREEZING RAIN OR DRIZZLE
GRTST DEPTH: M ON M 7 = DUSTSTORM OR SANDSTORM:
VSBY 1/2 MILE OR LESS
8 = SMOKE OR HAZE
[NO. OF DAYS WITH] [WEATHER - DAYS WITH] 9 = BLOWING SNOW
X = TORNADO
MAX 32 OR BELOW: 0 0.01 INCH OR MORE: 11
MAX 90 OR ABOVE: 0 0.10 INCH OR MORE: 8
MIN 32 OR BELOW: 0 0.50 INCH OR MORE: 3
MIN 0 OR BELOW: 0 1.00 INCH OR MORE: 1
[HDD (BASE 65) ]
TOTAL THIS MO. 414 CLEAR (SCALE 0-3) 10
DPTR FM NORMAL -17 PTCLDY (SCALE 4-7) 13
TOTAL FM JUL 1 686 CLOUDY (SCALE 8-10) 8
DPTR FM NORMAL -344
[CDD (BASE 65) ]
TOTAL THIS MO. 3
DPTR FM NORMAL 3 [PRESSURE DATA]
TOTAL FM JAN 1 149 HIGHEST SLP 30.33 ON 17
DPTR FM NORMAL 16 LOWEST SLP 29.71 ON 24
[REMARKS]
#FINAL-12-21#