000
CXUS54 KOUN 010910
CF6SPS
PRELIMINARY LOCAL CLIMATOLOGICAL DATA (WS FORM: F-6)
STATION: WICHITA FALLS
MONTH: FEBRUARY
YEAR: 2024
LATITUDE: 33 58 N
LONGITUDE: 98 29 W
TEMPERATURE IN F: :PCPN: SNOW: WIND :SUNSHINE: SKY :PK WND
================================================================================
1 2 3 4 5 6A 6B 7 8 9 10 11 12 13 14 15 16 17 18
12Z AVG MX 2MIN
DY MAX MIN AVG DEP HDD CDD WTR SNW DPTH SPD SPD DIR MIN PSBL S-S WX SPD DR
================================================================================
1 75 46 61 17 4 0 0.00 0.0 0 13.0 22 190 M M 2 28 220
2 71 49 60 16 5 0 0.47 0.0 0 14.0 37 230 M M 5 13 53 220
3 66 47 57 13 8 0 0.00 0.0 0 12.0 22 230 M M 3 30 180
4 62 49 56 12 9 0 T 0.0 0 16.1 28 10 M M 9 1 34 10
5 61 42 52 8 13 0 0.00 0.0 0 12.0 25 360 M M 5 31 10
6 62 37 50 6 15 0 0.00 0.0 0 5.2 14 150 M M 2 1 17 160
7 67 41 54 9 11 0 0.00 0.0 0 11.9 28 180 M M 3 35 180
8 70 48 59 14 6 0 0.00 0.0 0 14.3 23 210 M M 2 30 240
9 66 46 56 11 9 0 0.00 0.0 0 8.8 18 230 M M 3 24 230
10 54 42 48 3 17 0 0.01 0.0 0 11.5 23 30 M M 6 28 20
11 47 33 40 -5 25 0 1.00 T 0 16.4 26 350 M M 10 1 34 350
12 51 33 42 -4 23 0 0.01 T 0 10.3 18 320 M M 3 25 310
13 66 28 47 1 18 0 0.00 0.0 0 9.0 16 210 M M 0 21 200
14 70 39 55 9 10 0 0.00 0.0 0 14.3 29 180 M M 0 36 210
15 66 40 53 7 12 0 0.00 0.0 0 6.9 17 20 M M 3 1 24 210
16 54 33 44 -2 21 0 0.00 0.0 0 18.7 32 10 M M 3 42 360
17 38 26 32 -15 33 0 0.00 0.0 0 16.3 29 10 M M 4 39 10
18 55 22 39 -8 26 0 0.00 0.0 0 9.0 16 200 M M 0 22 210
19 69 33 51 4 14 0 0.00 0.0 0 9.2 20 210 M M 0 25 200
20 82 37 60 13 5 0 0.00 0.0 0 9.0 21 210 M M 0 28 190
21 86 46 66 18 0 1 0.00 0.0 0 14.6 26 200 M M 1 37 190
22 74 50 62 14 3 0 0.00 0.0 0 15.6 25 350 M M 0 35 320
23 70 40 55 7 10 0 0.00 0.0 0 10.2 20 300 M M 0 27 300
24 76 39 58 10 7 0 0.00 0.0 0 8.8 21 220 M M 0 27 230
25 81 51 66 17 0 1 0.00 0.0 0 10.4 20 230 M M 0 25 250
26 93 49 71 22 0 6 0.00 0.0 0 14.7 30 250 M M 1 41 250
27 81 45 63 14 2 0 0.00 0.0 0 17.8 36 20 M M 5 48 10
28 46 34 40 -10 25 0 0.00 0.0 0 12.5 33 10 M M 5 45 10
29 44 33 39 -11 26 0 0.10 T 0 6.5 15 110 M M 6 4 18 120
================================================================================
SM 1903 1158 357 8 1.59 T 349.0 M 81
================================================================================
AV 65.6 39.9 12.0 FASTST M M 3 MAX(MPH)
MISC ----> 37 230 53 220
================================================================================
NOTES:
# LAST OF SEVERAL OCCURRENCES
COLUMN 17 PEAK WIND IN M.P.H.
PRELIMINARY LOCAL CLIMATOLOGICAL DATA (WS FORM: F-6) , PAGE 2
STATION: WICHITA FALLS
MONTH: FEBRUARY
YEAR: 2024
LATITUDE: 33 58 N
LONGITUDE: 98 29 W
[TEMPERATURE DATA] [PRECIPITATION DATA] SYMBOLS USED IN COLUMN 16
AVERAGE MONTHLY: 52.8 TOTAL FOR MONTH: 1.59 1 = FOG OR MIST
DPTR FM NORMAL: 6.5 DPTR FM NORMAL: 0.19 2 = FOG REDUCING VISIBILITY
HIGHEST: 93 ON 26 GRTST 24HR 1.01 ON 11-12 TO 1/4 MILE OR LESS
LOWEST: 22 ON 18 3 = THUNDER
SNOW, ICE PELLETS, HAIL 4 = ICE PELLETS
TOTAL MONTH: T 5 = HAIL
GRTST 24HR T ON 11-11 6 = FREEZING RAIN OR DRIZZLE
GRTST DEPTH: 0 7 = DUSTSTORM OR SANDSTORM:
VSBY 1/2 MILE OR LESS
8 = SMOKE OR HAZE
[NO. OF DAYS WITH] [WEATHER - DAYS WITH] 9 = BLOWING SNOW
X = TORNADO
MAX 32 OR BELOW: 0 0.01 INCH OR MORE: 5
MAX 90 OR ABOVE: 1 0.10 INCH OR MORE: 3
MIN 32 OR BELOW: 3 0.50 INCH OR MORE: 1
MIN 0 OR BELOW: 0 1.00 INCH OR MORE: 1
[HDD (BASE 65) ]
TOTAL THIS MO. 357 CLEAR (SCALE 0-3) 18
DPTR FM NORMAL -170 PTCLDY (SCALE 4-7) 9
TOTAL FM JUL 1 2122 CLOUDY (SCALE 8-10) 2
DPTR FM NORMAL -304
[CDD (BASE 65) ]
TOTAL THIS MO. 8
DPTR FM NORMAL 5 [PRESSURE DATA]
TOTAL FM JAN 1 8 HIGHEST SLP 30.48 ON 17
DPTR FM NORMAL 4 LOWEST SLP 29.45 ON 3
[REMARKS]
#FINAL-02-24#