000
CXUS51 KPHI 011401
CLMTTN
CLIMATE REPORT
NATIONAL WEATHER SERVICE MOUNT HOLLY NJ
1001 AM EDT SAT APR 01 2023
...................................
...THE TRENTON NJ CLIMATE SUMMARY FOR THE MONTH OF MARCH 2023...
CLIMATE NORMAL PERIOD: 1991 TO 2020
CLIMATE RECORD PERIOD: 1865 TO 2023
WEATHER OBSERVED NORMAL DEPART LAST YEAR`S
VALUE DATE(S) VALUE FROM VALUE
NORMAL
..............................................................
TEMPERATURE (F)
RECORD
HIGH 87 03/30/1998
LOW 1 03/10/1984
03/04/1868
HIGHEST 63 MM MM 74
LOWEST 24 MM MM 17
AVG. MAXIMUM 51.7 50.8 0.9 53.5
AVG. MINIMUM 33.2 32.7 0.5 33.6
MEAN 42.5 41.7 0.8 43.6
DAYS MAX >= 90 0 0.0 0.0 0
DAYS MAX <= 32 0 1.0 -1.0 2
DAYS MIN <= 32 17 15.4 1.6 14
DAYS MIN <= 0 0 0.0 0.0 0
PRECIPITATION (INCHES)
RECORD
MAXIMUM 8.86 1899
MINIMUM 0.83 1927
TOTALS 2.60 3.97 -1.37 2.67
DAILY AVG. 0.08 0.13 -0.05 0.09
DAYS >= .01 14 11.0 3.0 MM
DAYS >= .10 8 6.7 1.3 MM
DAYS >= .50 1 2.6 -1.6 MM
DAYS >= 1.00 0 1.0 -1.0 MM
GREATEST
24 HR. TOTAL 1.13 03/03 TO 03/04 0.59
SNOWFALL (INCHES)
TOTALS 0.8
SINCE 7/1 2.1
SNOWDEPTH AVG. T
DAYS >= 1.0 0
GREATEST
SNOW DEPTH MM
24 HR TOTAL 0.6
DEGREE DAYS
HEATING TOTAL 690 722 -32 655
SINCE 7/1 4029 4421 -392 MM
COOLING TOTAL 0 1 -1 0
SINCE 1/1 0 1 -1 MM
..............................................................
WIND (MPH)
AVERAGE WIND SPEED 8.7
HIGHEST WIND SPEED/DIRECTION 33/330 DATE 03/07
HIGHEST GUST SPEED/DIRECTION 43/350 DATE 03/07
SKY COVER
POSSIBLE SUNSHINE (PERCENT) MM
AVERAGE SKY COVER 0.43
NUMBER OF DAYS FAIR 14
NUMBER OF DAYS PC 12
NUMBER OF DAYS CLOUDY 5
AVERAGE RH (PERCENT) 62
WEATHER CONDITIONS. NUMBER OF DAYS WITH
THUNDERSTORM 0 MIXED PRECIP 0
HEAVY RAIN 4 RAIN 4
LIGHT RAIN 16 FREEZING RAIN 0
LT FREEZING RAIN 0 HEAVY SNOW 0
SNOW 1 LIGHT SNOW 3
SLEET 3 FOG 16
FOG W/VIS <= 1/4 MILE 2 HAZE 0
- INDICATES NEGATIVE NUMBERS.
R INDICATES RECORD WAS SET OR TIED.
MM INDICATES DATA IS MISSING.
T INDICATES TRACE AMOUNT.
$$