000
CXUS54 KMAF 271100
CF66R6
PRELIMINARY LOCAL CLIMATOLOGICAL DATA (WS FORM: F-6)

                                          STATION:   Terrell County Airport
                                          MONTH:     JUNE
                                          YEAR:      2017
                                          LATITUDE:   30  2 N
                                          LONGITUDE: 102 13 W

  TEMPERATURE IN F:       :PCPN:    SNOW:  WIND      :SUNSHINE: SKY     :PK WND
================================================================================
1   2   3   4   5  6A  6B    7    8   9   10  11  12  13   14  15   16   17  18
                                     12Z  AVG MX 2MIN
DY MAX MIN AVG DEP HDD CDD  WTR  SNW DPTH SPD SPD DIR MIN PSBL S-S WX    SPD DR
================================================================================

 1  84  67  76  -4   0  11 0.13  0.0    0  9.4 22  10   M    M   0        29  10
 2  88  62  75  -5   0  10 1.02  0.0    0  9.6 43 270   M    M   0        54 270
 3  85  62  74  -7   0   9 0.27  0.0    0  5.8 23  30   M    M   0        30  10
 4  92  65  79  -2   0  14 0.00  0.0    0  4.2 12 210   M    M   0        16 240
 5  97  69  83   2   0  18 0.00  0.0    0  7.4 16  10   M    M   0        23  10
 6  94  70  82   1   0  17 0.00  0.0    0  7.1 15  50   M    M   0        21  20
 7  91  70  81   0   0  16 0.00  0.0    0  5.8 12 160   M    M   0        17 160
 8  93  68  81  -1   0  16 0.00  0.0    0  6.0 17 130   M    M   0        23 140
 9  95  68  82   0   0  17 0.00  0.0    0 10.2 20 110   M    M   0        28 340
10  95  71  83   1   0  18 0.00  0.0    0 12.1 22 110   M    M   0        31 110
11  92  72  82   0   0  17 0.00  0.0    0 13.6 22 110   M    M   0        29 120
12  95  72  84   2   0  19 0.00  0.0    0 11.5 24 120   M    M   0        31 120
13  95  74  85   3   0  20 0.00  0.0    0 13.8 24 110   M    M   0        33 100
14  98  75  87   5   0  22 0.00  0.0    0 12.8 25 120   M    M   0        38 110
15 100  75  88   6   0  23 0.00  0.0    0 11.6 20 120   M    M   0        26 130
16 103  76  90   7   0  25 0.00  0.0    0 10.9 20 100   M    M   0        27 120
17 109  71  90   7   0  25 0.00  0.0    0  9.3 24 120   M    M   0        29 120
18 106  73  90   7   0  25 0.00  0.0    0  7.1 20 130   M    M   0        25 140
19  96  76  86   3   0  21 0.00  0.0    0  9.1 20 100   M    M   0        28 350
20  97  74  86   3   0  21 0.00  0.0    0  7.9 17  80   M    M   0        21  90
21 102  74  88   5   0  23 0.00  0.0    0  4.3 12  80   M    M   0        17  90
22 103  74  89   6   0  24 0.00  0.0    0  7.7 16 110   M    M   0        21 110
23 106  76  91   8   0  26 0.00  0.0    0 12.6 38  20   M    M   0        49  30
24  92  72  82  -1   0  17 0.00  0.0    0 10.8 23 110   M    M   0        29 100
25  93  73  83   0   0  18 0.00  0.0    0 11.0 20 100   M    M   0        28 110
26  94  72  83   0   0  18 0.00  0.0    0  9.8 21  70   M    M   0        26  70
================================================================================
SM 2495 1851         0 490  1.42     0.0 241.4          M        0
================================================================================
AV 96.0 71.2                               9.3 FASTST   M    M   0    MAX(MPH)
                                 MISC ---->  # 43 270               # 54  270
================================================================================
NOTES:
# LAST OF SEVERAL OCCURRENCES

COLUMN 17 PEAK WIND IN M.P.H.

PRELIMINARY LOCAL CLIMATOLOGICAL DATA (WS FORM: F-6) , PAGE 2

                                          STATION:  Terrell County Airport
                                          MONTH:    JUNE
                                          YEAR:     2017
                                          LATITUDE:   30  2 N
                                          LONGITUDE: 102 13 W

[TEMPERATURE DATA]      [PRECIPITATION DATA]       SYMBOLS USED IN COLUMN 16

AVERAGE MONTHLY: 83.6   TOTAL FOR MONTH:   1.42    1 = FOG OR MIST
DPTR FM NORMAL:   1.5   DPTR FM NORMAL:   -0.48    2 = FOG REDUCING VISIBILITY
HIGHEST:   109 ON 17    GRTST 24HR  1.02 ON  2- 2      TO 1/4 MILE OR LESS
LOWEST:     62 ON  3, 2                            3 = THUNDER
                        SNOW, ICE PELLETS, HAIL    4 = ICE PELLETS
                        TOTAL MONTH:   0.0 INCH    5 = HAIL
                        GRTST 24HR     0.0         6 = FREEZING RAIN OR DRIZZLE
                        GRTST DEPTH:   0           7 = DUSTSTORM OR SANDSTORM:
                                                       VSBY 1/2 MILE OR LESS
                                                   8 = SMOKE OR HAZE
[NO. OF DAYS WITH]      [WEATHER - DAYS WITH]      9 = BLOWING SNOW
                                                   X = TORNADO
MAX 32 OR BELOW:   0    0.01 INCH OR MORE:   3
MAX 90 OR ABOVE:  23    0.10 INCH OR MORE:   3
MIN 32 OR BELOW:   0    0.50 INCH OR MORE:   1
MIN  0 OR BELOW:   0    1.00 INCH OR MORE:   1

[HDD (BASE 65) ]
TOTAL THIS MO.     0    CLEAR  (SCALE 0-3)  26
DPTR FM NORMAL     0    PTCLDY (SCALE 4-7)   0
TOTAL FM JUL 1  1061    CLOUDY (SCALE 8-10)  0
DPTR FM NORMAL  -757

[CDD (BASE 65) ]
TOTAL THIS MO.   490
DPTR FM NORMAL    45    [PRESSURE DATA]
TOTAL FM JAN 1  1215    HIGHEST SLP M ON M
DPTR FM NORMAL   196    LOWEST  SLP 29.52 ON M

[REMARKS]
