000
CXUS55 KCYS 241000
CF6CDR
PRELIMINARY LOCAL CLIMATOLOGICAL DATA (WS FORM: F-6)

                                          STATION:   CHADRON NEBRASKA AIRPORT
                                          MONTH:     APRIL
                                          YEAR:      2014
                                          LATITUDE:   42 50 N
                                          LONGITUDE: 103  6 W

  TEMPERATURE IN F:       :PCPN:    SNOW:  WIND      :SUNSHINE: SKY     :PK WND
================================================================================
1   2   3   4   5  6A  6B    7    8   9   10  11  12  13   14  15   16   17  18
                                     12Z  AVG MX 2MIN
DY MAX MIN AVG DEP HDD CDD  WTR  SNW DPTH SPD SPD DIR MIN PSBL S-S WX    SPD DR
================================================================================

 1  37  12  25 -15  40   0 0.05    M    M  8.4 17 130   M    M   6 128    20  80
 2  46  27  37  -4  28   0 0.03    M    M  7.4 20 140   M    M   8 18     24 130
 3  46  26  36  -5  29   0 0.00    M    M  7.8 23 300   M    M   6 1      29 300
 4  58  21  40  -1  25   0 0.00    M    M  4.4 21 180   M    M   4        25 180
 5  64  29  47   6  18   0 0.00    M    M  6.9 20 180   M    M   0        24 180
 6  59  28  44   2  21   0    T    M    M  6.6 28 250   M    M   3        32 250
 7  57  29  43   1  22   0    T    M    M 13.3 26 340   M    M   5        38 320
 8  70  29  50   8  15   0 0.00    M    M  6.8 21 280   M    M   2        26 280
 9  80  34  57  14   8   0 0.00    M    M 12.5 32  30   M    M   1        46 280
10  60  38  49   6  16   0 0.15    M    M  8.8 23 310   M    M   7 13     33 320
11  73  32  53  10  12   0 0.00    M    M  7.6 25 190   M    M   0        32 210
12  65  30  48   4  17   0 0.17    M    M 10.4 26  40   M    M   4 1      33  30
13  38  26  32 -12  33   0 0.04    M    M 17.0 28  30   M    M  10 1      33  10
14  45  22  34 -10  31   0 0.00    M    M 12.1 28 300   M    M   4        36 310
15  66  23  45   1  20   0    T    M    M  9.7 29 280   M    M   2        38 280
16  49  32  41  -4  24   0 0.48    M    M 12.7 28 310   M    M   8 1      36 310
17  56  30  43  -2  22   0 0.00    M    M 12.9 31 150   M    M   5        39 160
18  82  37  60  14   5   0    M    M    M 10.3 26 200   M    M   0 3      31 190
19  65  41  53   7  12   0 0.00    M    M  5.4 22  30   M    M   0        29 350
20  79  40  60  14   5   0 0.00    M    M  8.0 25  10   M    M   1        32  20
21  69  32  51   4  14   0 0.00    M    M  6.0 16 160   M    M   2        22 160
22  80  51  66  19   0   1 0.03    M    M 19.0 33 170   M    M   1 3      41 170
23  70  43  57  10   8   0 0.00    M    M 13.1 33 280   M    M   2        43 270
================================================================================
SM 1414  712       425   1  0.95    M    227.1          M       81
================================================================================
AV 61.5 31.0                               9.9 FASTST   M    M   4    MAX(MPH)
                                 MISC ---->  # 33 170               # 46  280
================================================================================
NOTES:
# LAST OF SEVERAL OCCURRENCES

COLUMN 17 PEAK WIND IN M.P.H.

PRELIMINARY LOCAL CLIMATOLOGICAL DATA (WS FORM: F-6) , PAGE 2

                                          STATION:  CHADRON NEBRASKA AIRPORT
                                          MONTH:    APRIL
                                          YEAR:     2014
                                          LATITUDE:   42 50 N
                                          LONGITUDE: 103  6 W

[TEMPERATURE DATA]      [PRECIPITATION DATA]       SYMBOLS USED IN COLUMN 16

AVERAGE MONTHLY: 46.2   TOTAL FOR MONTH:   0.95    1 = FOG OR MIST
DPTR FM NORMAL:   2.6   DPTR FM NORMAL:   -0.44    2 = FOG REDUCING VISIBILITY
HIGHEST:    82 ON 18    GRTST 24HR  0.48 ON 16-16      TO 1/4 MILE OR LESS
LOWEST:     12 ON  1                               3 = THUNDER
                        SNOW, ICE PELLETS, HAIL    4 = ICE PELLETS
                        TOTAL MONTH:    M          5 = HAIL
                        GRTST 24HR    M  ON   M    6 = FREEZING RAIN OR DRIZZLE
                        GRTST DEPTH:  M  ON   M    7 = DUSTSTORM OR SANDSTORM:
                                                       VSBY 1/2 MILE OR LESS
                                                   8 = SMOKE OR HAZE
[NO. OF DAYS WITH]      [WEATHER - DAYS WITH]      9 = BLOWING SNOW
                                                   X = TORNADO
MAX 32 OR BELOW:   0    0.01 INCH OR MORE:   7
MAX 90 OR ABOVE:   0    0.10 INCH OR MORE:   3
MIN 32 OR BELOW:  16    0.50 INCH OR MORE:   0
MIN  0 OR BELOW:   0    1.00 INCH OR MORE:   0

[HDD (BASE 65) ]
TOTAL THIS MO.   425    CLEAR  (SCALE 0-3)  11
DPTR FM NORMAL   -67    PTCLDY (SCALE 4-7)  10
TOTAL FM JUL 1  6797    CLOUDY (SCALE 8-10)  2
DPTR FM NORMAL   148

[CDD (BASE 65) ]
TOTAL THIS MO.     1
DPTR FM NORMAL     1    [PRESSURE DATA]
TOTAL FM JAN 1     1    HIGHEST SLP M ON M
DPTR FM NORMAL     1    LOWEST  SLP 29.37 ON 23

[REMARKS]
