000
CXUS54 KHGX 281415
CF6CLL
PRELIMINARY LOCAL CLIMATOLOGICAL DATA (WS FORM: F-6)

                                          STATION:   COLLEGE STATION
                                          MONTH:     APRIL
                                          YEAR:      2016
                                          LATITUDE:   30 34 N
                                          LONGITUDE:  96 22 W

  TEMPERATURE IN F:       :PCPN:    SNOW:  WIND      :SUNSHINE: SKY     :PK WND
================================================================================
1   2   3   4   5  6A  6B    7    8   9   10  11  12  13   14  15   16   17  18
                                     12Z  AVG MX 2MIN
DY MAX MIN AVG DEP HDD CDD  WTR  SNW DPTH SPD SPD DIR MIN PSBL S-S WX    SPD DR
================================================================================

 1  65  46  56  -9   9   0 0.09  0.0    0 14.3 30  50   M    M   6        39  40
 2  72  45  59  -6   6   0 0.00  0.0    0  9.1 21 320   M    M   0        28 340
 3  75  42  59  -7   6   0 0.00  0.0    0  4.0 13 210   M    M   0        17 230
 4  81  50  66   0   0   1 0.00  0.0    0  6.4 17 200   M    M   0        21 200
 5  82  51  67   1   0   2 0.00  0.0    0  7.9 22 160   M    M   0        27 160
 6  80  53  67   1   0   2    T  0.0    0  7.5 23 340   M    M   2        28 340
 7  83  46  65  -1   0   0 0.00  0.0    0  4.2 16 230   M    M   0        19 230
 8  80  53  67   0   0   2 0.00  0.0    0  7.1 18  80   M    M   0        23  50
 9  77  56  67   0   0   2    T  0.0    0  8.8 18 160   M    M   2        25 160
10  82  62  72   5   0   7    T  0.0    0 15.1 25 160   M    M   9 1      32 160
11  78  68  73   6   0   8 0.06  0.0    0 10.6 32 160   M    M   8 13     41 160
12  72  63  68   0   0   3 0.17  0.0    0 12.2 20  50   M    M  10 13     25  50
13  70  61  66  -2   0   1 0.59  0.0    0  7.4 21  20   M    M   9 13     28  20
14  68  57  63  -5   2   0 0.00  0.0    0  6.9 15 340   M    M   7 18     19 320
15  78  56  67  -1   0   2 0.00  0.0    0  5.2 12 120   M    M   3 12     16 100
16  82  60  71   2   0   6 0.01  0.0    M 13.0 24 120   M    M   8 1      33 120
17  76  68  72   3   0   7 0.60  0.0    0 11.4 22 120   M    M   9 13     30 130
18  78  66  72   3   0   7 1.17  0.0    0  8.1 18 100   M    M   5 13     25  90
19  81  64  73   4   0   8    T  0.0    0  4.5 13 140   M    M   6 12     16 140
20  78  61  70   0   0   5 1.29  0.0    0  5.0 28 360   M    M   7 13     33 360
21  78  61  70   0   0   5 0.24  0.0    0  6.3 28 330   M    M   4 13     36  10
22  81  59  70   0   0   5 0.00  0.0    0  6.3 20 360   M    M   0        24 350
23  81  57  69  -1   0   4 0.00  0.0    0  4.1 13 190   M    M   0        18 190
24  77  59  68  -3   0   3 0.03  0.0    0  9.0 18 150   M    M   4        25 140
25  88  67  78   7   0  13 0.00  0.0    0 11.6 22 170   M    M   6        27 170
26  86  73  80   9   0  15 0.00  0.0    0 16.3 24 150   M    M   7 18     30 150
27  85  63  74   3   0   9 0.57  0.0    0  7.9 37 260   M    M   3 13     51 250
================================================================================
SM 2114 1567        23 117  4.82     0.0 230.2          M      115
================================================================================
AV 78.3 58.0                               8.5 FASTST   M    M   4    MAX(MPH)
                                 MISC ---->  # 37 260               # 51  250
================================================================================
NOTES:
# LAST OF SEVERAL OCCURRENCES

COLUMN 17 PEAK WIND IN M.P.H.

PRELIMINARY LOCAL CLIMATOLOGICAL DATA (WS FORM: F-6) , PAGE 2

                                          STATION:  COLLEGE STATION
                                          MONTH:    APRIL
                                          YEAR:     2016
                                          LATITUDE:   30 34 N
                                          LONGITUDE:  96 22 W

[TEMPERATURE DATA]      [PRECIPITATION DATA]       SYMBOLS USED IN COLUMN 16

AVERAGE MONTHLY: 68.2   TOTAL FOR MONTH:   4.82    1 = FOG OR MIST
DPTR FM NORMAL:   0.0   DPTR FM NORMAL:    2.50    2 = FOG REDUCING VISIBILITY
HIGHEST:    88 ON 25    GRTST 24HR  1.59 ON 17-18      TO 1/4 MILE OR LESS
LOWEST:     42 ON  3                               3 = THUNDER
                        SNOW, ICE PELLETS, HAIL    4 = ICE PELLETS
                        TOTAL MONTH:   0.0 INCH    5 = HAIL
                        GRTST 24HR     0.0         6 = FREEZING RAIN OR DRIZZLE
                        GRTST DEPTH:   0           7 = DUSTSTORM OR SANDSTORM:
                                                       VSBY 1/2 MILE OR LESS
                                                   8 = SMOKE OR HAZE
[NO. OF DAYS WITH]      [WEATHER - DAYS WITH]      9 = BLOWING SNOW
                                                   X = TORNADO
MAX 32 OR BELOW:   0    0.01 INCH OR MORE:  11
MAX 90 OR ABOVE:   0    0.10 INCH OR MORE:   7
MIN 32 OR BELOW:   0    0.50 INCH OR MORE:   5
MIN  0 OR BELOW:   0    1.00 INCH OR MORE:   2

[HDD (BASE 65) ]
TOTAL THIS MO.    23    CLEAR  (SCALE 0-3)  12
DPTR FM NORMAL   -23    PTCLDY (SCALE 4-7)  10
TOTAL FM JUL 1  1146    CLOUDY (SCALE 8-10)  5
DPTR FM NORMAL  -459

[CDD (BASE 65) ]
TOTAL THIS MO.   117
DPTR FM NORMAL   -13    [PRESSURE DATA]
TOTAL FM JAN 1   232    HIGHEST SLP M ON M
DPTR FM NORMAL    15    LOWEST  SLP 29.58 ON 27

[REMARKS]
