000
CXUS54 KHGX 241415
CF6CLL
PRELIMINARY LOCAL CLIMATOLOGICAL DATA (WS FORM: F-6)

                                          STATION:   COLLEGE STATION
                                          MONTH:     DECEMBER
                                          YEAR:      2014
                                          LATITUDE:   30 34 N
                                          LONGITUDE:  96 22 W

  TEMPERATURE IN F:       :PCPN:    SNOW:  WIND      :SUNSHINE: SKY     :PK WND
================================================================================
1   2   3   4   5  6A  6B    7    8   9   10  11  12  13   14  15   16   17  18
                                     12Z  AVG MX 2MIN
DY MAX MIN AVG DEP HDD CDD  WTR  SNW DPTH SPD SPD DIR MIN PSBL S-S WX    SPD DR
================================================================================

 1  65  43  54  -1  11   0 0.01  0.0    0 11.5 23 350   M    M  10 12     29 340
 2  52  39  46  -9  19   0 0.00  0.0    0  6.9 16 350   M    M  10        20 340
 3  68  49  59   4   6   0 0.00  0.0    0  6.3 14 110   M    M   9 1      17 120
 4  74  55  65  11   0   0 0.00  0.0    0  6.2 14 120   M    M   8 18     16 130
 5  80  65  73  19   0   8 0.06  0.0    0  8.2 21 230   M    M   6 1      26 230
 6  70  55  63   9   2   0 0.00  0.0    0  9.3 20 360   M    M   4 1      24 360
 7  57  53  55   1  10   0 0.00  0.0    0  7.5 15 360   M    M  10 8      18  10
 8  66  44  55   2  10   0 0.00  0.0    0  5.7 12 350   M    M   2 18     19  20
 9  68  41  55   2  10   0 0.00  0.0    0  2.1  8  20   M    M   0 18     12 300
10  66  42  54   1  11   0 0.01    M    0  4.2 12 150   M    M   5 1      15 150
11  68  56  62   9   3   0 0.14  0.0    0  5.8 14 180   M    M  10 1      17 190
12  73  57  65  13   0   0 0.01  0.0    0  6.4 17 190   M    M   8        21 200
13  73  54  64  12   1   0 0.00  0.0    0  8.2 15 130   M    M   4 128    20 150
14  75  59  67  15   0   2    T  0.0    0 14.2 26 160   M    M   9 18     32 170
15  75  54  65  13   0   0 0.00  0.0    0  9.5 18 270   M    M   4        23 270
16  62  45  54   2  11   0 0.00  0.0    0  9.1 18 350   M    M   0        25 360
17  56  44  50  -2  15   0 0.02  0.0    0  6.5 21 120   M    M   9        25 120
18  62  50  56   4   9   0    T  0.0    0  7.5 17  20   M    M  10 138    21  20
19  59  49  54   2  11   0 1.50    M    0 12.8 22  10   M    M  10 13     25 360
20  53  49  51   0  14   0 0.00  0.0    0  7.3 12  50   M    M  10 1      14  10
21  57  49  53   2  12   0 0.00  0.0    0  5.5 15 170   M    M  10 1      20 160
22  70  56  63  12   2   0 0.00  0.0    0 11.0 22 210   M    M   5 1      30 210
23  57  47  52   1  13   0 0.01    M    0 13.4 30 360   M    M   6        37 360
================================================================================
SM 1506 1155       170  10  1.76     0.0 185.1          M      159
================================================================================
AV 65.5 50.2                               8.0 FASTST   M    M   7    MAX(MPH)
                                 MISC ---->  # 30 360               # 37  360
================================================================================
NOTES:
# LAST OF SEVERAL OCCURRENCES

COLUMN 17 PEAK WIND IN M.P.H.

PRELIMINARY LOCAL CLIMATOLOGICAL DATA (WS FORM: F-6) , PAGE 2

                                          STATION:  COLLEGE STATION
                                          MONTH:    DECEMBER
                                          YEAR:     2014
                                          LATITUDE:   30 34 N
                                          LONGITUDE:  96 22 W

[TEMPERATURE DATA]      [PRECIPITATION DATA]       SYMBOLS USED IN COLUMN 16

AVERAGE MONTHLY: 57.8   TOTAL FOR MONTH:   1.76    1 = FOG OR MIST
DPTR FM NORMAL:   5.1   DPTR FM NORMAL:   -0.64    2 = FOG REDUCING VISIBILITY
HIGHEST:    80 ON  5    GRTST 24HR  1.50 ON 19-19      TO 1/4 MILE OR LESS
LOWEST:     39 ON  2                               3 = THUNDER
                        SNOW, ICE PELLETS, HAIL    4 = ICE PELLETS
                        TOTAL MONTH:   0.0 INCH    5 = HAIL
                        GRTST 24HR     0.0         6 = FREEZING RAIN OR DRIZZLE
                        GRTST DEPTH:   0           7 = DUSTSTORM OR SANDSTORM:
                                                       VSBY 1/2 MILE OR LESS
                                                   8 = SMOKE OR HAZE
[NO. OF DAYS WITH]      [WEATHER - DAYS WITH]      9 = BLOWING SNOW
                                                   X = TORNADO
MAX 32 OR BELOW:   0    0.01 INCH OR MORE:   8
MAX 90 OR ABOVE:   0    0.10 INCH OR MORE:   2
MIN 32 OR BELOW:   0    0.50 INCH OR MORE:   1
MIN  0 OR BELOW:   0    1.00 INCH OR MORE:   1

[HDD (BASE 65) ]
TOTAL THIS MO.   170    CLEAR  (SCALE 0-3)   3
DPTR FM NORMAL  -124    PTCLDY (SCALE 4-7)   7
TOTAL FM JUL 1   465    CLOUDY (SCALE 8-10) 13
DPTR FM NORMAL   -54

[CDD (BASE 65) ]
TOTAL THIS MO.    10
DPTR FM NORMAL    -3    [PRESSURE DATA]
TOTAL FM JAN 1  2943    HIGHEST SLP M ON M
DPTR FM NORMAL  -143    LOWEST  SLP 29.58 ON 23

[REMARKS]
