000
CXUS54 KHGX 271515
CF6CLL
PRELIMINARY LOCAL CLIMATOLOGICAL DATA (WS FORM: F-6)

                                          STATION:   COLLEGE STATION
                                          MONTH:     MARCH
                                          YEAR:      2017
                                          LATITUDE:   30 34 N
                                          LONGITUDE:  96 22 W

  TEMPERATURE IN F:       :PCPN:    SNOW:  WIND      :SUNSHINE: SKY     :PK WND
================================================================================
1   2   3   4   5  6A  6B    7    8   9   10  11  12  13   14  15   16   17  18
                                     12Z  AVG MX 2MIN
DY MAX MIN AVG DEP HDD CDD  WTR  SNW DPTH SPD SPD DIR MIN PSBL S-S WX    SPD DR
================================================================================

 1  73  52  63   5   2   0    T  0.0    0 12.6 24 340   M    M   5 12     32  20
 2  66  45  56  -2   9   0 0.00  0.0    0  9.6 18  30   M    M   0        25  70
 3  71  44  58   0   7   0 0.00  0.0    0  8.4 17  90   M    M   1        25 130
 4  61  51  56  -2   9   0 0.27  0.0    0  7.6 17 120   M    M   9 1      22 120
 5  71  56  64   5   1   0 0.11  0.0    0 11.6 21 150   M    M  10 1      26 150
 6  82  68  75  16   0  10 0.01  0.0    0 15.7 29 170   M    M   8 1      39 170
 7  77  59  68   9   0   3    T  0.0    0  8.4 24 340   M    M   8 13     29 340
 8  76  58  67   7   0   2 0.00  0.0    0  8.2 15 140   M    M   9        21  80
 9  78  65  72  12   0   7 0.04  0.0    0  8.4 22 160   M    M   7 13     26 160
10  78  63  71  11   0   6 0.00  0.0    0  4.5 17 170   M    M   3 1      20 170
11  72  58  65   5   0   0 0.24  0.0    0  6.9 23  20   M    M   8 1      30  30
12  58  45  52  -8  13   0    T  0.0    0 10.5 22  40   M    M   9        26  20
13  66  46  56  -5   9   0    T  0.0    0  7.9 20 360   M    M   5 1      26  20
14  68  39  54  -7  11   0 0.00  0.0    0  5.9 13 180   M    M   0 8      17 160
15  72  47  60  -1   5   0 0.00  0.0    0  8.0 16 150   M    M   1        21 160
16  78  53  66   5   0   1    T  0.0    0 11.8 22 170   M    M   7 1      27 160
17  81  67  74  12   0   9    T  0.0    0 14.5 25 190   M    M   7        33 190
18  83  63  73  11   0   8 0.00  0.0    0  5.6 12 190   M    M   5 12     22 140
19  83  64  74  12   0   9 0.00  0.0    0  8.6 18 170   M    M   4 1      24 170
20  84  64  74  12   0   9 0.00  0.0    0 11.6 18 210   M    M   3        25 210
21  84  62  73  10   0   8 0.00  0.0    0 10.4 18 170   M    M   3 8      33 150
22  83  66  75  12   0  10 0.00  0.0    0  8.6 17 150   M    M   5        28 170
23  86  62  74  11   0   9 0.00  0.0    0 17.0 31 160   M    M   2 1      41 160
24  76  66  71   8   0   6 0.28  0.0    0 15.0 26 170   M    M   6 13     37 150
25  77  57  67   3   0   2 0.00  0.0    0  7.2 16 320   M    M   1        21 330
26  86  58  72   8   0   7 0.00  0.0    0 12.3 24 160   M    M   5 13     33 150
================================================================================
SM 1970 1478        66 106  0.95     0.0 256.8          M      131
================================================================================
AV 75.8 56.9                               9.9 FASTST   M    M   5    MAX(MPH)
                                 MISC ---->  # 31 160               # 41  160
================================================================================
NOTES:
# LAST OF SEVERAL OCCURRENCES

COLUMN 17 PEAK WIND IN M.P.H.

PRELIMINARY LOCAL CLIMATOLOGICAL DATA (WS FORM: F-6) , PAGE 2

                                          STATION:  COLLEGE STATION
                                          MONTH:    MARCH
                                          YEAR:     2017
                                          LATITUDE:   30 34 N
                                          LONGITUDE:  96 22 W

[TEMPERATURE DATA]      [PRECIPITATION DATA]       SYMBOLS USED IN COLUMN 16

AVERAGE MONTHLY: 66.3   TOTAL FOR MONTH:   0.95    1 = FOG OR MIST
DPTR FM NORMAL:   5.5   DPTR FM NORMAL:   -1.73    2 = FOG REDUCING VISIBILITY
HIGHEST:    86 ON 26,23 GRTST 24HR  0.28 ON 24-24      TO 1/4 MILE OR LESS
LOWEST:     39 ON 14                               3 = THUNDER
                        SNOW, ICE PELLETS, HAIL    4 = ICE PELLETS
                        TOTAL MONTH:   0.0 INCH    5 = HAIL
                        GRTST 24HR     0.0         6 = FREEZING RAIN OR DRIZZLE
                        GRTST DEPTH:   0           7 = DUSTSTORM OR SANDSTORM:
                                                       VSBY 1/2 MILE OR LESS
                                                   8 = SMOKE OR HAZE
[NO. OF DAYS WITH]      [WEATHER - DAYS WITH]      9 = BLOWING SNOW
                                                   X = TORNADO
MAX 32 OR BELOW:   0    0.01 INCH OR MORE:   6
MAX 90 OR ABOVE:   0    0.10 INCH OR MORE:   4
MIN 32 OR BELOW:   0    0.50 INCH OR MORE:   0
MIN  0 OR BELOW:   0    1.00 INCH OR MORE:   0

[HDD (BASE 65) ]
TOTAL THIS MO.    66    CLEAR  (SCALE 0-3)   8
DPTR FM NORMAL   -89    PTCLDY (SCALE 4-7)  13
TOTAL FM JUL 1   835    CLOUDY (SCALE 8-10)  5
DPTR FM NORMAL  -707

[CDD (BASE 65) ]
TOTAL THIS MO.   106
DPTR FM NORMAL    63    [PRESSURE DATA]
TOTAL FM JAN 1   237    HIGHEST SLP M ON M
DPTR FM NORMAL   166    LOWEST  SLP 29.83 ON 26

[REMARKS]
