000
CXUS54 KFWD 280730
CF6GYI
PRELIMINARY LOCAL CLIMATOLOGICAL DATA (WS FORM: F-6)

                                          STATION:   SHERMAN DENISON
                                          MONTH:     MARCH
                                          YEAR:      2017
                                          LATITUDE:   33 42 N
                                          LONGITUDE:  96 40 W

  TEMPERATURE IN F:       :PCPN:    SNOW:  WIND      :SUNSHINE: SKY     :PK WND
================================================================================
1   2   3   4   5  6A  6B    7    8   9   10  11  12  13   14  15   16   17  18
                                     12Z  AVG MX 2MIN
DY MAX MIN AVG DEP HDD CDD  WTR  SNW DPTH SPD SPD DIR MIN PSBL S-S WX    SPD DR
================================================================================

 1  72  43  58   8   7   0 0.00  0.0    0 13.6 27 330   M    M   0 1      35 330
 2  64  33  49  -1  16   0 0.00  0.0    0  1.6  8 140   M    M   0         M  M
 3  69  37  53   2  12   0 0.00  0.0    0  7.0 14 160   M    M   0        20 160
 4  60  45  53   2  12   0 0.00  0.0    0 13.3 21 160   M    M   7        24 170
 5  61  52  57   6   8   0 0.01  0.0    0 12.9 16 150   M    M  10 1      23 140
 6  81  61  71  20   0   6 0.00  0.0    0 22.3 39 190   M    M   7 1      47 190
 7  72  45  59   7   6   0 0.10  0.0    0 11.4 22  10   M    M   2 3      31  20
 8  74  45  60   8   5   0 0.00  0.0    0 10.9 20 190   M    M   0        25 190
 9  77  57  67  15   0   2 0.00  0.0    0 11.7 18 180   M    M   4        25 200
10  68  52  60   7   5   0 0.00  0.0    0  9.1 15  30   M    M   7        24  30
11  64  41  53   0  12   0 0.03  0.0    0 11.4 25 360   M    M   9        31 360
12  56  39  48  -5  17   0 0.00  0.0    0  7.7 14  30   M    M   9        17  30
13  57  38  48  -6  17   0 0.21  0.0    0 11.3 22 310   M    M   5 1      30 320
14  58  30  44 -10  21   0 0.00  0.0    0  4.4 12  40   M    M   0        17  40
15  59  36  48  -6  17   0 0.00  0.0    0  9.1 12 120   M    M   4        18  80
16  68  48  58   4   7   0 0.00  0.0    0 13.6 21 170   M    M   7 18     29 160
17  78  63  71  16   0   6 0.00  0.0    0 15.0 27 180   M    M   7        32 180
18  79  61  70  15   0   5 0.00  0.0    0  6.4 12 150   M    M   4 1       M  M
19  82  60  71  16   0   6 0.00  0.0    0 13.4 18 170   M    M   0 1      25 170
20  87  62  75  20   0  10 0.00  0.0    0 16.8 25 180   M    M   0        33 200
21  84  62  73  17   0   8 0.00  0.0    0 13.9 20 200   M    M   0        30 200
22  72  55  64   8   1   0 0.00  0.0    0  8.7 17 110   M    M   3 1      22 110
23  83  57  70  14   0   5 0.00  0.0    0 18.0 29 170   M    M   1        37 170
24  74  55  65   9   0   0 0.28  0.0    0 15.9 33 160   M    M   5 13     40 160
25  66  49  58   1   7   0 0.00  0.0    0 10.2 21 270   M    M   4        29 290
26  81  47  64   7   1   0 0.04  0.0    0 11.7 21 180   M    M   2 3      29 180
27  72  53  63   6   2   0 0.00  0.0    0  7.7 14 180   M    M   4         M  M
================================================================================
SM 1918 1326       173  48  0.67     0.0 309.0          M      101
================================================================================
AV 71.0 49.1                              11.4 FASTST   M    M   4    MAX(MPH)
                                 MISC ---->    39   M                 47    M
================================================================================
NOTES:
# LAST OF SEVERAL OCCURRENCES

COLUMN 17 PEAK WIND IN M.P.H.

PRELIMINARY LOCAL CLIMATOLOGICAL DATA (WS FORM: F-6) , PAGE 2

                                          STATION:  SHERMAN DENISON
                                          MONTH:    MARCH
                                          YEAR:     2017
                                          LATITUDE:   33 42 N
                                          LONGITUDE:  96 40 W

[TEMPERATURE DATA]      [PRECIPITATION DATA]       SYMBOLS USED IN COLUMN 16

AVERAGE MONTHLY: 60.1   TOTAL FOR MONTH:   0.67    1 = FOG OR MIST
DPTR FM NORMAL:   6.4   DPTR FM NORMAL:   -2.75    2 = FOG REDUCING VISIBILITY
HIGHEST:    87 ON 20    GRTST 24HR  0.28 ON 24-24      TO 1/4 MILE OR LESS
LOWEST:     30 ON 14                               3 = THUNDER
                        SNOW, ICE PELLETS, HAIL    4 = ICE PELLETS
                        TOTAL MONTH:   0.0 INCH    5 = HAIL
                        GRTST 24HR     0.0         6 = FREEZING RAIN OR DRIZZLE
                        GRTST DEPTH:   0           7 = DUSTSTORM OR SANDSTORM:
                                                       VSBY 1/2 MILE OR LESS
                                                   8 = SMOKE OR HAZE
[NO. OF DAYS WITH]      [WEATHER - DAYS WITH]      9 = BLOWING SNOW
                                                   X = TORNADO
MAX 32 OR BELOW:   0    0.01 INCH OR MORE:   6
MAX 90 OR ABOVE:   0    0.10 INCH OR MORE:   3
MIN 32 OR BELOW:   1    0.50 INCH OR MORE:   0
MIN  0 OR BELOW:   0    1.00 INCH OR MORE:   0

[HDD (BASE 65) ]
TOTAL THIS MO.   173    CLEAR  (SCALE 0-3)  11
DPTR FM NORMAL  -143    PTCLDY (SCALE 4-7)  13
TOTAL FM JUL 1  1700    CLOUDY (SCALE 8-10)  3
DPTR FM NORMAL  -979

[CDD (BASE 65) ]
TOTAL THIS MO.    48
DPTR FM NORMAL    40    [PRESSURE DATA]
TOTAL FM JAN 1    67    HIGHEST SLP M ON M
DPTR FM NORMAL    58    LOWEST  SLP M ON M

[REMARKS]
