000
CXUS54 KFWD 300730
CF6GYI
PRELIMINARY LOCAL CLIMATOLOGICAL DATA (WS FORM: F-6)

                                          STATION:   SHERMAN DENISON
                                          MONTH:     JANUARY
                                          YEAR:      2015
                                          LATITUDE:   33 42 N
                                          LONGITUDE:  96 40 W

  TEMPERATURE IN F:       :PCPN:    SNOW:  WIND      :SUNSHINE: SKY     :PK WND
================================================================================
1   2   3   4   5  6A  6B    7    8   9   10  11  12  13   14  15   16   17  18
                                     12Z  AVG MX 2MIN
DY MAX MIN AVG DEP HDD CDD  WTR  SNW DPTH SPD SPD DIR MIN PSBL S-S WX    SPD DR
================================================================================

 1  36  31  34  -8  31   0 0.55    M    0  3.3  6  60   M    M  10 1       M  M
 2  40  36  38  -4  27   0 0.59    M    0  5.5 10  50   M    M  10 13      M  M
 3  48  37  43   1  22   0 0.25    M    0  5.6 14 260   M    M   6 13      M  M
 4  38  23  31 -11  34   0 0.00  0.0    0 10.0 23 330   M    M   1        29 320
 5  45  20  33  -9  32   0 0.00  0.0    0  3.5 14 170   M    M   0        18 170
 6  55  29  42   0  23   0 0.00  0.0    0  4.4 13  10   M    M   0         M  M
 7  36  20  28 -14  37   0 0.00  0.0    0 16.7 31 360   M    M   1        40 360
 8  37  15  26 -16  39   0 0.00  0.0    0  5.3 20 190   M    M   0        24 200
 9  38  23  31 -11  34   0 0.00  0.0    0  7.0 22  10   M    M   0        29  10
10  39  25  32 -10  33   0 0.00  0.0    0  2.4 10 170   M    M   9        18 170
11  40  33  37  -5  28   0 0.10  0.0    0  3.6 12 120   M    M  10 1       M  M
12  40  34  37  -5  28   0 0.00  0.0    0 10.6 18 360   M    M  10 1      23  10
13  37  30  34  -8  31   0 0.00  0.0    0  7.3 13  20   M    M   9         M  M
14  40  29  35  -7  30   0 0.00  0.0    0  3.7  7 350   M    M   9         M  M
15  56  29  43   1  22   0 0.00  0.0    0  5.0 12 300   M    M   2         M  M
16  60  30  45   3  20   0 0.00  0.0    0  6.5 14 150   M    M   0        18 190
17  65  38  52  10  13   0 0.00  0.0    0 11.1 20 180   M    M   0        27 180
18  69  33  51   9  14   0 0.00  0.0    0  9.5 20 190   M    M   0        23 210
19  69  44  57  15   8   0 0.00  0.0    0  8.0 15 200   M    M   0         M  M
20  68  40  54  11  11   0 0.00  0.0    0  6.5 14  20   M    M   0        18  10
21  62  36  49   6  16   0 0.22  0.0    0  6.6 12  20   M    M   3        16  20
22  44  37  41  -2  24   0 0.70  0.0    0 11.7 18  20   M    M  10        23  20
23  49  35  42  -1  23   0 0.00  0.0    0  7.2 13 320   M    M   4        16 310
24  61  30  46   3  19   0 0.00  0.0    0  7.2 12 210   M    M   0         M  M
25  62  38  50   7  15   0 0.00  0.0    0 11.6 25 310   M    M   0        35 320
26  72  33  53  10  12   0 0.00  0.0    0  4.3 13 210   M    M   0         M  M
27  77  41  59  16   6   0 0.00  0.0    0  3.8 12 160   M    M   0         M  M
28  80  49  65  22   0   0 0.00  0.0    0 11.8 18 200   M    M   0        27 190
29  64  46  55  12  10   0 0.00  0.0    0 11.7 23 350   M    M   0        30 350
================================================================================
SM 1527  944       642   0  2.41     0.0 211.4          M       94
================================================================================
AV 52.7 32.6                               7.3 FASTST   M    M   3    MAX(MPH)
                                 MISC ---->    31   M                 40    M
================================================================================
NOTES:
# LAST OF SEVERAL OCCURRENCES

COLUMN 17 PEAK WIND IN M.P.H.

PRELIMINARY LOCAL CLIMATOLOGICAL DATA (WS FORM: F-6) , PAGE 2

                                          STATION:  SHERMAN DENISON
                                          MONTH:    JANUARY
                                          YEAR:     2015
                                          LATITUDE:   33 42 N
                                          LONGITUDE:  96 40 W

[TEMPERATURE DATA]      [PRECIPITATION DATA]       SYMBOLS USED IN COLUMN 16

AVERAGE MONTHLY: 42.6   TOTAL FOR MONTH:   2.41    1 = FOG OR MIST
DPTR FM NORMAL:   0.3   DPTR FM NORMAL:    0.12    2 = FOG REDUCING VISIBILITY
HIGHEST:    80 ON 28    GRTST 24HR  0.70 ON 22-22      TO 1/4 MILE OR LESS
LOWEST:     15 ON  8                               3 = THUNDER
                        SNOW, ICE PELLETS, HAIL    4 = ICE PELLETS
                        TOTAL MONTH:   0.0 INCH    5 = HAIL
                        GRTST 24HR     0.0         6 = FREEZING RAIN OR DRIZZLE
                        GRTST DEPTH:   0           7 = DUSTSTORM OR SANDSTORM:
                                                       VSBY 1/2 MILE OR LESS
                                                   8 = SMOKE OR HAZE
[NO. OF DAYS WITH]      [WEATHER - DAYS WITH]      9 = BLOWING SNOW
                                                   X = TORNADO
MAX 32 OR BELOW:   0    0.01 INCH OR MORE:   6
MAX 90 OR ABOVE:   0    0.10 INCH OR MORE:   6
MIN 32 OR BELOW:  13    0.50 INCH OR MORE:   3
MIN  0 OR BELOW:   0    1.00 INCH OR MORE:   0

[HDD (BASE 65) ]
TOTAL THIS MO.   642    CLEAR  (SCALE 0-3)  18
DPTR FM NORMAL   -14    PTCLDY (SCALE 4-7)   3
TOTAL FM JUL 1  1638    CLOUDY (SCALE 8-10)  8
DPTR FM NORMAL  -161

[CDD (BASE 65) ]
TOTAL THIS MO.     0
DPTR FM NORMAL     0    [PRESSURE DATA]
TOTAL FM JAN 1     0    HIGHEST SLP M ON M
DPTR FM NORMAL     0    LOWEST  SLP M ON M

[REMARKS]
