000
CXUS52 KILM 011000
CF6ILM
PRELIMINARY LOCAL CLIMATOLOGICAL DATA (WS FORM: F-6)

                                          STATION:   WILMINGTON NC
                                          MONTH:     AUGUST
                                          YEAR:      2015
                                          LATITUDE:   34 16 N
                                          LONGITUDE:  77 55 W

  TEMPERATURE IN F:       :PCPN:    SNOW:  WIND      :SUNSHINE: SKY     :PK WND
================================================================================
1   2   3   4   5  6A  6B    7    8   9   10  11  12  13   14  15   16   17  18
                                     12Z  AVG MX 2MIN
DY MAX MIN AVG DEP HDD CDD  WTR  SNW DPTH SPD SPD DIR MIN PSBL S-S WX    SPD DR
================================================================================

 1  93  74  84   3   0  19    T  0.0    0  4.6 15  30   M    M   4 1      21 130
 2  92  74  83   2   0  18 0.00  0.0    0  5.7 16 210   M    M   4 3      21 180
 3  86  72  79  -2   0  14 1.60  0.0    0  5.9 23 280   M    M   6 138    27 280
 4  84  77  81   0   0  16 0.12  0.0    0  7.1 18 170   M    M   5 1      28 150
 5  96  77  87   6   0  22 0.01  0.0    0  8.2 16 270   M    M   1 13     18 260
 6  93  73  83   3   0  18 0.99  0.0    0  7.5 28 240   M    M   3 13     43 230
 7  84  73  79  -1   0  14 1.43  0.0    0  7.3 18 230   M    M   6 13     24 270
 8  85  72  79  -1   0  14    T  0.0    0  9.7 18  10   M    M   8        25  10
 9  88  67  78  -2   0  13 0.00  0.0    0  6.7 16  40   M    M   0        24  50
10  86  68  77  -3   0  12 0.00  0.0    0   M   9  80   0    0   M         M  M
11  85  74  80   0   0  15 0.64    M    0  9.3 22 220   M    M   4 13     27 230
12  87  71  79  -1   0  14 0.01  0.0    0  3.4 10 100   M    M   5 38     14 100
13  87  68  78  -2   0  13 0.00  0.0    0  5.6 13 100   M    M   1 1      17  60
14  87  67  77  -3   0  12 0.00  0.0    0  6.4 15 100   M    M   1        20  90
15  88  66  77  -3   0  12 0.00  0.0    0  4.4 13 100   M    M   0        18 140
16  87  67  77  -3   0  12 0.00  0.0    0  3.5 10 160   M    M   0        13 130
17  89  69  79  -1   0  14 0.00  0.0    0  4.1 12 170   M    M   0        14 130
18  84  72  78  -2   0  13 0.04  0.0    0  2.3 13 190   M    M   2        15 200
19  89  72  81   1   0  16 0.88  0.0    0  4.7 20 180   M    M   3 13     23 180
20  92  76  84   4   0  19 0.00  0.0    0  5.8 14 240   M    M   2 1      19 240
21  91  75  83   4   0  18 1.06  0.0    0  4.9 16 280   M    M   3 13     19 160
22  88  69  79   0   0  14 0.00  0.0    0  6.5 15  40   M    M   1 1      19  40
23  88  66  77  -2   0  12 0.00  0.0    0  4.0 13 350   M    M   0 1      16 340
24  89  69  79   0   0  14 0.00  0.0    0  3.9 12 160   M    M   1        16 160
25  88  72  80   1   0  15 0.63  0.0    0  3.5 23 310   M    M   3 13     26 320
26  87  72  80   1   0  15 0.06  0.0    0  4.1 26 300   M    M   3 13     32 300
27  81  70  76  -3   0  11 0.06  0.0    0  8.4 15  30   M    M   7 13     18  30
28  86  68  77  -2   0  12 0.00  0.0    0  8.6 16  50   M    M   3        21  40
29  87  66  77  -1   0  12 0.00  0.0    0  6.3 13  30   M    M   2 8      17  30
30  85  69  77  -1   0  12 0.07  0.0    0  2.5 12 100   M    M   3 1      18  70
31  81  73  77  -1   0  12 1.35  0.0    0  4.3 13  70   M    M   8 1      15  70
================================================================================
SM 2713 2198         0 447  8.95     0.0 169.2            0     89
================================================================================
AV 87.5 70.9                               5.6 FASTST    0   0   3    MAX(MPH)
                                 MISC ---->  # 28 240               # 43  230
================================================================================
NOTES:
# LAST OF SEVERAL OCCURRENCES

COLUMN 17 PEAK WIND IN M.P.H.

PRELIMINARY LOCAL CLIMATOLOGICAL DATA (WS FORM: F-6) , PAGE 2

                                          STATION:  WILMINGTON NC
                                          MONTH:    AUGUST
                                          YEAR:     2015
                                          LATITUDE:   34 16 N
                                          LONGITUDE:  77 55 W

[TEMPERATURE DATA]      [PRECIPITATION DATA]       SYMBOLS USED IN COLUMN 16

AVERAGE MONTHLY: 79.2   TOTAL FOR MONTH:   8.95    1 = FOG OR MIST
DPTR FM NORMAL:  -0.5   DPTR FM NORMAL:    1.54    2 = FOG REDUCING VISIBILITY
HIGHEST:    96 ON  5    GRTST 24HR  2.42 ON  6- 7      TO 1/4 MILE OR LESS
LOWEST:     66 ON 29,23                            3 = THUNDER
                        SNOW, ICE PELLETS, HAIL    4 = ICE PELLETS
                        TOTAL MONTH:   0.0 INCH    5 = HAIL
                        GRTST 24HR     0.0         6 = FREEZING RAIN OR DRIZZLE
                        GRTST DEPTH:   0           7 = DUSTSTORM OR SANDSTORM:
                                                       VSBY 1/2 MILE OR LESS
                                                   8 = SMOKE OR HAZE
[NO. OF DAYS WITH]      [WEATHER - DAYS WITH]      9 = BLOWING SNOW
                                                   X = TORNADO
MAX 32 OR BELOW:   0    0.01 INCH OR MORE:  15
MAX 90 OR ABOVE:   6    0.10 INCH OR MORE:   9
MIN 32 OR BELOW:   0    0.50 INCH OR MORE:   8
MIN  0 OR BELOW:   0    1.00 INCH OR MORE:   4

[HDD (BASE 65) ]
TOTAL THIS MO.     0    CLEAR  (SCALE 0-3)  19
DPTR FM NORMAL     0    PTCLDY (SCALE 4-7)  11
TOTAL FM JUL 1     0    CLOUDY (SCALE 8-10)  0
DPTR FM NORMAL     0

[CDD (BASE 65) ]
TOTAL THIS MO.   447
DPTR FM NORMAL    -9    [PRESSURE DATA]
TOTAL FM JAN 1  1785    HIGHEST SLP 30.19 ON 30
DPTR FM NORMAL   162    LOWEST  SLP 29.71 ON  7

[REMARKS]
#FINAL-08-15#
