000
CXUS52 KILM 211000
CF6ILM
PRELIMINARY LOCAL CLIMATOLOGICAL DATA (WS FORM: F-6)

                                          STATION:   WILMINGTON NC
                                          MONTH:     SEPTEMBER
                                          YEAR:      2014
                                          LATITUDE:   34 16 N
                                          LONGITUDE:  77 55 W

  TEMPERATURE IN F:       :PCPN:    SNOW:  WIND      :SUNSHINE: SKY     :PK WND
================================================================================
1   2   3   4   5  6A  6B    7    8   9   10  11  12  13   14  15   16   17  18
                                     12Z  AVG MX 2MIN
DY MAX MIN AVG DEP HDD CDD  WTR  SNW DPTH SPD SPD DIR MIN PSBL S-S WX    SPD DR
================================================================================

 1  91  73  82   4   0  17    T  0.0    0  5.6 15 220   M    M   1 3      19 190
 2  92  76  84   6   0  19 0.00  0.0    0  7.1 17 180   M    M   1        22 180
 3  91  76  84   6   0  19 0.00  0.0    0  7.4 15 190   M    M   1        20 160
 4  89  73  81   3   0  16 0.00  0.0    0  4.3 15 160   M    M   1        20 180
 5  89  73  81   4   0  16    T  0.0    0  3.7 14 260   M    M   1 3      17 170
 6  85  72  79   2   0  14 0.33  0.0    0  5.0 16 190   M    M   3 1      21 200
 7  86  72  79   2   0  14 1.08  0.0    0  3.9 18 240   M    M   4 13     23 240
 8  80  72  76  -1   0  11 1.06  0.0    0  4.8 20 270   M    M   3 13     22 270
 9  77  72  75  -1   0  10 0.00  0.0    0  8.1 15 310   M    M  10        18 300
10  84  70  77   1   0  12 0.00  0.0    0  3.4 10 330   M    M   7        13 320
11  88  68  78   2   0  13 0.00  0.0    0  4.6 13 230   M    M   1 1      16 250
12  92  73  83   7   0  18 2.55  0.0    0  5.8 17 160   M    M   4 13     25 150
13  86  72  79   3   0  14 0.05  0.0    0  3.2 17 210   M    M   5 123    22 220
14  75  67  71  -4   0   6    T  0.0    0  8.6 16  30   M    M  10 1      19  30
15  78  68  73  -2   0   8 0.00  0.0    0  4.9 12  30   M    M   9        13  40
16  84  70  77   2   0  12    T  0.0    0  3.9 12 130   M    M   6        14 130
17  83  64  74   0   0   9 0.16  0.0    0  6.6 28 330   M    M   3 1      34 330
18  81  65  73  -1   0   8    T  0.0    0  7.5 16 100   M    M   3        20  90
19  80  63  72  -2   0   7 0.00  0.0    0 11.7 22  60   M    M   1        29  50
20  77  65  71  -3   0   6 0.06  0.0    0 12.3 18  20   M    M   5        24  30
================================================================================
SM 1688 1404         0 249  5.29     0.0 122.4          M       79
================================================================================
AV 84.4 70.2                               6.1 FASTST   M    M   4    MAX(MPH)
                                 MISC ---->  # 28 330               # 34  330
================================================================================
NOTES:
# LAST OF SEVERAL OCCURRENCES

COLUMN 17 PEAK WIND IN M.P.H.

PRELIMINARY LOCAL CLIMATOLOGICAL DATA (WS FORM: F-6) , PAGE 2

                                          STATION:  WILMINGTON NC
                                          MONTH:    SEPTEMBER
                                          YEAR:     2014
                                          LATITUDE:   34 16 N
                                          LONGITUDE:  77 55 W

[TEMPERATURE DATA]      [PRECIPITATION DATA]       SYMBOLS USED IN COLUMN 16

AVERAGE MONTHLY: 77.3   TOTAL FOR MONTH:   5.29    1 = FOG OR MIST
DPTR FM NORMAL:   1.2   DPTR FM NORMAL:   -0.12    2 = FOG REDUCING VISIBILITY
HIGHEST:    92 ON 12, 2 GRTST 24HR  2.55 ON 11-12      TO 1/4 MILE OR LESS
LOWEST:     63 ON 19                               3 = THUNDER
                        SNOW, ICE PELLETS, HAIL    4 = ICE PELLETS
                        TOTAL MONTH:   0.0 INCH    5 = HAIL
                        GRTST 24HR     0.0         6 = FREEZING RAIN OR DRIZZLE
                        GRTST DEPTH:   0           7 = DUSTSTORM OR SANDSTORM:
                                                       VSBY 1/2 MILE OR LESS
                                                   8 = SMOKE OR HAZE
[NO. OF DAYS WITH]      [WEATHER - DAYS WITH]      9 = BLOWING SNOW
                                                   X = TORNADO
MAX 32 OR BELOW:   0    0.01 INCH OR MORE:   7
MAX 90 OR ABOVE:   4    0.10 INCH OR MORE:   5
MIN 32 OR BELOW:   0    0.50 INCH OR MORE:   3
MIN  0 OR BELOW:   0    1.00 INCH OR MORE:   3

[HDD (BASE 65) ]
TOTAL THIS MO.     0    CLEAR  (SCALE 0-3)  11
DPTR FM NORMAL     0    PTCLDY (SCALE 4-7)   6
TOTAL FM JUL 1     0    CLOUDY (SCALE 8-10)  3
DPTR FM NORMAL     0

[CDD (BASE 65) ]
TOTAL THIS MO.   249
DPTR FM NORMAL    26    [PRESSURE DATA]
TOTAL FM JAN 1  2006    HIGHEST SLP M ON M
DPTR FM NORMAL   160    LOWEST  SLP 29.84 ON 20

[REMARKS]
