000
CXUS54 KEPZ 291200
CF6LRU
PRELIMINARY LOCAL CLIMATOLOGICAL DATA (WS FORM: F-6)

                                          STATION:   LAS CRUCES
                                          MONTH:     JUNE
                                          YEAR:      2015
                                          LATITUDE:   32 17 N
                                          LONGITUDE: 106 46 W

  TEMPERATURE IN F:       :PCPN:    SNOW:  WIND      :SUNSHINE: SKY     :PK WND
================================================================================
1   2   3   4   5  6A  6B    7    8   9   10  11  12  13   14  15   16   17  18
                                     12Z  AVG MX 2MIN
DY MAX MIN AVG DEP HDD CDD  WTR  SNW DPTH SPD SPD DIR MIN PSBL S-S WX    SPD DR
================================================================================

 1  96  57  77   M   0  12 0.00  0.0    0  3.9 24 330   M    M   1        35 330
 2  95  56  76   M   0  11 0.00  0.0    0  7.5 16 270   M    M   0        27 250
 3  95  63  79   M   0  14 0.00  0.0    0 10.9 17 220   M    M   0        23 280
 4  94  60  77   M   0  12 0.00  0.0    0  6.8 14 230   M    M   0        27 210
 5  92  71  82   M   0  17 0.00  0.0    0  6.6 12 220   M    M   1        17 240
 6  95  64  80   M   0  15 0.00  0.0    0  6.9 15 240   M    M   3        33 180
 7  90  66  78   M   0  13 0.00  0.0    0  5.3 10 220   M    M   2         M  M
 8  93  69  81   M   0  16 0.00  0.0    0  8.0 21 110   M    M   2        27 110
 9  91  66  79   M   0  14 0.00  0.0    0  6.3 13 140   M    M   6        17 140
10  96  65  81   M   0  16    M    M    M  7.6 17 280   M    M   2        25 230
11  94  66  80   M   0  15 0.00  0.0    0 10.2 20 270   M    M   0        29 260
12  94  64  79   M   0  14 0.00  0.0    0  7.3 16 260   M    M   0        22 250
13  96  64  80   M   0  15 0.00  0.0    0  6.5 20 240   M    M   0        28 240
14  95  61  78   M   0  13 0.00  0.0    0  5.6 13 180   M    M   1        18 180
15  96  68  82   M   0  17 0.00  0.0    0  6.3 18  30   M    M   1 3      23  30
16  91  68  80   M   0  15 0.00  0.0    0  4.4 10 110   M    M   1 3       M  M
17  97  64  81   M   0  16 0.00  0.0    0  6.1 18 330   M    M   1 3      24 330
18 100  72  86   M   0  21 0.00  0.0    0  6.8 17 120   M    M   0        22 120
19  97  71  84   M   0  19 0.00  0.0    0  8.6 15 120   M    M   0        20 130
20 102  68  85   M   0  20 0.00  0.0    0  5.3 16 130   M    M   0        22 130
21 103  73  88   M   0  23 0.00  0.0    0  6.2 15 120   M    M   0        24 100
22 102  72  87   M   0  22 0.00  0.0    0  6.8 10 140   M    M   0         M  M
23  92  70  81   M   0  16 0.00  0.0    0 13.3 18 100   M    M   0        27 120
24  91  67  79   M   0  14 0.00  0.0    0  8.3 16 120   M    M   1 3      22 120
25  94  68  81   M   0  16 0.00  0.0    0  6.0 14 220   M    M   1        20 240
26  96  67  82   M   0  17 0.00  0.0    0  4.6 15 140   M    M   1        21 140
27  89  71  80   M   0  15 0.00  0.0    0  5.9 16 360   M    M   1 3      24 100
28  93  69  81   M   0  16 0.00  0.0    0  6.3  9  70   M    M   0         M  M
================================================================================
SM 2659 1860         0 444  0.00     0.0 194.3          M       25
================================================================================
AV 95.0 66.4                               6.9 FASTST   M    M   1    MAX(MPH)
                                 MISC ---->    24   M               # 35  330
================================================================================
NOTES:
# LAST OF SEVERAL OCCURRENCES

COLUMN 17 PEAK WIND IN M.P.H.

PRELIMINARY LOCAL CLIMATOLOGICAL DATA (WS FORM: F-6) , PAGE 2

                                          STATION:  LAS CRUCES
                                          MONTH:    JUNE
                                          YEAR:     2015
                                          LATITUDE:   32 17 N
                                          LONGITUDE: 106 46 W

[TEMPERATURE DATA]      [PRECIPITATION DATA]       SYMBOLS USED IN COLUMN 16

AVERAGE MONTHLY: 80.7   TOTAL FOR MONTH:   0.00    1 = FOG OR MIST
DPTR FM NORMAL:     M   DPTR FM NORMAL:       M    2 = FOG REDUCING VISIBILITY
HIGHEST:   103 ON 21    GRTST 24HR  0.00 ON 28-28      TO 1/4 MILE OR LESS
LOWEST:     56 ON  2                               3 = THUNDER
                        SNOW, ICE PELLETS, HAIL    4 = ICE PELLETS
                        TOTAL MONTH:   0.0 INCH    5 = HAIL
                        GRTST 24HR     0.0         6 = FREEZING RAIN OR DRIZZLE
                        GRTST DEPTH:   0           7 = DUSTSTORM OR SANDSTORM:
                                                       VSBY 1/2 MILE OR LESS
                                                   8 = SMOKE OR HAZE
[NO. OF DAYS WITH]      [WEATHER - DAYS WITH]      9 = BLOWING SNOW
                                                   X = TORNADO
MAX 32 OR BELOW:   0    0.01 INCH OR MORE:   0
MAX 90 OR ABOVE:  27    0.10 INCH OR MORE:   0
MIN 32 OR BELOW:   0    0.50 INCH OR MORE:   0
MIN  0 OR BELOW:   0    1.00 INCH OR MORE:   0

[HDD (BASE 65) ]
TOTAL THIS MO.     0    CLEAR  (SCALE 0-3)  27
DPTR FM NORMAL     M    PTCLDY (SCALE 4-7)   1
TOTAL FM JUL 1  2658    CLOUDY (SCALE 8-10)  0
DPTR FM NORMAL     M

[CDD (BASE 65) ]
TOTAL THIS MO.   444
DPTR FM NORMAL     M    [PRESSURE DATA]
TOTAL FM JAN 1   554    HIGHEST SLP M ON M
DPTR FM NORMAL     M    LOWEST  SLP M ON M

[REMARKS]
