000
CXUS53 KDMX 230920
CF6LWD
PRELIMINARY LOCAL CLIMATOLOGICAL DATA (WS FORM: F-6)

                                          STATION:   LAMONI IA
                                          MONTH:     MAY
                                          YEAR:      2015
                                          LATITUDE:   40 37 N
                                          LONGITUDE:  93 56 W

  TEMPERATURE IN F:       :PCPN:    SNOW:  WIND      :SUNSHINE: SKY     :PK WND
================================================================================
1   2   3   4   5  6A  6B    7    8   9   10  11  12  13   14  15   16   17  18
                                     12Z  AVG MX 2MIN
DY MAX MIN AVG DEP HDD CDD  WTR  SNW DPTH SPD SPD DIR MIN PSBL S-S WX    SPD DR
================================================================================

 1  72  47  60   4   5   0    T  0.0    M  6.6 14 190   M    M   4        17 190
 2  65  54  60   3   5   0 0.16  0.0    0 11.0 30 230   M    M   4 1      37 220
 3  83  57  70  13   0   5 0.05  0.0    0 14.1 32 210   M    M   1 3      39 210
 4  75  62  69  12   0   4 0.53  0.0    0  8.6 30 210   M    M   6 13     38 210
 5  79  59  69  11   0   4    T  0.0    0  7.3 15 200   M    M   4 12     21 200
 6  74  65  70  12   0   5    T  0.0    0 13.3 24 180   M    M   4        34 170
 7  78  64  71  13   0   6 0.02  0.0    0 13.9 29 210   M    M   4        35 210
 8  69  54  62   3   3   0 0.00  0.0    0  5.9 14 350   M    M   6        17  30
 9  75  52  64   5   1   0 0.00  0.0    0  7.5 14 100   M    M   5 18     20 100
10  74  56  65   6   0   0 0.25  0.0    0 10.1 24 270   M    M   7 13     30 280
11  56  45  51  -9  14   0 0.00  0.0    0 16.4 28 260   M    M   7        36 260
12  69  43  56  -4   9   0 0.00  0.0    0  9.7 21 330   M    M   0        28 320
13  71  47  59  -1   6   0 0.00  0.0    M  8.8 18 150   M    M   2        24 140
14  65  55  60   0   5   0 0.46  0.0    0 10.7 21 150   M    M  10 12     28 130
15  75  54  65   4   0   0 0.21  0.0    M  5.6 17 180   M    M   5 123    25 190
16  79  65  72  11   0   7 0.39  0.0    0 11.0 22 150   M    M   6 13     30 150
17  79  62  71   9   0   6 1.01  0.0    M 17.4 38 260   M    M   4 13     48 290
18  63  43  53  -9  12   0 0.00  0.0    0 14.1 26 320   M    M   1        34 310
19  59  39  49 -13  16   0 0.00  0.0    0  8.2 17  50   M    M   5        23  50
20  53  47  50 -12  15   0 0.63    M    0  7.5 17  60   M    M  10 18     23  50
21  73  43  58  -5   7   0 0.00  0.0    0 10.2 18 290   M    M   2 1      22 300
22  71  50  61  -2   4   0    T  0.0    0  6.5 14 220   M    M   2        17 210
================================================================================
SM 1557 1163       102  37  3.71     0.0 224.4          M       99
================================================================================
AV 70.8 52.9                              10.2 FASTST   M    M   5    MAX(MPH)
                                 MISC ---->  # 38 260               # 48  290
================================================================================
NOTES:
# LAST OF SEVERAL OCCURRENCES

COLUMN 17 PEAK WIND IN M.P.H.

PRELIMINARY LOCAL CLIMATOLOGICAL DATA (WS FORM: F-6) , PAGE 2

                                          STATION:  LAMONI IA
                                          MONTH:    MAY
                                          YEAR:     2015
                                          LATITUDE:   40 37 N
                                          LONGITUDE:  93 56 W

[TEMPERATURE DATA]      [PRECIPITATION DATA]       SYMBOLS USED IN COLUMN 16

AVERAGE MONTHLY: 61.8   TOTAL FOR MONTH:   3.71    1 = FOG OR MIST
DPTR FM NORMAL:   2.1   DPTR FM NORMAL:    0.02    2 = FOG REDUCING VISIBILITY
HIGHEST:    83 ON  3    GRTST 24HR  1.40 ON 16-17      TO 1/4 MILE OR LESS
LOWEST:     39 ON 19                               3 = THUNDER
                        SNOW, ICE PELLETS, HAIL    4 = ICE PELLETS
                        TOTAL MONTH:   0.0 INCH    5 = HAIL
                        GRTST 24HR     0.0         6 = FREEZING RAIN OR DRIZZLE
                        GRTST DEPTH:   0           7 = DUSTSTORM OR SANDSTORM:
                                                       VSBY 1/2 MILE OR LESS
                                                   8 = SMOKE OR HAZE
[NO. OF DAYS WITH]      [WEATHER - DAYS WITH]      9 = BLOWING SNOW
                                                   X = TORNADO
MAX 32 OR BELOW:   0    0.01 INCH OR MORE:  10
MAX 90 OR ABOVE:   0    0.10 INCH OR MORE:   8
MIN 32 OR BELOW:   0    0.50 INCH OR MORE:   3
MIN  0 OR BELOW:   0    1.00 INCH OR MORE:   1

[HDD (BASE 65) ]
TOTAL THIS MO.   102    CLEAR  (SCALE 0-3)   6
DPTR FM NORMAL   -38    PTCLDY (SCALE 4-7)  14
TOTAL FM JUL 1  5895    CLOUDY (SCALE 8-10)  2
DPTR FM NORMAL  -140

[CDD (BASE 65) ]
TOTAL THIS MO.    37
DPTR FM NORMAL    13    [PRESSURE DATA]
TOTAL FM JAN 1    39    HIGHEST SLP M ON M
DPTR FM NORMAL     8    LOWEST  SLP 29.62 ON 17

[REMARKS]
