000
CXUS51 KPBZ 270804
CF6MGW
PRELIMINARY LOCAL CLIMATOLOGICAL DATA (WS FORM: F-6)

                                          STATION:   MORGANTOWN WV
                                          MONTH:     AUGUST
                                          YEAR:      2016
                                          LATITUDE:   39 39 N
                                          LONGITUDE:  79 55 W

  TEMPERATURE IN F:       :PCPN:    SNOW:  WIND      :SUNSHINE: SKY     :PK WND
================================================================================
1   2   3   4   5  6A  6B    7    8   9   10  11  12  13   14  15   16   17  18
                                     12Z  AVG MX 2MIN
DY MAX MIN AVG DEP HDD CDD  WTR  SNW DPTH SPD SPD DIR MIN PSBL S-S WX    SPD DR
================================================================================

 1  83  67  75   2   0  10    T    M    M  1.6 10 210   M    M   3 1      15 220
 2  88  67  78   5   0  13 0.00    M    M  3.0 10  10   M    M   4 128    14  20
 3  84  71  78   5   0  13 0.00    M    M  4.7 13 120   M    M   8        16 120
 4  84  70  77   4   0  12 0.00    M    M  4.7 12 160   M    M   7        16 150
 5  83  67  75   2   0  10 0.04    M    M  3.5 10 190   M    M   4 8      15 210
 6  86  65  76   3   0  11 0.14    M    M  4.0 13 330   M    M   5 18     20 350
 7  84  59  72  -1   0   7 0.00    M    M  2.5 10 350   M    M   1 1      15 340
 8  85  63  74   1   0   9 0.00    M    M  4.9 12 360   M    M   3        16 120
 9  89  69  79   6   0  14 0.00    M    M  4.7 15 150   M    M   2        18 140
10  91  72  82   9   0  17 0.00    M    M  4.1 10 180   M    M   2 3      16 190
11  92  74  83  11   0  18 0.00    M    M  3.7 10 230   M    M   3        15 210
12  89  73  81   9   0  16 1.24    M    M  4.0 10 170   M    M   5 13     17 170
13  93  73  83  11   0  18 0.00    M    M  5.8 14 230   M    M   4 3      20 210
14  87  69  78   6   0  13 0.35    M    M  5.1 17 310   M    M   6 123    26 330
15  85  68  77   5   0  12    T    M    M  2.4 15 340   M    M   4 123    22 350
16  88  72  80   8   0  15 0.89    M    M  6.1 20 270   M    M   4 138    33 270
17  83  70  77   5   0  12 0.53    M    M  4.3  9 210   M    M   9 1      13 190
18  85  70  78   6   0  13 0.01    M    M  3.5  9 300   M    M   7 1      14 280
19  85  66  76   4   0  11 0.00    M    M  1.7  9 230   M    M   2 12     15 220
20  88  69  79   7   0  14 0.01    M    M  3.2 17 220   M    M   4 13     23 210
21  79  61  70  -2   0   5 0.16    M    M  4.1 12 280   M    M   6 1      19 280
22  80  58  69  -3   0   4 0.00    M    M  2.1 10 360   M    M   4        14  20
23  83  58  71  -1   0   6 0.00    M    M  1.7  9 200   M    M   2        13 190
24  86  61  74   2   0   9 0.00    M    M  3.5 12 230   M    M   0        16 160
25  87  72  80   9   0  15 0.19    M    M  5.2 10 230   M    M   5 1      15 190
26  89  72  81  10   0  16 0.00    M    M  3.1 10 350   M    M   4 1      13 340
================================================================================
SM 2236 1756         0 313  3.56    M     97.2          M      108
================================================================================
AV 86.0 67.5                               3.7 FASTST   M    M   4    MAX(MPH)
                                 MISC ---->  # 20 270               # 33  270
================================================================================
NOTES:
# LAST OF SEVERAL OCCURRENCES

COLUMN 17 PEAK WIND IN M.P.H.

PRELIMINARY LOCAL CLIMATOLOGICAL DATA (WS FORM: F-6) , PAGE 2

                                          STATION:  MORGANTOWN WV
                                          MONTH:    AUGUST
                                          YEAR:     2016
                                          LATITUDE:   39 39 N
                                          LONGITUDE:  79 55 W

[TEMPERATURE DATA]      [PRECIPITATION DATA]       SYMBOLS USED IN COLUMN 16

AVERAGE MONTHLY: 76.8   TOTAL FOR MONTH:   3.56    1 = FOG OR MIST
DPTR FM NORMAL:   4.5   DPTR FM NORMAL:    0.55    2 = FOG REDUCING VISIBILITY
HIGHEST:    93 ON 13    GRTST 24HR  1.24 ON 12-12      TO 1/4 MILE OR LESS
LOWEST:     58 ON 23,22                            3 = THUNDER
                        SNOW, ICE PELLETS, HAIL    4 = ICE PELLETS
                        TOTAL MONTH:    M          5 = HAIL
                        GRTST 24HR    M  ON   M    6 = FREEZING RAIN OR DRIZZLE
                        GRTST DEPTH:  M  ON   M    7 = DUSTSTORM OR SANDSTORM:
                                                       VSBY 1/2 MILE OR LESS
                                                   8 = SMOKE OR HAZE
[NO. OF DAYS WITH]      [WEATHER - DAYS WITH]      9 = BLOWING SNOW
                                                   X = TORNADO
MAX 32 OR BELOW:   0    0.01 INCH OR MORE:  10
MAX 90 OR ABOVE:   3    0.10 INCH OR MORE:   7
MIN 32 OR BELOW:   0    0.50 INCH OR MORE:   3
MIN  0 OR BELOW:   0    1.00 INCH OR MORE:   1

[HDD (BASE 65) ]
TOTAL THIS MO.     0    CLEAR  (SCALE 0-3)   7
DPTR FM NORMAL     0    PTCLDY (SCALE 4-7)  18
TOTAL FM JUL 1     0    CLOUDY (SCALE 8-10)  1
DPTR FM NORMAL    -3

[CDD (BASE 65) ]
TOTAL THIS MO.   313
DPTR FM NORMAL   117    [PRESSURE DATA]
TOTAL FM JAN 1   952    HIGHEST SLP M ON M
DPTR FM NORMAL   272    LOWEST  SLP 29.73 ON 21

[REMARKS]
