000
CXUS51 KPBZ 290804
CF6MGW
PRELIMINARY LOCAL CLIMATOLOGICAL DATA (WS FORM: F-6)

                                          STATION:   MORGANTOWN WV
                                          MONTH:     MARCH
                                          YEAR:      2017
                                          LATITUDE:   39 39 N
                                          LONGITUDE:  79 55 W

  TEMPERATURE IN F:       :PCPN:    SNOW:  WIND      :SUNSHINE: SKY     :PK WND
================================================================================
1   2   3   4   5  6A  6B    7    8   9   10  11  12  13   14  15   16   17  18
                                     12Z  AVG MX 2MIN
DY MAX MIN AVG DEP HDD CDD  WTR  SNW DPTH SPD SPD DIR MIN PSBL S-S WX    SPD DR
================================================================================

 1  63  43  53  16  12   0 1.45    M    M 10.1 22 280   M    M   8 13     36 300
 2  43  29  36  -2  29   0 0.02    M    0  9.1 25 280   M    M   9        37 270
 3  32  21  27 -11  38   0 0.05    M    0  5.9 17 280   M    M   7 18     28 300
 4  37  17  27 -11  38   0 0.00  0.0    0  3.4 13 280   M    M   0        19 290
 5  54  19  37  -1  28   0 0.00    M    M  2.7 15 160   M    M   0        17 160
 6  58  40  49  10  16   0 0.13    M    0  5.1 20 220   M    M   8        25 220
 7   M   M   M   M   M   M 0.45    M    0  7.7 13 220   M    M   9 1      33 230
 8  58  40  49  10  16   0 0.10    M    0 10.7 23 230   M    M   2 1      37 230
 9  64  39  52  12  13   0 0.00  0.0    0  7.2 21  10   M    M   2        28  10
10  45  24  35  -5  30   0 0.57    M    0  6.9 17  10   M    M  10 128    27 300
11  29  18  24 -16  41   0 0.01    M    0  5.2 13 290   M    M   5 8      19 280
12  36  17  27 -14  38   0 0.00  0.0    0  4.2 14 350   M    M   3        19 340
13  50  22  36  -5  29   0 0.00    M    M  7.3 18 130   M    M   2        24 130
14  38  16  27 -14  38   0 0.10    M    M  7.1 15 290   M    M  10 18     25 300
15  30  15  23 -19  42   0    T    M    0 10.2 21 290   M    M   8 8      33 280
16  38  23  31 -11  34   0    T    M    0  7.1 15 280   M    M   7 8      25 290
17  42  21  32 -10  33   0 0.06    M    0  3.7 16 150   M    M   5 18     23 160
18  45  36  41  -2  24   0 0.18    M    M  3.9 10 310   M    M  10 1      18 280
19  41  35  38  -5  27   0 0.01    M    M  3.1  8 290   M    M  10        12 280
20  52  34  43   0  22   0 0.00  0.0    0  2.5 10 280   M    M   7        16 280
21  59  44  52   8  13   0 0.00  0.0    0  3.7 12 290   M    M   9 18     17 320
22  50  27  39  -5  26   0 0.00  0.0    0  9.9 25 350   M    M   3        34 350
23  56  20  38  -6  27   0 0.00  0.0    0  4.3 13 150   M    M   0        16 150
24  74  41  58  13   7   0 0.06    M    0  6.8 16 220   M    M   3        24 200
25  73  60  67  22   0   2 0.00  0.0    0  4.0  9 320   M    M   3        14 260
26  69  54  62  16   3   0 0.85  0.0    0  9.2 17 140   M    M   6 1      26 210
27  71  56  64  18   1   0 0.03  0.0    0  4.9 13 210   M    M   7 1      19 230
28  65  50  58  12   7   0 0.18  0.0    0  5.0 13 350   M    M  10 18     19 320
================================================================================
SM 1372  861       632   2  4.25     0.0 170.9          M      163
================================================================================
AV 50.8 31.9                               6.1 FASTST   M    M   6    MAX(MPH)
                                 MISC ---->  # 25 280               # 37  270
================================================================================
NOTES:
# LAST OF SEVERAL OCCURRENCES

COLUMN 17 PEAK WIND IN M.P.H.

PRELIMINARY LOCAL CLIMATOLOGICAL DATA (WS FORM: F-6) , PAGE 2

                                          STATION:  MORGANTOWN WV
                                          MONTH:    MARCH
                                          YEAR:     2017
                                          LATITUDE:   39 39 N
                                          LONGITUDE:  79 55 W

[TEMPERATURE DATA]      [PRECIPITATION DATA]       SYMBOLS USED IN COLUMN 16

AVERAGE MONTHLY: 41.4   TOTAL FOR MONTH:   4.25    1 = FOG OR MIST
DPTR FM NORMAL:  -0.2   DPTR FM NORMAL:    0.98    2 = FOG REDUCING VISIBILITY
HIGHEST:    74 ON 24    GRTST 24HR  1.45 ON  1- 1      TO 1/4 MILE OR LESS
LOWEST:     15 ON 15                               3 = THUNDER
                        SNOW, ICE PELLETS, HAIL    4 = ICE PELLETS
                        TOTAL MONTH:   0.0 INCH    5 = HAIL
                        GRTST 24HR     0.0         6 = FREEZING RAIN OR DRIZZLE
                        GRTST DEPTH:   0           7 = DUSTSTORM OR SANDSTORM:
                                                       VSBY 1/2 MILE OR LESS
                                                   8 = SMOKE OR HAZE
[NO. OF DAYS WITH]      [WEATHER - DAYS WITH]      9 = BLOWING SNOW
                                                   X = TORNADO
MAX 32 OR BELOW:   3    0.01 INCH OR MORE:  16
MAX 90 OR ABOVE:   0    0.10 INCH OR MORE:   9
MIN 32 OR BELOW:  14    0.50 INCH OR MORE:   3
MIN  0 OR BELOW:   0    1.00 INCH OR MORE:   1

[HDD (BASE 65) ]
TOTAL THIS MO.   632    CLEAR  (SCALE 0-3)   8
DPTR FM NORMAL   -25    PTCLDY (SCALE 4-7)  11
TOTAL FM JUL 1  3645    CLOUDY (SCALE 8-10)  9
DPTR FM NORMAL  -901

[CDD (BASE 65) ]
TOTAL THIS MO.     2
DPTR FM NORMAL     2    [PRESSURE DATA]
TOTAL FM JAN 1     5    HIGHEST SLP M ON M
DPTR FM NORMAL     5    LOWEST  SLP 29.48 ON  1

[REMARKS]
