000
CXUS51 KPBZ 270804
CF6MGW
PRELIMINARY LOCAL CLIMATOLOGICAL DATA (WS FORM: F-6)

                                          STATION:   MORGANTOWN WV
                                          MONTH:     JULY
                                          YEAR:      2017
                                          LATITUDE:   39 39 N
                                          LONGITUDE:  79 55 W

  TEMPERATURE IN F:       :PCPN:    SNOW:  WIND      :SUNSHINE: SKY     :PK WND
================================================================================
1   2   3   4   5  6A  6B    7    8   9   10  11  12  13   14  15   16   17  18
                                     12Z  AVG MX 2MIN
DY MAX MIN AVG DEP HDD CDD  WTR  SNW DPTH SPD SPD DIR MIN PSBL S-S WX    SPD DR
================================================================================

 1  85  69  77   4   0  12 0.01  0.0    0  5.7 15 210   M    M   4        22 240
 2  86  66  76   3   0  11 0.00    M    M  4.0 13 220   M    M   2 1      18 220
 3  87  62  75   2   0  10 0.00    M    0  2.9  8 230   M    M   1        13 280
 4  88  65  77   4   0  12 0.00    M    0  2.8 10 360   M    M   2 1      14 350
 5  86  69  78   5   0  13 0.07  0.0    0  2.5 10 220   M    M   3 13     15 220
 6  78  70  74   1   0   9 2.18  0.0    0  2.3  7 230   M    M  10 123    10 240
 7  83  65  74   1   0   9 0.27  0.0    0  5.0 15 130   M    M   5 13     20 230
 8  79  61  70  -3   0   5 0.41  0.0    0  4.6 15  10   M    M   8 123    22 340
 9  80  58  69  -4   0   4 0.00  0.0    0  2.3 12 200   M    M   5 128    15 190
10  81  58  70  -3   0   5 0.38  0.0    0  4.0 12 160   M    M   4 13     19 210
11  85  66  76   3   0  11 0.15    M    0  5.0 13 220   M    M   4 13     19 240
12  88  69  79   6   0  14 0.00    M    0  6.2 15 210   M    M   1        22 190
13  82  72  77   4   0  12    T    M    0  5.6 14 230   M    M   4 1      22 220
14  85  72  79   6   0  14 0.50    M    0  5.4 12 340   M    M   7 138    19 300
15  82  65  74   1   0   9 0.00  0.0    0  2.7 10 360   M    M   4 12     16 360
16  84  61  73   0   0   8 0.00  0.0    0  2.4 10 290   M    M   2 1      14 220
17  89  63  76   3   0  11 0.00    M    0  2.1  7  10   M    M   1 1      11 220
18  89  65  77   4   0  12 0.00  0.0    0  1.4  8  20   M    M   1 18     10  20
19  90  67  79   6   0  14 0.00    M    M  2.3 10 280   M    M   2 18     14 260
20  89  69  79   6   0  14 0.03    M    0  4.1 12 210   M    M   3 18     19 220
21  87  70  79   6   0  14    T    M    0  2.9 12 220   M    M   5 138    16 210
22  79  69  74   1   0   9 2.00    M    0  3.5 13 320   M    M   6 13     21 330
23  82  69  76   3   0  11 0.09    M    0  4.8 13 210   M    M   7 13     18 210
24  84  64  74   1   0   9 0.25  0.0    0  4.4 13 350   M    M   6 1      19 360
25  70  57  64  -9   1   0 0.00  0.0    0  1.0  6 160   M    M   5 12      9 320
26  84  56  70  -3   0   5 0.00  0.0    0  2.8  8 220   M    M   0        13 290
================================================================================
SM 2182 1697         1 257  6.34     0.0  92.7          M      102
================================================================================
AV 83.9 65.3                               3.6 FASTST   M    M   4    MAX(MPH)
                                 MISC ---->  # 15 210               # 22  240
================================================================================
NOTES:
# LAST OF SEVERAL OCCURRENCES

COLUMN 17 PEAK WIND IN M.P.H.

PRELIMINARY LOCAL CLIMATOLOGICAL DATA (WS FORM: F-6) , PAGE 2

                                          STATION:  MORGANTOWN WV
                                          MONTH:    JULY
                                          YEAR:     2017
                                          LATITUDE:   39 39 N
                                          LONGITUDE:  79 55 W

[TEMPERATURE DATA]      [PRECIPITATION DATA]       SYMBOLS USED IN COLUMN 16

AVERAGE MONTHLY: 74.6   TOTAL FOR MONTH:   6.34    1 = FOG OR MIST
DPTR FM NORMAL:   1.6   DPTR FM NORMAL:    2.38    2 = FOG REDUCING VISIBILITY
HIGHEST:    90 ON 19    GRTST 24HR  2.18 ON  6- 6      TO 1/4 MILE OR LESS
LOWEST:     56 ON 26                               3 = THUNDER
                        SNOW, ICE PELLETS, HAIL    4 = ICE PELLETS
                        TOTAL MONTH:   0.0 INCH    5 = HAIL
                        GRTST 24HR     0.0         6 = FREEZING RAIN OR DRIZZLE
                        GRTST DEPTH:   0           7 = DUSTSTORM OR SANDSTORM:
                                                       VSBY 1/2 MILE OR LESS
                                                   8 = SMOKE OR HAZE
[NO. OF DAYS WITH]      [WEATHER - DAYS WITH]      9 = BLOWING SNOW
                                                   X = TORNADO
MAX 32 OR BELOW:   0    0.01 INCH OR MORE:  12
MAX 90 OR ABOVE:   1    0.10 INCH OR MORE:   8
MIN 32 OR BELOW:   0    0.50 INCH OR MORE:   3
MIN  0 OR BELOW:   0    1.00 INCH OR MORE:   2

[HDD (BASE 65) ]
TOTAL THIS MO.     1    CLEAR  (SCALE 0-3)   9
DPTR FM NORMAL     1    PTCLDY (SCALE 4-7)  15
TOTAL FM JUL 1     1    CLOUDY (SCALE 8-10)  2
DPTR FM NORMAL     1

[CDD (BASE 65) ]
TOTAL THIS MO.   257
DPTR FM NORMAL    49    [PRESSURE DATA]
TOTAL FM JAN 1   545    HIGHEST SLP M ON M
DPTR FM NORMAL   108    LOWEST  SLP 29.74 ON 23

[REMARKS]
