000
CXUS51 KPBZ 290901
CF6PHD
PRELIMINARY LOCAL CLIMATOLOGICAL DATA (WS FORM: F-6)

                                          STATION:   NEW PHILADELPHIA OH
                                          MONTH:     SEPTEMBER
                                          YEAR:      2014
                                          LATITUDE:   40 28 N
                                          LONGITUDE:  81 25 W

  TEMPERATURE IN F:       :PCPN:    SNOW:  WIND      :SUNSHINE: SKY     :PK WND
================================================================================
1   2   3   4   5  6A  6B    7    8   9   10  11  12  13   14  15   16   17  18
                                     12Z  AVG MX 2MIN
DY MAX MIN AVG DEP HDD CDD  WTR  SNW DPTH SPD SPD DIR MIN PSBL S-S WX    SPD DR
================================================================================

 1  82  69  76   7   0  11 0.19    M    M  4.4 13 300   M    M   7 1      17 220
 2  81  64  73   4   0   8 0.04    M    M  4.4 16 180   M    M   5 12     23 230
 3  82  62  72   4   0   7 0.00    M    M  1.5  8 180   M    M   5 12     12 160
 4  84  61  73   5   0   8 0.00    M    M  2.7  9 130   M    M   3 12     14 270
 5  86  67  77   9   0  12    T    M    M  4.6 10 190   M    M   2 1      17 190
 6  79  56  68   0   0   3 0.02    M    M  2.9 18 350   M    M   5 12     24 340
 7  76  52  64  -3   1   0 0.00    M    M  1.8 10 360   M    M   6 12     13  70
 8  79  50  65  -2   0   0 0.00    M    M  5.4 13 130   M    M   3        15 130
 9  77  60  69   2   0   4 0.00    M    M  4.1 10 170   M    M   4 1      15 160
10  81  62  72   6   0   7 0.01    M    M  6.9 18 180   M    M   3 1      28 190
11  76  57  67   1   0   2 0.19    M    M  7.4 15 190   M    M  10 1      25 190
12  62  54  58  -8   7   0    T    M    M  3.2 10  20   M    M  10 1      14  10
13  65  45  55 -10  10   0 0.01    M    M  4.6 16 290   M    M   8        22 280
14  66  41  54 -11  11   0 0.00    M    M  1.2  8 120   M    M   4 12     11 120
15  69  43  56  -8   9   0 0.01    M    M  2.5 10 320   M    M   6 12     17 140
16  68  49  59  -5   6   0 0.16    M    M  1.6  9 330   M    M   6 1      12 320
17  71  46  59  -5   6   0 0.00    M    M  1.5  9 260   M    M   5 12     13 290
18  73  48  61  -2   4   0 0.00    M    M  3.2 12  50   M    M   4 18     16  50
19  75  42  59  -4   6   0 0.00    M    M  2.4 10  60   M    M   1 1      14  80
20  79  60  70   8   0   5 0.00    M    M  5.6 15 180   M    M   3        22 170
21  81  55  68   6   0   3    T    M    M  9.5 22 280   M    M   4        36 300
22  60  41  51 -11  14   0 0.01    M    M  5.8 15 340   M    M   7 12     20 340
23  72  40  56  -5   9   0 0.00    M    M  1.3  8 180   M    M   4 128    11 170
24  76  41  59  -2   6   0 0.00    M    M  3.5 16 130   M    M   0        22 120
25  77  45  61   1   4   0 0.00    M    M  1.4  9  50   M    M   0 1      13  30
26  80  47  64   4   1   0 0.00    M    M  1.9  9  30   M    M   0 1      16  60
27  80  47  64   4   1   0 0.00    M    M  2.4 13  60   M    M   0 1      15  60
28  80  47  64   5   1   0 0.00    M    M  0.9  8 180   M    M   2 12     10 260
================================================================================
SM 2117 1451        96  70  0.64    M     98.6          M      117
================================================================================
AV 75.6 51.8                               3.5 FASTST   M    M   4    MAX(MPH)
                                 MISC ---->  # 22 280               # 36  300
================================================================================
NOTES:
# LAST OF SEVERAL OCCURRENCES

COLUMN 17 PEAK WIND IN M.P.H.

PRELIMINARY LOCAL CLIMATOLOGICAL DATA (WS FORM: F-6) , PAGE 2

                                          STATION:  NEW PHILADELPHIA OH
                                          MONTH:    SEPTEMBER
                                          YEAR:     2014
                                          LATITUDE:   40 28 N
                                          LONGITUDE:  81 25 W

[TEMPERATURE DATA]      [PRECIPITATION DATA]       SYMBOLS USED IN COLUMN 16

AVERAGE MONTHLY: 63.7   TOTAL FOR MONTH:   0.64    1 = FOG OR MIST
DPTR FM NORMAL:  -0.7   DPTR FM NORMAL:   -2.45    2 = FOG REDUCING VISIBILITY
HIGHEST:    86 ON  5    GRTST 24HR  0.67 ON 31- 1      TO 1/4 MILE OR LESS
LOWEST:     40 ON 23                               3 = THUNDER
                        SNOW, ICE PELLETS, HAIL    4 = ICE PELLETS
                        TOTAL MONTH:    M          5 = HAIL
                        GRTST 24HR    M  ON   M    6 = FREEZING RAIN OR DRIZZLE
                        GRTST DEPTH:  M  ON   M    7 = DUSTSTORM OR SANDSTORM:
                                                       VSBY 1/2 MILE OR LESS
                                                   8 = SMOKE OR HAZE
[NO. OF DAYS WITH]      [WEATHER - DAYS WITH]      9 = BLOWING SNOW
                                                   X = TORNADO
MAX 32 OR BELOW:   0    0.01 INCH OR MORE:   9
MAX 90 OR ABOVE:   0    0.10 INCH OR MORE:   3
MIN 32 OR BELOW:   0    0.50 INCH OR MORE:   0
MIN  0 OR BELOW:   0    1.00 INCH OR MORE:   0

[HDD (BASE 65) ]
TOTAL THIS MO.    96    CLEAR  (SCALE 0-3)  10
DPTR FM NORMAL    13    PTCLDY (SCALE 4-7)  15
TOTAL FM JUL 1   128    CLOUDY (SCALE 8-10)  3
DPTR FM NORMAL    35

[CDD (BASE 65) ]
TOTAL THIS MO.    70
DPTR FM NORMAL     6    [PRESSURE DATA]
TOTAL FM JAN 1   619    HIGHEST SLP M ON M
DPTR FM NORMAL   -67    LOWEST  SLP 29.67 ON 21

[REMARKS]
