651
CDUS43 KIND 230532
CLILAF


CLIMATE REPORT
NATIONAL WEATHER SERVICE INDIANAPOLIS IN
132 AM EDT MON OCT 23 2017


...................................

...THE LAFAYETTE IN CLIMATE SUMMARY FOR OCTOBER 22 2017...

CLIMATE NORMAL PERIOD 1981 TO 2010
CLIMATE RECORD PERIOD 9999 TO 9999


WEATHER ITEM   OBSERVED TIME   NORMAL DEPARTURE LAST
                VALUE   (LST)  VALUE  FROM      YEAR
                                      NORMAL
......................................................
TEMPERATURE (F)
 YESTERDAY
  MAXIMUM         76    222 PM  63     13       59
  MINIMUM         57   1159 PM  42     15       32
  AVERAGE         67            52     15       46

PRECIPITATION (IN)
  YESTERDAY        0.01          0.09  -0.08     0.00
  MONTH TO DATE    0.47          2.06  -1.59     1.02
  SINCE SEP 1      1.93          4.72  -2.79     3.93
  SINCE JAN 1     38.32         30.27   8.05    31.27

DEGREE DAYS
 HEATING
  YESTERDAY        0            13    -13       19
  MONTH TO DATE   74           218   -144      133
  SINCE SEP 1    143           297   -154      158
  SINCE JUL 1    152           303   -151      168

 COOLING
  YESTERDAY        2             0      2        0
  MONTH TO DATE   44            13     31       29
  SINCE SEP 1    180           126     54      183
  SINCE JAN 1    853           978   -125     1095
......................................................


WIND (MPH)
  HIGHEST WIND SPEED    20   HIGHEST WIND DIRECTION     S (190)
  HIGHEST GUST SPEED    33   HIGHEST GUST DIRECTION     S (190)
  AVERAGE WIND SPEED     8.4


SKY COVER
  AVERAGE SKY COVER 0.6


WEATHER CONDITIONS
 THE FOLLOWING WEATHER WAS RECORDED YESTERDAY.
  LIGHT RAIN


RELATIVE HUMIDITY (PERCENT)
 HIGHEST    93           800 PM
 LOWEST     58           200 PM
 AVERAGE    76

..........................................................


THE LAFAYETTE IN CLIMATE NORMALS FOR TODAY
                         NORMAL
 MAXIMUM TEMPERATURE (F)   62
 MINIMUM TEMPERATURE (F)   42


SUNRISE AND SUNSET
OCTOBER 23 2017.......SUNRISE   808 AM EDT   SUNSET   656 PM EDT
OCTOBER 24 2017.......SUNRISE   809 AM EDT   SUNSET   654 PM EDT


-  INDICATES NEGATIVE NUMBERS.
R  INDICATES RECORD WAS SET OR TIED.
MM INDICATES DATA IS MISSING.
T  INDICATES TRACE AMOUNT.




$$
