000
CDUS43 KIND 130533
CLILAF


CLIMATE REPORT
NATIONAL WEATHER SERVICE INDIANAPOLIS IN
131 AM EDT SUN JUL 13 2014


...................................

...THE LAFAYETTE IN CLIMATE SUMMARY FOR JULY 12 2014...

CLIMATE NORMAL PERIOD 1981 TO 2010
CLIMATE RECORD PERIOD 9999 TO 9999


WEATHER ITEM   OBSERVED TIME   NORMAL DEPARTURE LAST
                VALUE   (LST)  VALUE  FROM      YEAR
                                      NORMAL
......................................................
TEMPERATURE (F)
 YESTERDAY
  MAXIMUM         78    320 PM  85     -7       82
  MINIMUM         68    430 AM  64      4       53
  AVERAGE         73            75     -2       68

PRECIPITATION (IN)
  YESTERDAY        0.33          0.15   0.18     0.00
  MONTH TO DATE    1.64          1.67  -0.03     0.98
  SINCE JUN 1      6.11          5.77   0.34     5.25
  SINCE JAN 1     18.94         19.79  -0.85    23.87

DEGREE DAYS
 HEATING
  YESTERDAY        0             0      0        0
  MONTH TO DATE    1             0      1        0
  SINCE JUN 1      7            22    -15       18
  SINCE JUL 1      1             0      1        0

 COOLING
  YESTERDAY        8            10     -2        3
  MONTH TO DATE   61           120    -59       76
  SINCE JUN 1    286           337    -51      254
  SINCE JAN 1    383           414    -31      355
......................................................


WIND (MPH)
  HIGHEST WIND SPEED    15   HIGHEST WIND DIRECTION    SW (210)
  HIGHEST GUST SPEED    25   HIGHEST GUST DIRECTION     S (200)
  AVERAGE WIND SPEED     6.4


SKY COVER
  AVERAGE SKY COVER 0.4


WEATHER CONDITIONS
 THE FOLLOWING WEATHER WAS RECORDED YESTERDAY.
  RAIN
  LIGHT RAIN
  FOG


RELATIVE HUMIDITY (PERCENT)
 HIGHEST   100          1100 AM
 LOWEST     73           400 AM
 AVERAGE    87

..........................................................


THE LAFAYETTE IN CLIMATE NORMALS FOR TODAY
                         NORMAL
 MAXIMUM TEMPERATURE (F)   85
 MINIMUM TEMPERATURE (F)   64


SUNRISE AND SUNSET
JULY 13 2014..........SUNRISE   629 AM EDT   SUNSET   918 PM EDT
JULY 14 2014..........SUNRISE   630 AM EDT   SUNSET   917 PM EDT


-  INDICATES NEGATIVE NUMBERS.
R  INDICATES RECORD WAS SET OR TIED.
MM INDICATES DATA IS MISSING.
T  INDICATES TRACE AMOUNT.




$$
