000
CDUS43 KIND 270532
CLILAF


CLIMATE REPORT
NATIONAL WEATHER SERVICE INDIANAPOLIS IN
132 AM EDT WED MAY 27 2015


...................................

...THE LAFAYETTE IN CLIMATE SUMMARY FOR MAY 26 2015...

CLIMATE NORMAL PERIOD 1981 TO 2010
CLIMATE RECORD PERIOD 9999 TO 9999


WEATHER ITEM   OBSERVED TIME   NORMAL DEPARTURE LAST
                VALUE   (LST)  VALUE  FROM      YEAR
                                      NORMAL
......................................................
TEMPERATURE (F)
 YESTERDAY
  MAXIMUM         78    445 PM  76      2       86
  MINIMUM         64    315 AM  54     10       56
  AVERAGE         71            65      6       71

PRECIPITATION (IN)
  YESTERDAY        0.15          0.13   0.02     0.00
  MONTH TO DATE    3.12          3.48  -0.36     3.79
  SINCE MAR 1      6.20          9.69  -3.49     9.49
  SINCE JAN 1      7.93         13.31  -5.38    12.83

DEGREE DAYS
 HEATING
  YESTERDAY        0             3     -3        0
  MONTH TO DATE  109           147    -38      178
  SINCE MAR 1   1396          1303     93     1584
  SINCE JUL 1   6474          5637    837     6546

 COOLING
  YESTERDAY        6             3      3        6
  MONTH TO DATE   71            47     24       55
  SINCE MAR 1     73            60     13       56
  SINCE JAN 1     73            60     13       56
......................................................


WIND (MPH)
  HIGHEST WIND SPEED    21   HIGHEST WIND DIRECTION     S (200)
  HIGHEST GUST SPEED    32   HIGHEST GUST DIRECTION     S (180)
  AVERAGE WIND SPEED     8.5


SKY COVER
  AVERAGE SKY COVER 0.7


WEATHER CONDITIONS
 THE FOLLOWING WEATHER WAS RECORDED YESTERDAY.
  RAIN
  LIGHT RAIN
  FOG
  HAZE


RELATIVE HUMIDITY (PERCENT)
 HIGHEST   100           200 AM
 LOWEST     56           500 PM
 AVERAGE    78

..........................................................


THE LAFAYETTE IN CLIMATE NORMALS FOR TODAY
                         NORMAL
 MAXIMUM TEMPERATURE (F)   77
 MINIMUM TEMPERATURE (F)   55


SUNRISE AND SUNSET
MAY 27 2015...........SUNRISE   622 AM EDT   SUNSET   908 PM EDT
MAY 28 2015...........SUNRISE   622 AM EDT   SUNSET   909 PM EDT


-  INDICATES NEGATIVE NUMBERS.
R  INDICATES RECORD WAS SET OR TIED.
MM INDICATES DATA IS MISSING.
T  INDICATES TRACE AMOUNT.




$$
