000
CDUS43 KIND 290543
CLILAF


CLIMATE REPORT
NATIONAL WEATHER SERVICE INDIANAPOLIS IN
143 AM EDT THU JUN 29 2017


...................................

...THE LAFAYETTE IN CLIMATE SUMMARY FOR JUNE 28 2017...

CLIMATE NORMAL PERIOD 1981 TO 2010
CLIMATE RECORD PERIOD 9999 TO 9999


WEATHER ITEM   OBSERVED TIME   NORMAL DEPARTURE LAST
                VALUE   (LST)  VALUE  FROM      YEAR
                                      NORMAL
......................................................
TEMPERATURE (F)
 YESTERDAY
  MAXIMUM         80    413 PM  85     -5       74
  MINIMUM         52    540 AM  63    -11       51
  AVERAGE         66            74     -8       63

PRECIPITATION (IN)
  YESTERDAY        0.00          0.13  -0.13     0.00
  MONTH TO DATE    4.20          3.83   0.37     5.53
  SINCE JUN 1      4.20          3.83   0.37     5.53
  SINCE JAN 1     24.61         17.85   6.76    17.64

DEGREE DAYS
 HEATING
  YESTERDAY        0             0      0        2
  MONTH TO DATE   19            22     -3        8
  SINCE JUN 1     19            22     -3        8
  SINCE JUL 1   4923          5672   -749     5027

 COOLING
  YESTERDAY        1             9     -8        0
  MONTH TO DATE  173           197    -24      233
  SINCE JUN 1    173           197    -24      233
  SINCE JAN 1    230           274    -44      301
......................................................


WIND (MPH)
  HIGHEST WIND SPEED    20   HIGHEST WIND DIRECTION     S (180)
  HIGHEST GUST SPEED    28   HIGHEST GUST DIRECTION     S (190)
  AVERAGE WIND SPEED     7.2


SKY COVER
  AVERAGE SKY COVER 0.0


WEATHER CONDITIONS
 THE FOLLOWING WEATHER WAS RECORDED YESTERDAY.
  NO SIGNIFICANT WEATHER WAS OBSERVED.


RELATIVE HUMIDITY (PERCENT)
 HIGHEST    89           100 AM
 LOWEST     45           400 PM
 AVERAGE    67

..........................................................


THE LAFAYETTE IN CLIMATE NORMALS FOR TODAY
                         NORMAL
 MAXIMUM TEMPERATURE (F)   85
 MINIMUM TEMPERATURE (F)   64


SUNRISE AND SUNSET
JUNE 29 2017..........SUNRISE   620 AM EDT   SUNSET   922 PM EDT
JUNE 30 2017..........SUNRISE   621 AM EDT   SUNSET   922 PM EDT


-  INDICATES NEGATIVE NUMBERS.
R  INDICATES RECORD WAS SET OR TIED.
MM INDICATES DATA IS MISSING.
T  INDICATES TRACE AMOUNT.




$$
