000
CDUS43 KIND 040533
CLILAF


CLIMATE REPORT
NATIONAL WEATHER SERVICE INDIANAPOLIS IN
1232 AM EST WED MAR 4 2015


...................................

...THE LAFAYETTE IN CLIMATE SUMMARY FOR MARCH 3 2015...

CLIMATE NORMAL PERIOD 1981 TO 2010
CLIMATE RECORD PERIOD 9999 TO 9999


WEATHER ITEM   OBSERVED TIME   NORMAL DEPARTURE LAST
                VALUE   (LST)  VALUE  FROM      YEAR
                                      NORMAL
......................................................
TEMPERATURE (F)
 YESTERDAY
  MAXIMUM         39    438 PM  45     -6       16
  MINIMUM         24    238 AM  27     -3        2
  AVERAGE         32            36     -4        9

PRECIPITATION (IN)
  YESTERDAY        0.03          0.08  -0.05     0.00
  MONTH TO DATE    0.21          0.24  -0.03     0.18
  SINCE MAR 1      0.21          0.24  -0.03     0.18
  SINCE JAN 1      1.94          3.86  -1.92     3.52

DEGREE DAYS
 HEATING
  YESTERDAY       33            29      4       56
  MONTH TO DATE  123            89     34      142
  SINCE MAR 1    123            89     34      142
  SINCE JUL 1   5201          4423    778     5104

 COOLING
  YESTERDAY        0             0      0        0
  MONTH TO DATE    0             0      0        0
  SINCE MAR 1      0             0      0        0
  SINCE JAN 1      0             0      0        0
......................................................


WIND (MPH)
  HIGHEST WIND SPEED    22   HIGHEST WIND DIRECTION     W (260)
  HIGHEST GUST SPEED    29   HIGHEST GUST DIRECTION     W (280)
  AVERAGE WIND SPEED     9.4


SKY COVER
  AVERAGE SKY COVER 0.9


WEATHER CONDITIONS
 THE FOLLOWING WEATHER WAS RECORDED YESTERDAY.
  LIGHT RAIN
  FREEZING RAIN
  LT FREEZING RAIN
  FOG
  HAZE


RELATIVE HUMIDITY (PERCENT)
 HIGHEST   100           200 PM
 LOWEST     68          1200 AM
 AVERAGE    84

..........................................................


THE LAFAYETTE IN CLIMATE NORMALS FOR TODAY
                         NORMAL
 MAXIMUM TEMPERATURE (F)   45
 MINIMUM TEMPERATURE (F)   27


SUNRISE AND SUNSET
MARCH  4 2015.........SUNRISE   717 AM EST   SUNSET   642 PM EST
MARCH  5 2015.........SUNRISE   716 AM EST   SUNSET   643 PM EST


-  INDICATES NEGATIVE NUMBERS.
R  INDICATES RECORD WAS SET OR TIED.
MM INDICATES DATA IS MISSING.
T  INDICATES TRACE AMOUNT.




$$
