000
CDUS43 KIND 230532
CLILAF


CLIMATE REPORT
NATIONAL WEATHER SERVICE INDIANAPOLIS IN
131 AM EDT SAT AUG 23 2014


...................................

...THE LAFAYETTE IN CLIMATE SUMMARY FOR AUGUST 22 2014...

CLIMATE NORMAL PERIOD 1981 TO 2010
CLIMATE RECORD PERIOD 9999 TO 9999


WEATHER ITEM   OBSERVED TIME   NORMAL DEPARTURE LAST
                VALUE   (LST)  VALUE  FROM      YEAR
                                      NORMAL
......................................................
TEMPERATURE (F)
 YESTERDAY
  MAXIMUM         83    459 PM  84     -1       75
  MINIMUM         70   1158 PM  62      8       64
  AVERAGE         77            73      4       70

PRECIPITATION (IN)
  YESTERDAY        0.46          0.11   0.35      T
  MONTH TO DATE    2.69          2.47   0.22     1.74
  SINCE JUN 1     11.15         10.54   0.61     8.66
  SINCE JAN 1     23.98         24.56  -0.58    27.28

DEGREE DAYS
 HEATING
  YESTERDAY        0             0      0        0
  MONTH TO DATE    6             0      6       11
  SINCE JUN 1     30            23      7       38
  SINCE JUL 1     24             1     23       20

 COOLING
  YESTERDAY       12             8      4        5
  MONTH TO DATE  125           194    -69      119
  SINCE JUN 1    476           708   -232      521
  SINCE JAN 1    573           785   -212      622
......................................................


WIND (MPH)
  HIGHEST WIND SPEED    20   HIGHEST WIND DIRECTION    NE (40)
  HIGHEST GUST SPEED    26   HIGHEST GUST DIRECTION    NE (40)
  AVERAGE WIND SPEED     3.7


SKY COVER
  AVERAGE SKY COVER 0.5


WEATHER CONDITIONS
 THE FOLLOWING WEATHER WAS RECORDED YESTERDAY.
  THUNDERSTORM
  RAIN
  LIGHT RAIN
  FOG


RELATIVE HUMIDITY (PERCENT)
 HIGHEST   100          1200 AM
 LOWEST     74           400 PM
 AVERAGE    87

..........................................................


THE LAFAYETTE IN CLIMATE NORMALS FOR TODAY
                         NORMAL
 MAXIMUM TEMPERATURE (F)   84
 MINIMUM TEMPERATURE (F)   62


SUNRISE AND SUNSET
AUGUST 23 2014........SUNRISE   706 AM EDT   SUNSET   834 PM EDT
AUGUST 24 2014........SUNRISE   707 AM EDT   SUNSET   832 PM EDT


-  INDICATES NEGATIVE NUMBERS.
R  INDICATES RECORD WAS SET OR TIED.
MM INDICATES DATA IS MISSING.
T  INDICATES TRACE AMOUNT.




$$
