000
CXUS52 KCHS 011453
CF6CXM
PRELIMINARY LOCAL CLIMATOLOGICAL DATA (WS FORM: F-6)
STATION: DOWNTOWN CHARLESTON SC
MONTH: OCTOBER
YEAR: 2023
LATITUDE: 32 46 N
LONGITUDE: 79 56 W
TEMPERATURE IN F: :PCPN: SNOW: WIND :SUNSHINE: SKY :PK WND
================================================================================
1 2 3 4 5 6A 6B 7 8 9 10 11 12 13 14 15 16 17 18
12Z AVG MX 2MIN
DY MAX MIN AVG DEP HDD CDD WTR SNW DPTH SPD SPD DIR MIN PSBL S-S WX SPD DR
================================================================================
1 77 66 72 -2 0 7 0.00 M M 11.1 18 20 M M M 22 20
2 79 66 73 -1 0 8 0.00 M M 8.5 15 10 M M M 17 80
3 80 65 73 -1 0 8 0.00 M M 9.6 16 80 M M M 20 80
4 80 68 74 1 0 9 0.00 M M 11.4 16 90 M M M 22 70
5 81 68 75 2 0 10 0.00 M M 10.4 16 100 M M M 20 80
6 82 70 76 3 0 11 0.00 M M 8.0 14 10 M M M 20 360
7 81 66 74 2 0 9 0.00 M M 7.5 17 360 M M M 24 10
8 71 57 64 -8 1 0 0.00 M M 9.1 19 360 M M M 25 360
9 72 56 64 -8 1 0 0.00 M M 5.2 14 200 M M M 19 200
10 77 63 70 -1 0 5 0.00 M M 5.8 12 190 M M M 14 190
11 76 68 72 1 0 7 0.11 M M 4.3 14 10 M M M 17 10
12 68 63 66 -5 0 1 0.59 M M 18.2 26 50 M M M 34 30
13 73 65 69 -1 0 4 0.19 M M 11.0 15 100 M M M 21 60
14 74 69 72 2 0 7 0.12 M M 8.3 18 90 M M M 21 90
15 72 60 66 -4 0 1 0.00 M M 8.2 16 20 M M M 19 320
16 67 58 63 -7 2 0 0.00 M M 10.3 18 10 M M M 24 340
17 69 53 61 -8 4 0 0.00 M M 6.0 14 10 M M M 18 340
18 70 58 64 -5 1 0 0.00 M M 5.0 9 120 M M M 11 20
19 72 59 66 -2 0 1 0.00 M M 4.9 9 110 M M M 12 110
20 74 61 68 0 0 3 0.17 M M 6.8 15 210 M M M 29 360
21 73 56 65 -3 0 0 0.00 M M 5.9 10 330 M M M 17 300
22 80 63 72 4 0 7 0.00 M M 6.1 11 320 M M M 17 320
23 70 58 64 -3 1 0 0.00 M M 10.5 17 30 M M M 20 30
24 74 58 66 -1 0 1 0.00 M M 10.7 16 90 M M M 19 90
25 75 63 69 3 0 4 0.00 M M 10.4 17 60 M M M 22 60
26 77 68 73 7 0 8 0.00 M M 9.6 13 90 M M M 17 80
27 78 67 73 7 0 8 0.00 M M 4.7 10 120 M M M 12 130
28 78 66 72 6 0 7 0.00 M M 3.5 11 140 M M M 12 140
29 78 66 72 7 0 7 0.00 M M 4.4 13 170 M M M 16 190
30 81 68 75 10 0 10 0.00 M M 4.5 11 180 M M M 15 170
31 70 58 64 0 1 0 0.00 M M 8.9 18 10 M M M 23 360
================================================================================
SM 2329 1950 11 143 1.18 M 248.8 M M
================================================================================
AV 75.1 62.9 8.0 FASTST M M M MAX(MPH)
MISC ----> 26 50 34 30
================================================================================
NOTES:
# LAST OF SEVERAL OCCURRENCES
COLUMN 17 PEAK WIND IN M.P.H.
PRELIMINARY LOCAL CLIMATOLOGICAL DATA (WS FORM: F-6) , PAGE 2
STATION: DOWNTOWN CHARLESTON SC
MONTH: OCTOBER
YEAR: 2023
LATITUDE: 32 46 N
LONGITUDE: 79 56 W
[TEMPERATURE DATA] [PRECIPITATION DATA] SYMBOLS USED IN COLUMN 16
AVERAGE MONTHLY: 69.0 TOTAL FOR MONTH: 1.18 1 = FOG OR MIST
DPTR FM NORMAL: -0.4 DPTR FM NORMAL: -2.89 2 = FOG REDUCING VISIBILITY
HIGHEST: 82 ON 6 GRTST 24HR 0.59 ON 12-12 TO 1/4 MILE OR LESS
LOWEST: 53 ON 17 3 = THUNDER
SNOW, ICE PELLETS, HAIL 4 = ICE PELLETS
TOTAL MONTH: M 5 = HAIL
GRTST 24HR M ON M 6 = FREEZING RAIN OR DRIZZLE
GRTST DEPTH: M ON M 7 = DUSTSTORM OR SANDSTORM:
VSBY 1/2 MILE OR LESS
8 = SMOKE OR HAZE
[NO. OF DAYS WITH] [WEATHER - DAYS WITH] 9 = BLOWING SNOW
X = TORNADO
MAX 32 OR BELOW: 0 0.01 INCH OR MORE: 5
MAX 90 OR ABOVE: 0 0.10 INCH OR MORE: 5
MIN 32 OR BELOW: 0 0.50 INCH OR MORE: 1
MIN 0 OR BELOW: 0 1.00 INCH OR MORE: 0
[HDD (BASE 65) ]
TOTAL THIS MO. 11 CLEAR (SCALE 0-3) 0
DPTR FM NORMAL -22 PTCLDY (SCALE 4-7) 0
TOTAL FM JUL 1 11 CLOUDY (SCALE 8-10) 31
DPTR FM NORMAL -21
[CDD (BASE 65) ]
TOTAL THIS MO. 143
DPTR FM NORMAL -26 [PRESSURE DATA]
TOTAL FM JAN 1 2479 HIGHEST SLP M ON M
DPTR FM NORMAL 72 LOWEST SLP 29.47 ON 20
[REMARKS]
#FINAL-10-23#