000
CXUS52 KKEY 122353 CCB
CF6EYW
PRELIMINARY LOCAL CLIMATOLOGICAL DATA (WS FORM: F-6)...CORRECTED
STATION: KEY WEST
MONTH: OCTOBER
YEAR: 2022
LATITUDE: 24 32 N
LONGITUDE: 81 45 W
TEMPERATURE IN F: :PCPN: SNOW: WIND :SUNSHINE: SKY :PK WND
================================================================================
1 2 3 4 5 6A 6B 7 8 9 10 11 12 13 14 15 16 17 18
12Z AVG MX 2MIN
DY MAX MIN AVG DEP HDD CDD WTR SNW DPTH SPD SPD DIR MIN PSBL S-S WX SPD DR
================================================================================
1 86 77 82 -1 0 17 0.00 0.0 0 8.3 14 340 M M 1 20 350
2 86 78 82 -1 0 17 0.00 0.0 0 9.5 17 330 M M 3 22 350
3 86 78 82 -1 0 17 0.00 0.0 0 7.5 13 350 M M 4 18 360
4 85 76 81 -2 0 16 0.00 0.0 0 6.5 12 360 M M 1 18 340
5 84 73 79 -4 0 14 0.00 0.0 0 6.4 14 100 M M 2 20 120
6 85 77 81 -2 0 16 0.00 0.0 0 7.9 16 110 M M 1 24 130
7 86 78 82 -1 0 17 0.00 0.0 0 9.2 17 50 M M 0 25 80
8 86 77 82 -1 0 17 T 0.0 0 10.8 16 30 M M 2 25 20
9 87 79 83 1 0 18 0.03 0.0 0 8.2 16 120 M M 4 13 28 130
10 87 78 83 1 0 18 0.00 0.0 0 9.7 18 100 M M 2 24 90
11 87 81 84 2 0 19 0.04 0.0 0 11.2 18 100 M M 2 1 24 100
12 86 79 83 1 0 18 0.04 0.0 0 10.7 20 110 M M 3 1 26 110
13 86 78 82 0 0 17 0.25 0.0 0 9.2 21 330 M M 2 138 34 350
14 86 78 82 0 0 17 0.15 0.0 0 3.5 9 100 M M 2 1 17 140
15 86 74 80 -2 0 15 0.86 0.0 0 5.6 16 20 M M 3 13 21 360
16 85 75 80 -1 0 15 0.14 0.0 0 9.4 16 100 M M 4 13 23 120
17 84 76 80 -1 0 15 0.46 0.0 0 6.3 20 160 M M 2 13 33 140
18 88 77 83 2 0 18 0.00 0.0 0 8.2 15 290 M M 2 20 260
19 81 68 75 -6 0 10 0.76 0.0 0 11.5 24 350 M M 7 13 36 360
20 77 66 72 -9 0 7 0.01 0.0 0 11.5 18 330 M M 7 26 350
21 79 71 75 -6 0 10 0.00 0.0 0 11.7 18 340 M M 5 25 10
22 82 71 77 -4 0 12 0.00 0.0 0 10.4 17 20 M M 0 23 30
23 83 73 78 -2 0 13 0.00 0.0 0 8.6 16 50 M M 0 23 70
24 84 74 79 -1 0 14 0.00 0.0 0 7.5 14 30 M M 0 20 30
25 86 75 81 1 0 16 0.00 0.0 0 5.3 13 100 M M 2 20 30
26 85 74 80 0 0 15 0.00 0.0 0 4.0 9 110 M M 0 16 160
27 85 71 78 -2 0 13 0.00 0.0 0 4.7 9 100 M M 0 14 140
28 84 76 80 0 0 15 0.00 0.0 0 8.5 15 100 M M 1 21 50
29 85 76 81 2 0 16 0.00 0.0 0 7.7 15 30 M M 0 21 50
30 84 77 81 2 0 16 0.04 0.0 0 7.2 14 40 M M 5 1 21 60
31 85 77 81 2 0 16 0.00 0.0 0 7.1 12 90 M M 1 16 90
================================================================================
SM 2626 2338 0 474 2.78 0.0 253.8 M 68
================================================================================
AV 84.7 75.4 8.2 FASTST M M 2 MAX(MPH)
MISC ----> 24 350 36 360
================================================================================
NOTES:
# LAST OF SEVERAL OCCURRENCES
COLUMN 17 PEAK WIND IN M.P.H.
PRELIMINARY LOCAL CLIMATOLOGICAL DATA (WS FORM: F-6) , PAGE 2
STATION: KEY WEST
MONTH: OCTOBER
YEAR: 2022
LATITUDE: 24 32 N
LONGITUDE: 81 45 W
[TEMPERATURE DATA] [PRECIPITATION DATA] SYMBOLS USED IN COLUMN 16
AVERAGE MONTHLY: 80.1 TOTAL FOR MONTH: 2.78 1 = FOG OR MIST
DPTR FM NORMAL: -1.2 DPTR FM NORMAL: -2.89 2 = FOG REDUCING VISIBILITY
HIGHEST: 88 ON 18 GRTST 24HR 0.99 ON 15-16 TO 1/4 MILE OR LESS
LOWEST: 66 ON 20 3 = THUNDER
SNOW, ICE PELLETS, HAIL 4 = ICE PELLETS
TOTAL MONTH: 0.0 INCH 5 = HAIL
GRTST 24HR 0.0 6 = FREEZING RAIN OR DRIZZLE
GRTST DEPTH: 0 7 = DUSTSTORM OR SANDSTORM:
VSBY 1/2 MILE OR LESS
8 = SMOKE OR HAZE
[NO. OF DAYS WITH] [WEATHER - DAYS WITH] 9 = BLOWING SNOW
X = TORNADO
MAX 32 OR BELOW: 0 0.01 INCH OR MORE: 11
MAX 90 OR ABOVE: 0 0.10 INCH OR MORE: 6
MIN 32 OR BELOW: 0 0.50 INCH OR MORE: 2
MIN 0 OR BELOW: 0 1.00 INCH OR MORE: 0
[HDD (BASE 65) ]
TOTAL THIS MO. 0 CLEAR (SCALE 0-3) 24
DPTR FM NORMAL 0 PTCLDY (SCALE 4-7) 7
TOTAL FM JUL 1 0 CLOUDY (SCALE 8-10) 0
DPTR FM NORMAL 0
[CDD (BASE 65) ]
TOTAL THIS MO. 474
DPTR FM NORMAL -31 [PRESSURE DATA]
TOTAL FM JAN 1 4528 HIGHEST SLP M ON M
DPTR FM NORMAL 14 LOWEST SLP 29.79 ON 1
[REMARKS]
#FINAL-10-22#
CORRECTED ALIGNMENT OF SNOW, ICE PELLETS, HAIL TABLE
CORRECTED MISSING 12Z SNOW DEPTHS TO 0
NB/DR