000
CXUS52 KKEY 011708 CCA
CF6EYW
PRELIMINARY LOCAL CLIMATOLOGICAL DATA (WS FORM: F-6)...CORRECTED
STATION: KEY WEST
MONTH: NOVEMBER
YEAR: 2021
LATITUDE: 24 32 N
LONGITUDE: 81 45 W
TEMPERATURE IN F: :PCPN: SNOW: WIND :SUNSHINE: SKY :PK WND
================================================================================
1 2 3 4 5 6A 6B 7 8 9 10 11 12 13 14 15 16 17 18
12Z AVG MX 2MIN
DY MAX MIN AVG DEP HDD CDD WTR SNW DPTH SPD SPD DIR MIN PSBL S-S WX SPD DR
================================================================================
1 81 74 78 -1 0 13 0.05 0.0 0 9.4 15 30 M M 6 1 22 30
2 84 70 77 -2 0 12 0.00 0.0 0 5.4 10 60 M M 0 17 20
3 82 74 78 0 0 13 0.00 0.0 0 9.6 23 100 M M 6 30 110
4 80 73 77 -1 0 12 0.40 0.0 0 9.0 22 120 M M 5 1 31 110
5 82 76 79 1 0 14 0.10 0.0 0 11.1 21 180 M M 4 13 28 190
6 79 72 76 -2 0 11 0.02 0.0 0 14.8 24 340 M M 4 18 35 350
7 77 70 74 -4 0 9 T 0.0 0 12.4 18 350 M M 4 31 350
8 75 67 71 -7 0 6 0.00 0.0 0 10.3 17 340 M M 2 24 30
9 78 68 73 -4 0 8 0.00 0.0 0 9.4 17 30 M M 2 25 40
10 81 70 76 -1 0 11 0.00 0.0 0 8.0 14 80 M M 3 20 70
11 81 73 77 0 0 12 T 0.0 0 7.5 14 100 M M 4 19 110
12 79 71 75 -2 0 10 0.69 0.0 0 5.8 17 190 M M 4 138 26 190
13 83 73 78 1 0 13 0.00 0.0 0 4.5 13 340 M M 1 16 340
14 76 71 74 -3 0 9 0.00 0.0 0 9.6 16 360 M M 4 24 20
15 74 66 70 -7 0 5 0.00 0.0 0 10.9 17 20 M M 0 25 30
16 79 69 74 -2 0 9 0.00 0.0 0 10.5 16 60 M M 0 27 50
17 79 72 76 0 0 11 T 0.0 0 10.1 17 80 M M 4 28 70
18 79 69 74 -2 0 9 1.07 0.0 0 9.6 17 30 M M 7 1 27 80
19 78 72 75 -1 0 10 0.00 0.0 0 9.4 20 30 M M 4 30 40
20 79 72 76 0 0 11 0.02 0.0 0 11.4 20 30 M M 6 1 27 20
21 79 73 76 0 0 11 0.45 0.0 0 8.0 15 20 M M 6 13 23 40
22 81 73 77 1 0 12 0.00 0.0 0 9.4 20 350 M M 2 29 360
23 74 65 70 -6 0 5 0.00 0.0 0 14.7 22 350 M M 1 32 360
24 75 64 70 -5 0 5 0.00 0.0 0 12.5 18 80 M M 3 31 40
25 78 68 73 -2 0 8 0.00 0.0 0 9.1 15 50 M M 0 22 40
26 77 68 73 -2 0 8 0.00 0.0 0 7.4 15 10 M M 0 20 360
27 75 65 70 -5 0 5 0.00 0.0 0 6.7 14 10 M M 2 20 10
28 75 60 68 -7 0 3 0.00 0.0 0 3.7 9 350 M M 0 14 350
29 72 62 67 -8 0 2 0.00 0.0 0 6.9 17 20 M M 4 25 40
30 75 65 70 -5 0 5 0.00 0.0 0 7.8 14 350 M M 1 19 360
================================================================================
SM 2347 2085 0 272 2.80 0.0 274.9 M 89
================================================================================
AV 78.2 69.5 9.2 FASTST M M 3 MAX(MPH)
MISC ----> 24 340 35 350
================================================================================
NOTES:
# LAST OF SEVERAL OCCURRENCES
COLUMN 17 PEAK WIND IN M.P.H.
PRELIMINARY LOCAL CLIMATOLOGICAL DATA (WS FORM: F-6) , PAGE 2
STATION: KEY WEST
MONTH: NOVEMBER
YEAR: 2021
LATITUDE: 24 32 N
LONGITUDE: 81 45 W
[TEMPERATURE DATA] [PRECIPITATION DATA] SYMBOLS USED IN COLUMN 16
AVERAGE MONTHLY: 73.9 TOTAL FOR MONTH: 2.80 1 = FOG OR MIST
DPTR FM NORMAL: -2.7 DPTR FM NORMAL: 0.75 2 = FOG REDUCING VISIBILITY
HIGHEST: 84 ON 2 GRTST 24HR 1.07 ON 18-18 TO 1/4 MILE OR LESS
LOWEST: 60 ON 28 3 = THUNDER
SNOW, ICE PELLETS, HAIL 4 = ICE PELLETS
TOTAL MONTH: 0.0 INCH 5 = HAIL
GRTST 24HR 0.0 6 = FREEZING RAIN OR DRIZZLE
GRTST DEPTH: 0 7 = DUSTSTORM OR SANDSTORM:
VSBY 1/2 MILE OR LESS
8 = SMOKE OR HAZE
[NO. OF DAYS WITH] [WEATHER - DAYS WITH] 9 = BLOWING SNOW
X = TORNADO
MAX 32 OR BELOW: 0 0.01 INCH OR MORE: 8
MAX 90 OR ABOVE: 0 0.10 INCH OR MORE: 5
MIN 32 OR BELOW: 0 0.50 INCH OR MORE: 2
MIN 0 OR BELOW: 0 1.00 INCH OR MORE: 1
[HDD (BASE 65) ]
TOTAL THIS MO. 0 CLEAR (SCALE 0-3) 15
DPTR FM NORMAL 0 PTCLDY (SCALE 4-7) 15
TOTAL FM JUL 1 0 CLOUDY (SCALE 8-10) 0
DPTR FM NORMAL 0
[CDD (BASE 65) ]
TOTAL THIS MO. 272
DPTR FM NORMAL -76 [PRESSURE DATA]
TOTAL FM JAN 1 4827 HIGHEST SLP 30.19 ON 24
DPTR FM NORMAL -35 LOWEST SLP 29.82 ON 6
[REMARKS]
#FINAL-11-21#
CORRECTED SKY COVER DAYS TABLE.
ALIGNED SNOW, ICE PELLETS, HAIL TABLE.
ROSS/TYNER