000
CXUS52 KFFC 011010
CF6FFC
PRELIMINARY LOCAL CLIMATOLOGICAL DATA (WS FORM: F-6)
STATION: PEACHTREE CITY
MONTH: OCTOBER
YEAR: 2021
LATITUDE: 33 20 N
LONGITUDE: 84 34 W
TEMPERATURE IN F: :PCPN: SNOW: WIND :SUNSHINE: SKY :PK WND
================================================================================
1 2 3 4 5 6A 6B 7 8 9 10 11 12 13 14 15 16 17 18
12Z AVG MX 2MIN
DY MAX MIN AVG DEP HDD CDD WTR SNW DPTH SPD SPD DIR MIN PSBL S-S WX SPD DR
================================================================================
1 87 61 74 5 0 9 0.00 M M 1.0 9 140 M M 0 1 13 140
2 83 63 73 4 0 8 0.00 M M 1.6 10 130 M M 4 12 15 120
3 80 66 73 4 0 8 0.18 M M 1.0 13 250 M M 5 13 21 200
4 76 68 72 4 0 7 1.45 M M 1.6 9 140 M M 9 123 15 130
5 72 67 70 2 0 5 1.75 M M 4.4 12 120 M M 10 13 18 120
6 77 70 74 6 0 9 0.11 M M 7.0 15 120 M M 9 1 23 120
7 79 71 75 8 0 10 0.01 M M 3.0 8 120 M M 7 1 11 90
8 85 64 75 8 0 10 0.48 M M 3.4 13 310 M M 4 1 17 310
9 85 63 74 8 0 9 0.00 M M 3.4 14 330 M M 4 1 17 340
10 83 62 73 7 0 8 0.00 M M 1.8 10 90 M M 1 1 16 70
11 81 59 70 4 0 5 0.00 M M 2.6 12 120 M M 2 1 16 90
12 79 63 71 6 0 6 0.00 M M 1.9 9 120 M M 8 12 12 120
13 85 59 72 7 0 7 0.00 M M 1.2 7 160 M M 6 12 11 160
14 84 59 72 8 0 7 0.00 M M 0.5 6 250 M M 0 1 8 280
15 86 58 72 8 0 7 0.00 M M 1.0 9 260 M M 1 12 14 270
16 73 52 63 -1 2 0 T M M 9.4 23 320 M M 2 1 32 320
17 70 45 58 -5 7 0 0.00 M M 6.3 16 320 M M 0 23 350
18 74 40 57 -6 8 0 0.00 M M 0.9 9 140 M M 0 15 110
19 77 43 60 -2 5 0 0.00 M M 0.7 6 130 M M 2 12 12 190
20 78 45 62 0 3 0 0.00 M M 0.4 8 300 M M 1 12 11 330
21 76 56 66 4 0 1 0.01 M M 1.0 12 250 M M 5 1 17 240
22 77 53 65 4 0 0 0.01 M M 4.5 13 310 M M 1 1 18 310
23 78 47 63 2 2 0 0.00 0.0 M 2.0 10 330 M M 0 1 15 320
24 77 45 61 1 4 0 0.01 0.0 M 1.8 9 130 M M 1 1 13 150
25 79 55 67 7 0 2 0.00 0.0 M 4.4 18 310 M M 4 1 25 310
26 70 52 61 1 4 0 0.00 0.0 M 11.0 21 320 M M 2 30 310
27 74 45 60 1 5 0 0.00 0.0 M 2.5 9 310 M M 0 13 300
28 71 52 62 3 3 0 0.23 M M 5.6 18 120 M M 7 1 29 120
29 58 51 55 -3 10 0 0.06 M M 4.7 13 260 M M 10 1 21 260
30 59 52 56 -2 9 0 0.03 M M 5.8 12 270 M M 10 1 21 280
31 64 47 56 -2 9 0 0.00 M M 5.9 17 310 M M 6 1 24 310
================================================================================
SM 2377 1733 71 118 4.33 0.0 102.3 M 121
================================================================================
AV 76.7 55.9 3.3 FASTST M M 4 MAX(MPH)
MISC ----> 23 320 32 320
================================================================================
NOTES:
# LAST OF SEVERAL OCCURRENCES
COLUMN 17 PEAK WIND IN M.P.H.
PRELIMINARY LOCAL CLIMATOLOGICAL DATA (WS FORM: F-6) , PAGE 2
STATION: PEACHTREE CITY
MONTH: OCTOBER
YEAR: 2021
LATITUDE: 33 20 N
LONGITUDE: 84 34 W
[TEMPERATURE DATA] [PRECIPITATION DATA] SYMBOLS USED IN COLUMN 16
AVERAGE MONTHLY: 66.3 TOTAL FOR MONTH: 4.33 1 = FOG OR MIST
DPTR FM NORMAL: 2.7 DPTR FM NORMAL: 0.96 2 = FOG REDUCING VISIBILITY
HIGHEST: 87 ON 1 GRTST 24HR 2.76 ON 4- 5 TO 1/4 MILE OR LESS
LOWEST: 40 ON 18 3 = THUNDER
SNOW, ICE PELLETS, HAIL 4 = ICE PELLETS
TOTAL MONTH: 0.0 INCH 5 = HAIL
GRTST 24HR 0.0 6 = FREEZING RAIN OR DRIZZLE
GRTST DEPTH: M ON M 7 = DUSTSTORM OR SANDSTORM:
VSBY 1/2 MILE OR LESS
8 = SMOKE OR HAZE
[NO. OF DAYS WITH] [WEATHER - DAYS WITH] 9 = BLOWING SNOW
X = TORNADO
MAX 32 OR BELOW: 0 0.01 INCH OR MORE: 12
MAX 90 OR ABOVE: 0 0.10 INCH OR MORE: 6
MIN 32 OR BELOW: 0 0.50 INCH OR MORE: 2
MIN 0 OR BELOW: 0 1.00 INCH OR MORE: 2
[HDD (BASE 65) ]
TOTAL THIS MO. 71 CLEAR (SCALE 0-3) 15
DPTR FM NORMAL -45 PTCLDY (SCALE 4-7) 11
TOTAL FM JUL 1 74 CLOUDY (SCALE 8-10) 5
DPTR FM NORMAL -50
[CDD (BASE 65) ]
TOTAL THIS MO. 118
DPTR FM NORMAL 45 [PRESSURE DATA]
TOTAL FM JAN 1 1830 HIGHEST SLP 30.32 ON 20
DPTR FM NORMAL -107 LOWEST SLP 29.50 ON 29
[REMARKS]
#FINAL-10-21#