000
CXUS54 KHGX 020713
CF6HGX
PRELIMINARY LOCAL CLIMATOLOGICAL DATA (WS FORM: F-6)
STATION: DICKINSON WFO
MONTH: MAY
YEAR: 2022
LATITUDE: 29 28 N
LONGITUDE: 95 5 W
TEMPERATURE IN F: :PCPN: SNOW: WIND :SUNSHINE: SKY :PK WND
================================================================================
1 2 3 4 5 6A 6B 7 8 9 10 11 12 13 14 15 16 17 18
12Z AVG MX 2MIN
DY MAX MIN AVG DEP HDD CDD WTR SNW DPTH SPD SPD DIR MIN PSBL S-S WX SPD DR
================================================================================
1 86 72 79 6 0 14 0.02 0.0 0 M M M M M M M M
2 83 75 79 5 0 14 0.00 0.0 0 M M M M M M M M
3 85 74 80 6 0 15 0.01 0.0 0 M M M M M M M M
4 85 76 81 7 0 16 0.00 0.0 0 M M M M M M M M
5 85 68 77 3 0 12 0.50 0.0 0 M M M M M M M M
6 88 67 78 4 0 13 0.01 0.0 0 M M M M M M M M
7 87 74 81 6 0 16 0.00 0.0 0 M M M M M M M M
8 87 76 82 7 0 17 0.00 0.0 0 M M M M M M M M
9 88 78 83 8 0 18 0.00 0.0 0 M M M M M M M M
10 88 77 83 7 0 18 0.00 0.0 0 M M M M M M M M
11 86 71 79 3 0 14 0.00 0.0 0 M M M M M M M M
12 87 66 77 1 0 12 0.00 0.0 0 M M M M M M M M
13 87 69 78 2 0 13 0.00 0.0 0 M M M M M M M M
14 87 70 79 2 0 14 0.00 0.0 0 M M M M M M M M
15 89 69 79 2 0 14 0.00 0.0 0 M M M M M M M M
16 93 70 82 5 0 17 0.00 0.0 0 M M M M M M M M
17 89 69 79 2 0 14 0.00 0.0 0 M M M M M M M M
18 89 75 82 4 0 17 0.00 0.0 0 M M M M M M M M
19 88 76 82 4 0 17 0.00 0.0 0 M M M M M M M M
20 90 77 84 6 0 19 0.00 0.0 0 M M M M M M M M
21 89 79 84 6 0 19 0.00 0.0 0 M M M M M M M M
22 82 68 75 -4 0 10 1.26 0.0 0 M M M M M M 3 M M
23 82 70 76 -3 0 11 0.00 0.0 0 M M M M M M M M
24 82 69 76 -3 0 11 0.43 0.0 0 M M M M M M M M
25 85 63 74 -5 0 9 0.61 0.0 0 M M M M M M 3 M M
26 92 61 77 -3 0 12 0.00 0.0 0 M M M M M M M M
27 94 70 82 2 0 17 0.00 0.0 0 M M M M M M M M
28 93 66 80 0 0 15 0.00 0.0 0 M M M M M M M M
29 88 74 81 1 0 16 0.00 0.0 0 M M M M M M M M
30 88 78 83 3 0 18 T 0.0 0 M M M M M M M M
31 89 78 84 4 0 19 0.00 0.0 0 M M M M M M M M
================================================================================
SM 2711 2225 0 461 2.84 0.0 M M M
================================================================================
AV 87.5 71.8 M FASTST M M M MAX(MPH)
MISC ----> M M M M
================================================================================
NOTES:
# LAST OF SEVERAL OCCURRENCES
COLUMN 17 PEAK WIND IN M.P.H.
PRELIMINARY LOCAL CLIMATOLOGICAL DATA (WS FORM: F-6) , PAGE 2
STATION: DICKINSON WFO
MONTH: MAY
YEAR: 2022
LATITUDE: 29 28 N
LONGITUDE: 95 5 W
[TEMPERATURE DATA] [PRECIPITATION DATA] SYMBOLS USED IN COLUMN 16
AVERAGE MONTHLY: 79.6 TOTAL FOR MONTH: 2.84 1 = FOG OR MIST
DPTR FM NORMAL: 2.6 DPTR FM NORMAL: -2.28 2 = FOG REDUCING VISIBILITY
HIGHEST: 94 ON 27 GRTST 24HR 1.26 ON 22-22 TO 1/4 MILE OR LESS
LOWEST: 61 ON 26 3 = THUNDER
SNOW, ICE PELLETS, HAIL 4 = ICE PELLETS
TOTAL MONTH: 0.0 INCH 5 = HAIL
GRTST 24HR 0.0 6 = FREEZING RAIN OR DRIZZLE
GRTST DEPTH: 0 7 = DUSTSTORM OR SANDSTORM:
VSBY 1/2 MILE OR LESS
8 = SMOKE OR HAZE
[NO. OF DAYS WITH] [WEATHER - DAYS WITH] 9 = BLOWING SNOW
X = TORNADO
MAX 32 OR BELOW: 0 0.01 INCH OR MORE: 7
MAX 90 OR ABOVE: 5 0.10 INCH OR MORE: 4
MIN 32 OR BELOW: 0 0.50 INCH OR MORE: 3
MIN 0 OR BELOW: 0 1.00 INCH OR MORE: 1
[HDD (BASE 65) ]
TOTAL THIS MO. 0 CLEAR (SCALE 0-3) 0
DPTR FM NORMAL -1 PTCLDY (SCALE 4-7) 0
TOTAL FM JUL 1 1079 CLOUDY (SCALE 8-10) 31
DPTR FM NORMAL -66
[CDD (BASE 65) ]
TOTAL THIS MO. 461
DPTR FM NORMAL 86 [PRESSURE DATA]
TOTAL FM JAN 1 778 HIGHEST SLP M ON M
DPTR FM NORMAL 88 LOWEST SLP M ON M
[REMARKS]
#FINAL-05-22#