000
CXUS55 KSEW 010930
CF6HQM
PRELIMINARY LOCAL CLIMATOLOGICAL DATA (WS FORM: F-6)
STATION: HOQUIAM WA AIRPORT
MONTH: APRIL
YEAR: 2022
LATITUDE: 46 58 N
LONGITUDE: 123 56 W
TEMPERATURE IN F: :PCPN: SNOW: WIND :SUNSHINE: SKY :PK WND
================================================================================
1 2 3 4 5 6A 6B 7 8 9 10 11 12 13 14 15 16 17 18
12Z AVG MX 2MIN
DY MAX MIN AVG DEP HDD CDD WTR SNW DPTH SPD SPD DIR MIN PSBL S-S WX SPD DR
================================================================================
1 51 40 46 -1 19 0 0.03 M M 7.2 18 290 M M 10 18 26 290
2 55 44 50 3 15 0 0.06 M M 7.0 17 240 M M 6 1 22 300
3 53 45 49 2 16 0 1.59 M M 20.1 39 200 M M 10 18 54 190
4 53 41 47 0 18 0 0.31 M M 25.6 41 250 M M 8 138 56 270
5 53 35 44 -4 21 0 0.04 M M 13.1 32 280 M M 3 43 290
6 62 35 49 1 16 0 0.00 M M 10.4 22 110 M M 0 1 27 110
7 73 44 59 11 6 0 0.03 M M 10.4 20 260 M M 1 1 26 240
8 53 42 48 0 17 0 0.15 M M 16.1 28 270 M M 8 18 35 260
9 50 39 45 -3 20 0 0.50 M M 13.8 33 280 M M 6 1 47 270
10 48 37 43 -5 22 0 0.36 M M 11.4 32 290 M M 9 47 290
11 54 37 46 -2 19 0 0.08 M M 10.6 28 290 M M 5 38 300
12 47 36 42 -6 23 0 0.40 M M 10.4 28 250 M M 8 138 43 260
13 45 35 40 -8 25 0 0.20 M M 9.2 15 100 M M 9 1 21 90
14 50 34 42 -6 23 0 0.03 M M 7.0 17 190 M M 8 1 23 190
15 47 34 41 -8 24 0 0.12 M M 4.9 10 140 M M 6 13 100
16 52 33 43 -6 22 0 T M M 8.4 18 290 M M 4 1 26 280
17 58 38 48 -1 17 0 0.07 M M 9.5 23 190 M M 4 1 36 180
18 50 44 47 -2 18 0 1.29 M M 13.3 23 290 M M 9 1 30 300
19 53 41 47 -2 18 0 0.14 M M 8.4 20 260 M M 4 1 22 260
20 50 41 46 -3 19 0 0.50 M M 12.6 24 200 M M 7 1 36 70
21 54 45 50 1 15 0 0.25 M M 11.2 28 200 M M 9 18 40 210
22 57 46 52 2 13 0 0.01 M M 5.7 16 280 M M 5 21 260
23 57 41 49 -1 16 0 0.00 M M 5.0 14 240 M M 5 1 17 240
24 60 38 49 -1 16 0 0.27 M M 7.5 18 260 M M 7 12 22 260
25 55 47 51 1 14 0 0.05 M M 8.7 21 290 M M 6 1 27 290
26 54 44 49 -1 16 0 0.25 M M 10.3 23 250 M M 5 1 28 250
27 54 41 48 -2 17 0 T M M 6.7 15 250 M M 5 21 250
28 55 36 46 -4 19 0 0.05 M M 7.5 17 250 M M 3 1 22 250
29 57 47 52 1 13 0 0.32 M M 8.8 22 190 M M 10 1 27 190
30 57 48 53 2 12 0 0.08 M M 6.2 15 270 M M 5 1 19 270
================================================================================
SM 1617 1208 529 0 7.18 M 307.0 M 185
================================================================================
AV 53.9 40.3 10.2 FASTST M M 6 MAX(MPH)
MISC ----> 41 250 56 270
================================================================================
NOTES:
# LAST OF SEVERAL OCCURRENCES
COLUMN 17 PEAK WIND IN M.P.H.
PRELIMINARY LOCAL CLIMATOLOGICAL DATA (WS FORM: F-6) , PAGE 2
STATION: HOQUIAM WA AIRPORT
MONTH: APRIL
YEAR: 2022
LATITUDE: 46 58 N
LONGITUDE: 123 56 W
[TEMPERATURE DATA] [PRECIPITATION DATA] SYMBOLS USED IN COLUMN 16
AVERAGE MONTHLY: 47.1 TOTAL FOR MONTH: 7.18 1 = FOG OR MIST
DPTR FM NORMAL: -1.6 DPTR FM NORMAL: 1.83 2 = FOG REDUCING VISIBILITY
HIGHEST: 73 ON 7 GRTST 24HR 1.77 ON 3- 4 TO 1/4 MILE OR LESS
LOWEST: 33 ON 16 3 = THUNDER
SNOW, ICE PELLETS, HAIL 4 = ICE PELLETS
TOTAL MONTH: M 5 = HAIL
GRTST 24HR M ON M 6 = FREEZING RAIN OR DRIZZLE
GRTST DEPTH: M ON M 7 = DUSTSTORM OR SANDSTORM:
VSBY 1/2 MILE OR LESS
8 = SMOKE OR HAZE
[NO. OF DAYS WITH] [WEATHER - DAYS WITH] 9 = BLOWING SNOW
X = TORNADO
MAX 32 OR BELOW: 0 0.01 INCH OR MORE: 26
MAX 90 OR ABOVE: 0 0.10 INCH OR MORE: 15
MIN 32 OR BELOW: 0 0.50 INCH OR MORE: 4
MIN 0 OR BELOW: 0 1.00 INCH OR MORE: 2
[HDD (BASE 65) ]
TOTAL THIS MO. 529 CLEAR (SCALE 0-3) 3
DPTR FM NORMAL 41 PTCLDY (SCALE 4-7) 18
TOTAL FM JUL 1 4135 CLOUDY (SCALE 8-10) 9
DPTR FM NORMAL -378
[CDD (BASE 65) ]
TOTAL THIS MO. 0
DPTR FM NORMAL 0 [PRESSURE DATA]
TOTAL FM JAN 1 0 HIGHEST SLP M ON M
DPTR FM NORMAL 0 LOWEST SLP 29.47 ON 3
[REMARKS]
#FINAL-04-22#