000
CXUS55 KCYS 050159 CCA
CF6LAR
PRELIMINARY LOCAL CLIMATOLOGICAL DATA (WS FORM: F-6)...CORRECTED
STATION: LARAMIE WYOMING AIRPORT
MONTH: JUNE
YEAR: 2022
LATITUDE: 41 18 N
LONGITUDE: 105 40 W
TEMPERATURE IN F: :PCPN: SNOW: WIND :SUNSHINE: SKY :PK WND
================================================================================
1 2 3 4 5 6A 6B 7 8 9 10 11 12 13 14 15 16 17 18
12Z AVG MX 2MIN
DY MAX MIN AVG DEP HDD CDD WTR SNW DPTH SPD SPD DIR MIN PSBL S-S WX SPD DR
================================================================================
1 59 35 47 -7 18 0 0.00 M M 6.9 16 160 M M 5 20 160
2 67 30 49 -5 16 0 0.00 M M 8.4 21 90 M M 3 12 28 90
3 70 43 57 3 8 0 0.01 M M 9.4 30 210 M M 3 3 37 210
4 75 42 59 5 6 0 T M M 9.4 24 190 M M 3 30 220
5 71 47 59 4 6 0 0.01 M M 14.8 33 290 M M 5 3 46 280
6 72 41 57 2 8 0 0.00 M M 15.0 33 280 M M 3 48 280
7 73 40 57 2 8 0 0.00 M M 11.8 36 280 M M 3 46 270
8 74 35 55 -1 10 0 0.00 M M 8.7 24 310 M M 1 33 330
9 80 45 63 7 2 0 0.00 M M 10.4 30 300 M M 2 37 310
10 84 44 64 8 1 0 0.00 M M 14.2 32 290 M M 0 44 270
11 87 52 70 13 0 5 0.00 M M 15.0 30 290 M M 0 42 280
12 90 47 69 12 0 4 0.00 M M 14.2 32 210 M M 0 41 220
13 87 45 66 9 0 1 0.00 M M 18.5 37 330 M M 0 50 330
14 65 40 53 -5 12 0 T M M 21.3 38 240 M M 1 54 230
15 74 35 55 -3 10 0 0.00 M M 20.0 44 240 M M 0 54 240
16 84 36 60 2 5 0 0.00 M M 11.8 25 140 M M 0 39 130
17 88 54 71 13 0 6 0.00 M M 18.0 38 170 M M 0 54 130
18 82 55 69 10 0 4 T M M 12.1 30 240 M M 5 39 250
19 81 53 67 8 0 2 T M M 14.7 30 220 M M 5 42 220
20 75 42 59 0 6 0 0.00 M M 18.4 43 250 M M 0 58 240
21 76 34 55 -5 10 0 0.00 M M 10.5 25 140 M M 0 30 140
22 82 42 62 2 3 0 0.00 M M 9.1 24 160 M M 0 32 150
23 81 44 63 3 2 0 0.00 M M 11.2 31 260 M M 2 39 250
24 75 51 63 3 2 0 0.11 M M 14.4 41 270 M M 3 3 51 280
25 70 44 57 -4 8 0 0.00 M M 10.6 24 150 M M 7 33 140
26 69 44 57 -4 8 0 0.00 M M 17.8 31 150 M M 1 39 150
27 81 42 62 1 3 0 T M M 8.8 36 300 M M 2 3 52 290
28 84 44 64 2 1 0 T M M 8.4 24 280 M M 0 32 270
29 81 54 68 6 0 3 0.11 M M 17.5 51 300 M M 2 3 63 290
30 77 49 63 1 2 0 0.56 M M 13.7 36 260 M M 3 13 46 360
================================================================================
SM 2314 1309 155 25 0.80 M 395.0 M 59
================================================================================
AV 77.1 43.6 13.2 FASTST M M 2 MAX(MPH)
MISC ----> 51 300 63 290
================================================================================
NOTES:
# LAST OF SEVERAL OCCURRENCES
COLUMN 17 PEAK WIND IN M.P.H.
PRELIMINARY LOCAL CLIMATOLOGICAL DATA (WS FORM: F-6) , PAGE 2
STATION: LARAMIE WYOMING AIRPORT
MONTH: JUNE
YEAR: 2022
LATITUDE: 41 18 N
LONGITUDE: 105 40 W
[TEMPERATURE DATA] [PRECIPITATION DATA] SYMBOLS USED IN COLUMN 16
AVERAGE MONTHLY: 60.4 TOTAL FOR MONTH: 0.80 1 = FOG OR MIST
DPTR FM NORMAL: 2.4 DPTR FM NORMAL: -0.69 2 = FOG REDUCING VISIBILITY
HIGHEST: 90 ON 12 GRTST 24HR 0.56 ON 30-30 TO 1/4 MILE OR LESS
LOWEST: 30 ON 2 3 = THUNDER
SNOW, ICE PELLETS, HAIL 4 = ICE PELLETS
TOTAL MONTH: M 5 = HAIL
GRTST 24HR M ON M 6 = FREEZING RAIN OR DRIZZLE
GRTST DEPTH: M ON M 7 = DUSTSTORM OR SANDSTORM:
VSBY 1/2 MILE OR LESS
8 = SMOKE OR HAZE
[NO. OF DAYS WITH] [WEATHER - DAYS WITH] 9 = BLOWING SNOW
X = TORNADO
MAX 32 OR BELOW: 0 0.01 INCH OR MORE: 5
MAX 90 OR ABOVE: 1 0.10 INCH OR MORE: 3
MIN 32 OR BELOW: 1 0.50 INCH OR MORE: 1
MIN 0 OR BELOW: 0 1.00 INCH OR MORE: 0
[HDD (BASE 65) ]
TOTAL THIS MO. 155 CLEAR (SCALE 0-3) 23
DPTR FM NORMAL -66 PTCLDY (SCALE 4-7) 7
TOTAL FM JUL 1 8155 CLOUDY (SCALE 8-10) 0
DPTR FM NORMAL -520
[CDD (BASE 65) ]
TOTAL THIS MO. 25
DPTR FM NORMAL 15 [PRESSURE DATA]
TOTAL FM JAN 1 25 HIGHEST SLP 30.29 ON 25
DPTR FM NORMAL 15 LOWEST SLP 29.34 ON 13
[REMARKS]
JUNE 11...RECORD HIGH 87 DEGREES (PREVIOUS 86 DEGREES IN 2013)
JUNE 12...RECORD HIGH 90 DEGREES (PREVIOUS 88 DEGREES IN 1959)
JUNE 18...TIED RECORD HIGH LOW 55 DEGREES PREVIOUSLY SET IN 1994
#FINAL-06-22#