000
CXUS53 KLMK 010810
CF6LEX
PRELIMINARY LOCAL CLIMATOLOGICAL DATA (WS FORM: F-6)
STATION: LEXINGTON KY
MONTH: FEBRUARY
YEAR: 2023
LATITUDE: 38 1 N
LONGITUDE: 84 36 W
TEMPERATURE IN F: :PCPN: SNOW: WIND :SUNSHINE: SKY :PK WND
================================================================================
1 2 3 4 5 6A 6B 7 8 9 10 11 12 13 14 15 16 17 18
12Z AVG MX 2MIN
DY MAX MIN AVG DEP HDD CDD WTR SNW DPTH SPD SPD DIR MIN PSBL S-S WX SPD DR
================================================================================
1 34 22 28 -6 37 0 T T T 5.2 13 50 M M 3 15 40
2 37 26 32 -3 33 0 0.00 0.0 0 5.0 13 240 M M 1 18 19 250
3 31 19 25 -10 40 0 0.00 0.0 0 9.0 17 340 M M 0 25 330
4 51 17 34 -1 31 0 0.00 0.0 0 10.4 22 220 M M 0 29 230
5 55 40 48 13 17 0 0.00 0.0 0 14.2 28 220 M M 2 39 220
6 56 28 42 7 23 0 0.00 0.0 0 4.5 10 130 M M 0 18 14 140
7 67 43 55 19 10 0 T 0.0 0 11.1 25 220 M M 4 36 220
8 57 46 52 16 13 0 0.02 0.0 0 6.9 14 150 M M 10 18 21 120
9 74 46 60 24 5 0 T 0.0 0 22.1 47 200 M M 8 65 210
10 48 34 41 5 24 0 0.00 0.0 0 7.6 20 270 M M 9 27 280
11 51 25 38 2 27 0 0.00 0.0 0 8.1 16 60 M M 0 18 20 40
12 57 32 45 8 20 0 0.00 0.0 0 9.8 18 360 M M 1 25 40
13 64 30 47 10 18 0 0.00 0.0 0 8.0 20 220 M M 0 26 220
14 64 31 48 11 17 0 0.06 0.0 0 9.6 21 150 M M 2 3 30 140
15 73 53 63 25 2 0 0.00 0.0 0 15.0 24 210 M M 1 35 220
16 62 47 55 17 10 0 2.50 0.0 0 10.7 22 280 M M 9 13 33 280
17 47 30 39 1 26 0 0.01 T 0 11.5 22 330 M M 10 33 280
18 47 22 35 -3 30 0 0.00 0.0 0 5.9 14 230 M M 1 24 200
19 62 38 50 11 15 0 0.00 0.0 0 15.0 30 220 M M 0 41 240
20 58 49 54 15 11 0 0.00 0.0 0 9.6 17 210 M M 4 24 220
21 60 43 52 13 13 0 0.00 0.0 0 8.9 22 250 M M 1 1 29 270
22 77 47 62 22 3 0 0.21 0.0 0 17.1 33 210 M M 5 13 49 230
23 76 51 64 24 1 0 0.77 0.0 0 13.0 25 300 M M 6 1 38 290
24 51 32 42 2 23 0 0.00 0.0 0 10.1 22 330 M M 2 29 320
25 53 33 43 3 22 0 0.02 0.0 0 6.7 18 110 M M 4 18 26 110
26 59 36 48 7 17 0 0.00 0.0 0 7.3 15 230 M M 5 128 23 240
27 74 50 62 21 3 0 0.13 0.0 0 19.7 39 210 M M 8 1 56 210
28 63 49 56 15 9 0 0.00 0.0 0 7.9 29 270 M M 3 40 280
================================================================================
SM 1608 1019 500 0 3.72 T 289.9 M 99
================================================================================
AV 57.4 36.4 10.4 FASTST M M 4 MAX(MPH)
MISC ----> 47 200 65 210
================================================================================
NOTES:
# LAST OF SEVERAL OCCURRENCES
COLUMN 17 PEAK WIND IN M.P.H.
PRELIMINARY LOCAL CLIMATOLOGICAL DATA (WS FORM: F-6) , PAGE 2
STATION: LEXINGTON KY
MONTH: FEBRUARY
YEAR: 2023
LATITUDE: 38 1 N
LONGITUDE: 84 36 W
[TEMPERATURE DATA] [PRECIPITATION DATA] SYMBOLS USED IN COLUMN 16
AVERAGE MONTHLY: 46.9 TOTAL FOR MONTH: 3.72 1 = FOG OR MIST
DPTR FM NORMAL: 9.4 DPTR FM NORMAL: 0.08 2 = FOG REDUCING VISIBILITY
HIGHEST: 77 ON 22 GRTST 24HR 2.51 ON 16-17 TO 1/4 MILE OR LESS
LOWEST: 17 ON 4 3 = THUNDER
SNOW, ICE PELLETS, HAIL 4 = ICE PELLETS
TOTAL MONTH: 0.1 INCH 5 = HAIL
GRTST 24HR T ON 1- 1 6 = FREEZING RAIN OR DRIZZLE
GRTST DEPTH: T 7 = DUSTSTORM OR SANDSTORM:
VSBY 1/2 MILE OR LESS
8 = SMOKE OR HAZE
[NO. OF DAYS WITH] [WEATHER - DAYS WITH] 9 = BLOWING SNOW
X = TORNADO
MAX 32 OR BELOW: 1 0.01 INCH OR MORE: 8
MAX 90 OR ABOVE: 0 0.10 INCH OR MORE: 4
MIN 32 OR BELOW: 12 0.50 INCH OR MORE: 2
MIN 0 OR BELOW: 0 1.00 INCH OR MORE: 1
[HDD (BASE 65) ]
TOTAL THIS MO. 500 CLEAR (SCALE 0-3) 16
DPTR FM NORMAL -269 PTCLDY (SCALE 4-7) 7
TOTAL FM JUL 1 2802 CLOUDY (SCALE 8-10) 5
DPTR FM NORMAL -645
[CDD (BASE 65) ]
TOTAL THIS MO. 0
DPTR FM NORMAL 0 [PRESSURE DATA]
TOTAL FM JAN 1 0 HIGHEST SLP 30.58 ON 3
DPTR FM NORMAL 0 LOWEST SLP 29.24 ON 27
[REMARKS]
#FINAL-02-23#