269
CXUS52 KFFC 011110
CF6MCN
PRELIMINARY LOCAL CLIMATOLOGICAL DATA (WS FORM: F-6)
STATION: MACON
MONTH: JANUARY
YEAR: 2021
LATITUDE: 32 42 N
LONGITUDE: 83 39 W
TEMPERATURE IN F: :PCPN: SNOW: WIND :SUNSHINE: SKY :PK WND
================================================================================
1 2 3 4 5 6A 6B 7 8 9 10 11 12 13 14 15 16 17 18
12Z AVG MX 2MIN
DY MAX MIN AVG DEP HDD CDD WTR SNW DPTH SPD SPD DIR MIN PSBL S-S WX SPD DR
================================================================================
1 73 59 66 20 0 1 0.55 0.0 M 7.7 26 230 M M 10 1 38 230
2 67 58 63 17 2 0 0.06 0.0 M 4.6 12 270 M M 6 1 18 200
3 59 38 49 3 16 0 0.00 0.0 M 8.4 16 290 M M 2 21 290
4 63 33 48 2 17 0 0.00 0.0 M 4.3 10 300 M M 0 15 290
5 65 39 52 6 13 0 0.00 0.0 M 8.7 18 330 M M 2 27 330
6 57 27 42 -4 23 0 0.00 0.0 M 2.3 7 150 M M 0 1 10 30
7 51 33 42 -4 23 0 0.36 0.0 M 7.0 18 80 M M 5 1 27 80
8 47 41 44 -2 21 0 0.00 0.0 M 7.9 18 310 M M 10 1 27 320
9 45 32 39 -7 26 0 0.00 0.0 M 9.1 16 310 M M 9 22 290
10 52 26 39 -7 26 0 0.00 0.0 M 2.8 9 130 M M 0 1 13 140
11 53 37 45 -1 20 0 0.16 M M 5.8 12 40 M M 8 1 16 80
12 50 42 46 0 19 0 T 0.0 M 7.5 12 280 M M 10 1 17 340
13 57 34 46 0 19 0 0.00 0.0 M 6.6 15 250 M M 4 1 17 240
14 61 27 44 -2 21 0 0.00 0.0 M 5.8 15 240 M M 0 20 270
15 62 38 50 4 15 0 T M M 7.4 18 260 M M 3 29 260
16 52 27 40 -6 25 0 0.00 0.0 M 9.4 25 270 M M 1 34 290
17 54 24 39 -7 26 0 0.00 0.0 M 4.6 17 260 M M 0 23 250
18 59 32 46 0 19 0 0.00 0.0 M 7.5 21 270 M M 1 31 260
19 66 27 47 1 18 0 0.00 0.0 M 3.4 13 250 M M 1 8 23 240
20 64 45 55 9 10 0 0.00 0.0 M 7.5 16 300 M M 4 22 300
21 61 46 54 8 11 0 0.08 0.0 M 5.9 18 250 M M 10 18 28 250
22 58 42 50 4 15 0 0.93 0.0 M 3.5 10 10 M M 9 1 13 10
23 65 32 49 2 16 0 0.00 0.0 M 4.8 12 90 M M 1 15 20
24 60 38 49 2 16 0 0.00 0.0 M 4.5 9 100 M M 9 14 110
25 78 52 65 18 0 0 0.00 0.0 M 8.2 21 220 M M 7 30 230
26 76 60 68 21 0 3 0.48 0.0 M 5.8 15 210 M M 10 13 26 190
27 63 49 56 9 9 0 0.32 M M 8.1 24 320 M M 9 1 40 340
28 56 35 46 -1 19 0 0.00 0.0 M 12.2 21 320 M M 1 32 310
29 57 26 42 -5 23 0 0.00 0.0 M 2.2 9 20 M M 0 14 10
30 57 26 42 -5 23 0 0.00 0.0 M 5.5 15 130 M M 1 19 130
31 62 43 53 5 12 0 1.17 M M 7.2 22 290 M M 10 13 32 290
================================================================================
SM 1850 1168 503 4 4.11 0.0 196.2 M 143
================================================================================
AV 59.7 37.7 6.3 FASTST M M 5 MAX(MPH)
MISC ----> 26 230 40 340
================================================================================
NOTES:
# LAST OF SEVERAL OCCURRENCES
COLUMN 17 PEAK WIND IN M.P.H.
PRELIMINARY LOCAL CLIMATOLOGICAL DATA (WS FORM: F-6) , PAGE 2
STATION: MACON
MONTH: JANUARY
YEAR: 2021
LATITUDE: 32 42 N
LONGITUDE: 83 39 W
[TEMPERATURE DATA] [PRECIPITATION DATA] SYMBOLS USED IN COLUMN 16
AVERAGE MONTHLY: 48.7 TOTAL FOR MONTH: 4.11 1 = FOG OR MIST
DPTR FM NORMAL: 2.4 DPTR FM NORMAL: -0.13 2 = FOG REDUCING VISIBILITY
HIGHEST: 78 ON 25 GRTST 24HR 1.17 ON 31-31 TO 1/4 MILE OR LESS
LOWEST: 24 ON 17 3 = THUNDER
SNOW, ICE PELLETS, HAIL 4 = ICE PELLETS
TOTAL MONTH: 0.0 INCH 5 = HAIL
GRTST 24HR 0.0 6 = FREEZING RAIN OR DRIZZLE
GRTST DEPTH: M ON M 7 = DUSTSTORM OR SANDSTORM:
VSBY 1/2 MILE OR LESS
8 = SMOKE OR HAZE
[NO. OF DAYS WITH] [WEATHER - DAYS WITH] 9 = BLOWING SNOW
X = TORNADO
MAX 32 OR BELOW: 0 0.01 INCH OR MORE: 9
MAX 90 OR ABOVE: 0 0.10 INCH OR MORE: 7
MIN 32 OR BELOW: 11 0.50 INCH OR MORE: 3
MIN 0 OR BELOW: 0 1.00 INCH OR MORE: 1
[HDD (BASE 65) ]
TOTAL THIS MO. 503 CLEAR (SCALE 0-3) 15
DPTR FM NORMAL -77 PTCLDY (SCALE 4-7) 6
TOTAL FM JUL 1 1240 CLOUDY (SCALE 8-10) 10
DPTR FM NORMAL -265
[CDD (BASE 65) ]
TOTAL THIS MO. 4
DPTR FM NORMAL 3 [PRESSURE DATA]
TOTAL FM JAN 1 4 HIGHEST SLP 30.40 ON 29
DPTR FM NORMAL 3 LOWEST SLP 29.69 ON 15
[REMARKS]
#FINAL-01-21#