000
CXUS55 KGGW 010810
CF6OLF
PRELIMINARY LOCAL CLIMATOLOGICAL DATA (WS FORM: F-6)
STATION: WOLF POINT MT
MONTH: OCTOBER
YEAR: 2023
LATITUDE: 48 5 N
LONGITUDE: 105 35 W
TEMPERATURE IN F: :PCPN: SNOW: WIND :SUNSHINE: SKY :PK WND
================================================================================
1 2 3 4 5 6A 6B 7 8 9 10 11 12 13 14 15 16 17 18
12Z AVG MX 2MIN
DY MAX MIN AVG DEP HDD CDD WTR SNW DPTH SPD SPD DIR MIN PSBL S-S WX SPD DR
================================================================================
1 64 56 60 8 5 0 0.02 M M 9.4 26 20 M M 9 18 38 30
2 62 50 56 4 9 0 0.00 M M 6.2 13 270 M M 7 1 17 200
3 57 42 50 -1 15 0 0.73 M M 6.6 20 350 M M 8 1 26 350
4 68 40 54 4 11 0 0.00 M M 12.0 31 310 M M 4 41 310
5 60 32 46 -4 19 0 0.00 M M 19.0 36 300 M M 3 46 310
6 50 26 38 -12 27 0 0.00 M M 6.1 15 260 M M 0 20 260
7 75 27 51 2 14 0 0.00 M M 5.8 18 260 M M 0 23 270
8 73 36 55 7 10 0 0.00 M M 5.9 13 50 M M 0 17 100
9 75 39 57 9 8 0 0.00 M M 9.6 16 100 M M 0 23 110
10 75 40 58 10 7 0 0.00 M M 11.5 18 110 M M 0 25 120
11 65 42 54 7 11 0 T M M 15.3 28 90 M M 3 37 80
12 48 42 45 -1 20 0 0.01 M M 13.6 23 80 M M 10 1 30 70
13 51 42 47 1 18 0 T M M 5.4 13 60 M M 10 19 60
14 56 35 46 0 19 0 0.00 M M 7.0 16 110 M M 4 23 140
15 63 31 47 2 18 0 0.00 M M 6.3 12 80 M M 0 15 70
16 73 30 52 8 13 0 0.00 M M 2.4 10 60 M M 0 18 11 60
17 74 41 58 14 7 0 0.15 M M 11.4 44 280 M M 4 3 64 290
18 59 44 52 9 13 0 0.00 M M 9.2 26 300 M M 4 38 300
19 76 40 58 15 7 0 0.00 M M 6.1 14 260 M M 0 19 270
20 72 42 57 15 8 0 0.00 M M 8.8 16 250 M M 2 26 340
21 60 35 48 6 17 0 0.00 M M 5.2 12 100 M M 2 15 100
22 65 31 48 7 17 0 T M M 5.8 22 360 M M 1 30 10
23 48 38 43 2 22 0 0.14 M M 9.9 22 350 M M 10 1 30 350
24 46 24 35 -5 30 0 0.02 M M 10.5 24 350 M M 10 1 32 350
25 24 20 22 -18 43 0 0.06 M M 12.5 23 20 M M 10 128 31 30
26 21 11 16 -23 49 0 0.01 M M 10.4 16 10 M M 10 1 21 10
27 17 2 10 -29 55 0 0.00 M M 8.1 17 250 M M 2 18 22 250
28 23 2 13 -25 52 0 T M M 8.9 16 280 M M 3 23 280
29 30 11 21 -17 44 0 T M M 11.2 18 270 M M 8 27 280
30 30 -2 14 -23 51 0 T M M 10.1 28 350 M M 5 1 33 330
31 30 -3 14 -22 51 0 0.00 M M 4.6 14 250 M M 5 16 250
================================================================================
SM 1690 946 690 0 1.14 M 274.8 M 134
================================================================================
AV 54.5 30.5 8.9 FASTST M M 4 MAX(MPH)
MISC ----> 44 280 64 290
================================================================================
NOTES:
# LAST OF SEVERAL OCCURRENCES
COLUMN 17 PEAK WIND IN M.P.H.
PRELIMINARY LOCAL CLIMATOLOGICAL DATA (WS FORM: F-6) , PAGE 2
STATION: WOLF POINT MT
MONTH: OCTOBER
YEAR: 2023
LATITUDE: 48 5 N
LONGITUDE: 105 35 W
[TEMPERATURE DATA] [PRECIPITATION DATA] SYMBOLS USED IN COLUMN 16
AVERAGE MONTHLY: 42.5 TOTAL FOR MONTH: 1.14 1 = FOG OR MIST
DPTR FM NORMAL: -1.9 DPTR FM NORMAL: 0.35 2 = FOG REDUCING VISIBILITY
HIGHEST: 76 ON 19 GRTST 24HR 0.73 ON 3- 3 TO 1/4 MILE OR LESS
LOWEST: -3 ON 31 3 = THUNDER
SNOW, ICE PELLETS, HAIL 4 = ICE PELLETS
TOTAL MONTH: M 5 = HAIL
GRTST 24HR M ON M 6 = FREEZING RAIN OR DRIZZLE
GRTST DEPTH: M ON M 7 = DUSTSTORM OR SANDSTORM:
VSBY 1/2 MILE OR LESS
8 = SMOKE OR HAZE
[NO. OF DAYS WITH] [WEATHER - DAYS WITH] 9 = BLOWING SNOW
X = TORNADO
MAX 32 OR BELOW: 7 0.01 INCH OR MORE: 8
MAX 90 OR ABOVE: 0 0.10 INCH OR MORE: 3
MIN 32 OR BELOW: 14 0.50 INCH OR MORE: 1
MIN 0 OR BELOW: 2 1.00 INCH OR MORE: 0
[HDD (BASE 65) ]
TOTAL THIS MO. 690 CLEAR (SCALE 0-3) 13
DPTR FM NORMAL 48 PTCLDY (SCALE 4-7) 11
TOTAL FM JUL 1 812 CLOUDY (SCALE 8-10) 7
DPTR FM NORMAL -102
[CDD (BASE 65) ]
TOTAL THIS MO. 0
DPTR FM NORMAL -2 [PRESSURE DATA]
TOTAL FM JAN 1 601 HIGHEST SLP M ON M
DPTR FM NORMAL 93 LOWEST SLP 29.53 ON 11
[REMARKS]
#FINAL-10-23#