317
CXUS56 KPQR 041237
CF6PDX
PRELIMINARY LOCAL CLIMATOLOGICAL DATA (WS FORM: F-6)
STATION: PORTLAND OR
MONTH: MARCH
YEAR: 2020
LATITUDE: 45 35 N
LONGITUDE: 122 36 W
TEMPERATURE IN F: :PCPN: SNOW: WIND :SUNSHINE: SKY :PK WND
================================================================================
1 2 3 4 5 6A 6B 7 8 9 10 11 12 13 14 15 16 17 18
12Z AVG MX 2MIN
DY MAX MIN AVG DEP HDD CDD WTR SNW DPTH SPD SPD DIR MIN PSBL S-S WX SPD DR
================================================================================
1 48 34 41 -5 24 0 0.01 0.0 0 2.4 8 290 M M 9 1 11 330
2 50 41 46 0 19 0 T 0.0 0 7.0 16 200 M M 10 20 210
3 60 48 54 8 11 0 T 0.0 0 8.0 16 270 M M 9 20 210
4 56 40 48 2 17 0 T 0.0 0 3.4 9 320 M M 5 8 13 320
5 59 36 48 2 17 0 0.00 0.0 0 6.6 14 110 M M 6 16 230
6 50 42 46 0 19 0 0.33 0.0 0 5.8 14 200 M M 10 1 16 200
7 49 38 44 -3 21 0 0.04 0.0 0 4.5 17 200 M M 9 20 200
8 51 34 43 -4 22 0 0.00 0.0 0 4.2 13 290 M M 7 12 15 300
9 57 31 44 -3 21 0 0.00 0.0 0 1.6 7 110 M M 3 12 8 280
10 62 32 47 0 18 0 0.00 0.0 0 2.6 12 320 M M 2 17 320
11 57 38 48 1 17 0 T 0.0 0 6.6 16 300 M M 6 8 19 310
12 56 32 44 -4 21 0 0.00 0.0 0 4.2 13 320 M M 2 8 18 330
13 42 37 40 -8 25 0 0.12 0.0 0 3.7 9 320 M M 9 1 12 320
14 42 32 37 -11 28 0 0.74 0.5 T 15.5 32 90 M M 8 1 39 100
15 46 34 40 -8 25 0 0.00 0.0 0 22.3 33 80 M M 5 42 80
16 60 36 48 0 17 0 0.00 0.0 0 11.8 29 90 M M 4 38 80
17 61 30 46 -2 19 0 0.00 0.0 0 3.7 8 220 M M 4 11 320
18 59 40 50 1 15 0 0.00 0.0 0 2.9 8 140 M M 4 18 10 310
19 64 37 51 2 14 0 0.00 0.0 0 2.8 9 290 M M 1 11 320
20 67 39 53 4 12 0 0.00 0.0 0 4.7 17 320 M M 2 23 320
21 60 39 50 1 15 0 0.00 0.0 0 3.7 12 320 M M 2 15 340
22 63 34 49 0 16 0 0.00 0.0 0 3.7 15 310 M M 4 1 17 300
23 53 44 49 0 16 0 0.05 0.0 0 12.7 24 240 M M 8 1 30 240
24 49 41 45 -4 20 0 0.19 0.0 0 9.0 18 200 M M 9 138 22 200
25 52 37 45 -5 20 0 0.08 0.0 0 4.5 18 310 M M 8 1 21 310
26 51 36 44 -6 21 0 T 0.0 0 4.5 13 210 M M 7 1 15 190
27 50 42 46 -4 19 0 0.06 0.0 0 7.2 14 170 M M 10 17 170
28 54 46 50 0 15 0 0.05 0.0 0 9.3 18 180 M M 10 26 190
29 59 48 54 4 11 0 0.19 0.0 0 11.2 22 190 M M 9 1 28 190
30 53 44 49 -1 16 0 0.34 0.0 0 10.7 25 260 M M 8 1 36 200
31 53 42 48 -2 17 0 0.23 0.0 0 6.4 20 300 M M 8 15 23 300
================================================================================
SM 1693 1184 568 0 2.43 0.5 207.2 M 198
================================================================================
AV 54.6 38.2 6.7 FASTST M M 6 MAX(MPH)
MISC ----> # 33 80 # 42 80
================================================================================
NOTES:
# LAST OF SEVERAL OCCURRENCES
COLUMN 17 PEAK WIND IN M.P.H.
PRELIMINARY LOCAL CLIMATOLOGICAL DATA (WS FORM: F-6) , PAGE 2
STATION: PORTLAND OR
MONTH: MARCH
YEAR: 2020
LATITUDE: 45 35 N
LONGITUDE: 122 36 W
[TEMPERATURE DATA] [PRECIPITATION DATA] SYMBOLS USED IN COLUMN 16
AVERAGE MONTHLY: 46.4 TOTAL FOR MONTH: 2.43 1 = FOG OR MIST
DPTR FM NORMAL: -1.8 DPTR FM NORMAL: -1.25 2 = FOG REDUCING VISIBILITY
HIGHEST: 67 ON 20 GRTST 24HR 0.74 ON 14-14 TO 1/4 MILE OR LESS
LOWEST: 30 ON 17 3 = THUNDER
SNOW, ICE PELLETS, HAIL 4 = ICE PELLETS
TOTAL MONTH: 0.5 INCH 5 = HAIL
GRTST 24HR 0.5 ON 14-14 6 = FREEZING RAIN OR DRIZZLE
GRTST DEPTH: T 7 = DUSTSTORM OR SANDSTORM:
VSBY 1/2 MILE OR LESS
8 = SMOKE OR HAZE
[NO. OF DAYS WITH] [WEATHER - DAYS WITH] 9 = BLOWING SNOW
X = TORNADO
MAX 32 OR BELOW: 0 0.01 INCH OR MORE: 13
MAX 90 OR ABOVE: 0 0.10 INCH OR MORE: 7
MIN 32 OR BELOW: 5 0.50 INCH OR MORE: 1
MIN 0 OR BELOW: 0 1.00 INCH OR MORE: 0
[HDD (BASE 65) ]
TOTAL THIS MO. 568 CLEAR (SCALE 0-3) 5
DPTR FM NORMAL 46 PTCLDY (SCALE 4-7) 12
TOTAL FM JUL 1 3467 CLOUDY (SCALE 8-10) 14
DPTR FM NORMAL -113
[CDD (BASE 65) ]
TOTAL THIS MO. 0
DPTR FM NORMAL 0 [PRESSURE DATA]
TOTAL FM JAN 1 0 HIGHEST SLP 30.46 ON 1
DPTR FM NORMAL 0 LOWEST SLP 29.59 ON 14
[REMARKS]
#FINAL-03-20#