000
CXUS55 KBOI 011002
CF6TWF
PRELIMINARY LOCAL CLIMATOLOGICAL DATA (WS FORM: F-6)
STATION: TWIN FALLS ID
MONTH: APRIL
YEAR: 2021
LATITUDE: 42 28 N
LONGITUDE: 114 29 W
TEMPERATURE IN F: :PCPN: SNOW: WIND :SUNSHINE: SKY :PK WND
================================================================================
1 2 3 4 5 6A 6B 7 8 9 10 11 12 13 14 15 16 17 18
12Z AVG MX 2MIN
DY MAX MIN AVG DEP HDD CDD WTR SNW DPTH SPD SPD DIR MIN PSBL S-S WX SPD DR
================================================================================
1 73 24 49 4 16 0 0.00 M M 6.8 20 250 M M 0 29 240
2 72 45 59 14 6 0 0.00 M M 10.4 20 200 M M 0 28 210
3 75 46 61 15 4 0 0.00 M M 8.4 17 220 M M 0 21 220
4 72 45 59 13 6 0 0.00 M M 9.8 18 300 M M 0 24 210
5 53 32 43 -3 22 0 0.02 M M 16.6 28 280 M M 5 12 38 270
6 56 31 44 -2 21 0 0.00 M M 17.5 31 270 M M 2 41 270
7 69 32 51 5 14 0 0.00 M M 7.8 20 240 M M 0 29 240
8 54 31 43 -3 22 0 0.00 M M 19.8 37 300 M M 1 57 310
9 57 24 41 -5 24 0 0.00 M M 6.9 15 230 M M 0 20 240
10 64 30 47 0 18 0 0.00 M M 17.3 30 300 M M 0 41 290
11 47 25 36 -11 29 0 0.00 M M 17.4 29 240 M M 0 39 240
12 53 23 38 -9 27 0 0.00 M M 9.8 17 230 M M 0 26 230
13 54 31 43 -4 22 0 0.00 M M 22.0 33 80 M M 2 8 45 50
14 45 33 39 -9 26 0 0.07 M M 16.0 31 70 M M 9 18 46 80
15 50 32 41 -7 24 0 0.08 M M 5.3 21 90 M M 10 1 26 80
16 56 28 42 -6 23 0 0.00 M M 10.1 22 90 M M 3 30 70
17 59 37 48 0 17 0 0.00 M M 11.1 20 100 M M 1 28 120
18 69 35 52 4 13 0 0.00 M M 13.8 25 300 M M 0 32 300
19 63 37 50 1 15 0 0.00 M M 22.7 41 290 M M 2 8 63 310
20 57 29 43 -6 22 0 0.00 M M 16.3 28 100 M M 0 8 39 90
21 61 34 48 -1 17 0 0.00 0.0 0 12.6 22 90 M M 0 31 90
22 65 37 51 2 14 0 0.00 M M 14.3 26 300 M M 1 38 310
23 64 37 51 1 14 0 0.00 M M 13.4 24 300 M M 1 33 290
24 59 38 49 -1 16 0 0.01 M M 10.3 28 240 M M 5 36 260
25 51 42 47 -3 18 0 0.04 M M 8.9 23 290 M M 9 31 290
26 48 33 41 -9 24 0 0.11 M M 11.6 24 270 M M 9 1 31 260
27 57 28 43 -8 22 0 0.00 M M 7.8 18 210 M M 4 24 210
28 69 37 53 2 12 0 0.00 M M 16.2 25 290 M M 0 8 34 280
29 79 44 62 11 3 0 0.00 M M 9.4 17 210 M M 0 24 210
30 86 50 68 16 0 3 0.00 M M 9.2 17 330 M M 0 23 330
================================================================================
SM 1837 1030 511 3 0.33 0.0 379.5 M 64
================================================================================
AV 61.2 34.3 12.6 FASTST M M 2 MAX(MPH)
MISC ----> 41 290 63 310
================================================================================
NOTES:
# LAST OF SEVERAL OCCURRENCES
COLUMN 17 PEAK WIND IN M.P.H.
PRELIMINARY LOCAL CLIMATOLOGICAL DATA (WS FORM: F-6) , PAGE 2
STATION: TWIN FALLS ID
MONTH: APRIL
YEAR: 2021
LATITUDE: 42 28 N
LONGITUDE: 114 29 W
[TEMPERATURE DATA] [PRECIPITATION DATA] SYMBOLS USED IN COLUMN 16
AVERAGE MONTHLY: 47.8 TOTAL FOR MONTH: 0.33 1 = FOG OR MIST
DPTR FM NORMAL: -0.3 DPTR FM NORMAL: -0.81 2 = FOG REDUCING VISIBILITY
HIGHEST: 86 ON 30 GRTST 24HR 0.15 ON 14-15 TO 1/4 MILE OR LESS
LOWEST: 23 ON 12 3 = THUNDER
SNOW, ICE PELLETS, HAIL 4 = ICE PELLETS
TOTAL MONTH: 0.0 INCH 5 = HAIL
GRTST 24HR 0.0 6 = FREEZING RAIN OR DRIZZLE
GRTST DEPTH: 0 7 = DUSTSTORM OR SANDSTORM:
VSBY 1/2 MILE OR LESS
8 = SMOKE OR HAZE
[NO. OF DAYS WITH] [WEATHER - DAYS WITH] 9 = BLOWING SNOW
X = TORNADO
MAX 32 OR BELOW: 0 0.01 INCH OR MORE: 6
MAX 90 OR ABOVE: 0 0.10 INCH OR MORE: 1
MIN 32 OR BELOW: 14 0.50 INCH OR MORE: 0
MIN 0 OR BELOW: 0 1.00 INCH OR MORE: 0
[HDD (BASE 65) ]
TOTAL THIS MO. 511 CLEAR (SCALE 0-3) 22
DPTR FM NORMAL 2 PTCLDY (SCALE 4-7) 4
TOTAL FM JUL 1 5570 CLOUDY (SCALE 8-10) 4
DPTR FM NORMAL -228
[CDD (BASE 65) ]
TOTAL THIS MO. 3
DPTR FM NORMAL 2 [PRESSURE DATA]
TOTAL FM JAN 1 3 HIGHEST SLP 30.29 ON 29
DPTR FM NORMAL 2 LOWEST SLP 29.59 ON 26
[REMARKS]
#FINAL-04-21#