000
CXUS51 KBTV 270700
CF61V4
PRELIMINARY LOCAL CLIMATOLOGICAL DATA (WS FORM: F-6)

                                          STATION:   SAINT JOHNSBURY VT
                                          MONTH:     MAY
                                          YEAR:      2017
                                          LATITUDE:   44 25 N
                                          LONGITUDE:  72  1 W

  TEMPERATURE IN F:       :PCPN:    SNOW:  WIND      :SUNSHINE: SKY     :PK WND
================================================================================
1   2   3   4   5  6A  6B    7    8   9   10  11  12  13   14  15   16   17  18
                                     12Z  AVG MX 2MIN
DY MAX MIN AVG DEP HDD CDD  WTR  SNW DPTH SPD SPD DIR MIN PSBL S-S WX    SPD DR
================================================================================

 1  53  43  48  -3  17   0 0.56    M    0   M   M   M   M    M   0         M  M
 2  55  46  51   0  14   0 0.63    M    0   M   M   M   M    M   0         M  M
 3  50  34  42 -10  23   0 0.03    M    0   M   M   M   M    M   0         M  M
 4  64  30  47  -5  18   0 0.00  0.0    0   M   M   M   M    M   0         M  M
 5  54  45  50  -3  15   0 0.34    M    0   M   M   M   M    M   0         M  M
 6  68  46  57   4   8   0 0.09    M    0   M   M   M   M    M   0         M  M
 7  59  38  49  -4  16   0 0.46    M    0   M   M   M   M    M   0         M  M
 8  44  34  39 -15  26   0 0.00  0.0    0   M   M   M   M    M   0         M  M
 9  48  33  41 -13  24   0 0.00  0.0    0   M   M   M   M    M   0         M  M
10  52  37  45  -9  20   0 0.00  0.0    0   M   M   M   M    M   0         M  M
11  62  40  51  -4  14   0 0.00  0.0    0   M   M   M   M    M   0         M  M
12  68  36  52  -3  13   0 0.00  0.0    0   M   M   M   M    M   0         M  M
13  64  42  53  -2  12   0 0.08    M    0   M   M   M   M    M   0         M  M
14  49  43  46 -10  19   0 0.59    M    0   M   M   M   M    M   0         M  M
15  60  44  52  -4  13   0 0.23  0.0    0   M   M   M   M    M   M         M  M
16  72  42  57   1   8   0 0.00  0.0    0   M   M   M   M    M   0         M  M
17  89  46  68  11   0   3 0.00  0.0    0   M   M   M   M    M   0         M  M
18  91  57  74  17   0   9 0.21  0.0    0   M   M   M   M    M   0         M  M
19  71  44  58   0   7   0 0.00  0.0    0   M   M   M   M    M   0         M  M
20  64  40  52  -6  13   0 0.00  0.0    0   M   M   M   M    M   0         M  M
21  69  34  52  -6  13   0 0.00  0.0    0   M   M   M   M    M   0         M  M
22  57  48  53  -5  12   0 0.42    M    0   M   M   M   M    M   0         M  M
23  72  48  60   1   5   0 0.00  0.0    0   M   M   M   M    M   0         M  M
24  74  47  61   2   4   0 0.00  0.0    0   M   M   M   M    M   0         M  M
25  66  50  58  -1   7   0 0.04  0.0    0   M   M   M   M    M   0         M  M
26  57  50  54  -6  11   0 0.62  0.0    0   M   M   M   M    M   0         M  M
================================================================================
SM 1632 1097       332  12  4.30     0.0     M          M        0
================================================================================
AV 62.8 42.2                                 M FASTST   M    M   0    MAX(MPH)
                                 MISC ---->     M   M                  M    M
================================================================================
NOTES:
# LAST OF SEVERAL OCCURRENCES

COLUMN 17 PEAK WIND IN M.P.H.

PRELIMINARY LOCAL CLIMATOLOGICAL DATA (WS FORM: F-6) , PAGE 2

                                          STATION:  SAINT JOHNSBURY VT
                                          MONTH:    MAY
                                          YEAR:     2017
                                          LATITUDE:   44 25 N
                                          LONGITUDE:  72  1 W

[TEMPERATURE DATA]      [PRECIPITATION DATA]       SYMBOLS USED IN COLUMN 16

AVERAGE MONTHLY: 52.5   TOTAL FOR MONTH:   4.30    1 = FOG OR MIST
DPTR FM NORMAL:  -3.0   DPTR FM NORMAL:    1.52    2 = FOG REDUCING VISIBILITY
HIGHEST:    91 ON 18    GRTST 24HR  0.63 ON  2- 2      TO 1/4 MILE OR LESS
LOWEST:     30 ON  4                               3 = THUNDER
                        SNOW, ICE PELLETS, HAIL    4 = ICE PELLETS
                        TOTAL MONTH:   0.0 INCH    5 = HAIL
                        GRTST 24HR     0.0         6 = FREEZING RAIN OR DRIZZLE
                        GRTST DEPTH:   0           7 = DUSTSTORM OR SANDSTORM:
                                                       VSBY 1/2 MILE OR LESS
                                                   8 = SMOKE OR HAZE
[NO. OF DAYS WITH]      [WEATHER - DAYS WITH]      9 = BLOWING SNOW
                                                   X = TORNADO
MAX 32 OR BELOW:   0    0.01 INCH OR MORE:  13
MAX 90 OR ABOVE:   1    0.10 INCH OR MORE:   9
MIN 32 OR BELOW:   1    0.50 INCH OR MORE:   4
MIN  0 OR BELOW:   0    1.00 INCH OR MORE:   0

[HDD (BASE 65) ]
TOTAL THIS MO.   332    CLEAR  (SCALE 0-3)  25
DPTR FM NORMAL    75    PTCLDY (SCALE 4-7)   0
TOTAL FM JUL 1  7139    CLOUDY (SCALE 8-10)  0
DPTR FM NORMAL  -537

[CDD (BASE 65) ]
TOTAL THIS MO.    12
DPTR FM NORMAL     3    [PRESSURE DATA]
TOTAL FM JAN 1    13    HIGHEST SLP M ON M
DPTR FM NORMAL     3    LOWEST  SLP 29.50 ON 15

[REMARKS]
