000
CXUS54 KLCH 290813
CF6ARA
PRELIMINARY LOCAL CLIMATOLOGICAL DATA (WS FORM: F-6)

                                          STATION:   NEW IBERIA
                                          MONTH:     APRIL
                                          YEAR:      2017
                                          LATITUDE:   30  1 N
                                          LONGITUDE:  91 53 W

  TEMPERATURE IN F:       :PCPN:    SNOW:  WIND      :SUNSHINE: SKY     :PK WND
================================================================================
1   2   3   4   5  6A  6B    7    8   9   10  11  12  13   14  15   16   17  18
                                     12Z  AVG MX 2MIN
DY MAX MIN AVG DEP HDD CDD  WTR  SNW DPTH SPD SPD DIR MIN PSBL S-S WX    SPD DR
================================================================================

 1  83  59  71   6   0   6    T    M    M 10.7140  23   M    M   M       140  29
 2  82  68  75  10   0  10 0.17  0.0    0 17.5 37 150   M    M   9 13     48 150
 3  81  62  72   7   0   7 0.34  0.0    0  7.2 25 270   M    M   4 13     32 280
 4  86  57  72   7   0   7 0.00  0.0    0  6.1 17 160   M    M   2 12     22 150
 5  82  55  69   3   0   4 0.00  0.0    0 12.5 25 310   M    M   4 18     32 310
 6  74  50  62  -4   3   0 0.00  0.0    0  8.5 25 320   M    M   0 8      33 310
 7  76  48  62  -4   3   0 0.00  0.0    0  4.6 15 330   M    M   0        24 300
 8  77  51  64  -2   1   0 0.00  0.0    0  5.3 15 150   M    M   0        20 210
 9  78  52  65  -1   0   0 0.00  0.0    0 10.1 20 150   M    M   M        28 200
10  81  61  71   4   0   6 0.00  0.0    0  9.5 20 150   M    M   4        28 150
11  83  64  74   7   0   9 0.00  0.0    0  9.4 20 210   M    M   2        23 160
12  82  60  71   4   0   6    T  0.0    0  6.5 17 170   M    M   3        22 160
13  84  59  72   5   0   7 0.00  0.0    0  4.5 14  90   M    M   1 18     18  80
14  83  60  72   4   0   7 0.12  0.0    0  8.1 18  80   M    M   4 1      25 140
15  83  67  75   7   0  10 0.02  0.0    0 10.4 20 180   M    M   4 3      25 140
16  83  66  75   7   0  10 0.01  0.0    0  8.7 17 200   M    M   3 3      22 190
17  84  67  76   8   0  11 0.83  0.0    0  5.7 18 200   M    M   6 1238   25 190
18  83  67  75   7   0  10 0.00  0.0    0  8.0 17 190   M    M   3 13     21 190
19  84  64  74   5   0   9 0.03  0.0    0  7.1 18 100   M    M   4 13     23 100
20  85  67  76   7   0  11 0.06  0.0    0  8.2 20 170   M    M   4 1      23 170
21  84  66  75   6   0  10 0.00  0.0    0  8.8 18 180   M    M   2 1      22 160
22  85  63  74   4   0   9 0.01  0.0    0  9.5 21 290   M    M   5        26 200
23   M   M   M   M   M   M 0.00  0.0    0   M   M   M   M    M   M         M  M
24  80  49  65  -5   0   0 0.00  0.0    0  6.2 16 320   M    M   0 1      21 340
25  79  53  66  -4   0   1 0.00  0.0    0  9.9 21 160   M    M   M        25 170
26  84  67  76   5   0  11    T  0.0    0 13.9 30 160   M    M   9 1      35 170
27  86  59  73   2   0   8 0.00  0.0    0  8.3 17 360   M    M   4        23 330
28  86  75  81  10   0  16    T  0.0    0 18.3 26 160   M    M  10        34 160
================================================================================
SM 2218 1636         7 185  1.59     0.0 243.5          M       87
================================================================================
AV 82.2 60.6                               9.0 FASTST   M    M   4    MAX(MPH)
                                 MISC ---->  #140  23               #140   29
================================================================================
NOTES:
# LAST OF SEVERAL OCCURRENCES

COLUMN 17 PEAK WIND IN M.P.H.

PRELIMINARY LOCAL CLIMATOLOGICAL DATA (WS FORM: F-6) , PAGE 2

                                          STATION:  NEW IBERIA
                                          MONTH:    APRIL
                                          YEAR:     2017
                                          LATITUDE:   30  1 N
                                          LONGITUDE:  91 53 W

[TEMPERATURE DATA]      [PRECIPITATION DATA]       SYMBOLS USED IN COLUMN 16

AVERAGE MONTHLY: 71.4   TOTAL FOR MONTH:   1.59    1 = FOG OR MIST
DPTR FM NORMAL:   3.6   DPTR FM NORMAL:   -2.25    2 = FOG REDUCING VISIBILITY
HIGHEST:    86 ON 28,27 GRTST 24HR  0.83 ON 17-17      TO 1/4 MILE OR LESS
LOWEST:     48 ON  7                               3 = THUNDER
                        SNOW, ICE PELLETS, HAIL    4 = ICE PELLETS
                        TOTAL MONTH:   0.0 INCH    5 = HAIL
                        GRTST 24HR     0.0         6 = FREEZING RAIN OR DRIZZLE
                        GRTST DEPTH:   0           7 = DUSTSTORM OR SANDSTORM:
                                                       VSBY 1/2 MILE OR LESS
                                                   8 = SMOKE OR HAZE
[NO. OF DAYS WITH]      [WEATHER - DAYS WITH]      9 = BLOWING SNOW
                                                   X = TORNADO
MAX 32 OR BELOW:   0    0.01 INCH OR MORE:   9
MAX 90 OR ABOVE:   0    0.10 INCH OR MORE:   4
MIN 32 OR BELOW:   0    0.50 INCH OR MORE:   1
MIN  0 OR BELOW:   0    1.00 INCH OR MORE:   0

[HDD (BASE 65) ]
TOTAL THIS MO.     7    CLEAR  (SCALE 0-3)  10
DPTR FM NORMAL   -36    PTCLDY (SCALE 4-7)  11
TOTAL FM JUL 1   707    CLOUDY (SCALE 8-10)  3
DPTR FM NORMAL  -700

[CDD (BASE 65) ]
TOTAL THIS MO.   185
DPTR FM NORMAL    63    [PRESSURE DATA]
TOTAL FM JAN 1   445    HIGHEST SLP M ON M
DPTR FM NORMAL   240    LOWEST  SLP 29.54 ON 26

[REMARKS]
