000
CXUS54 KEPZ 241200
CF6ELP
PRELIMINARY LOCAL CLIMATOLOGICAL DATA (WS FORM: F-6)

                                          STATION:   EL PASO
                                          MONTH:     JULY
                                          YEAR:      2016
                                          LATITUDE:   31 47 N
                                          LONGITUDE: 106 24 W

  TEMPERATURE IN F:       :PCPN:    SNOW:  WIND      :SUNSHINE: SKY     :PK WND
================================================================================
1   2   3   4   5  6A  6B    7    8   9   10  11  12  13   14  15   16   17  18
                                     12Z  AVG MX 2MIN
DY MAX MIN AVG DEP HDD CDD  WTR  SNW DPTH SPD SPD DIR MIN PSBL S-S WX    SPD DR
================================================================================

 1  89  72  81  -3   0  16    T  0.0    0  6.5 28 280   M    M   6 3      33 280
 2  96  70  83  -1   0  18 0.00  0.0    0 13.4 24 250   M    M   5        31 290
 3 101  73  87   3   0  22 0.00  0.0    0 10.2 25 280   M    M   1        34 280
 4 104  75  90   6   0  25 0.00  0.0    0  7.8 28 280   M    M   2        35 290
 5 105  76  91   7   0  26 0.00  0.0    0  8.0 26 160   M    M   4 8      33 170
 6 104  84  94  11   0  29 0.00  0.0    0 10.9 25 300   M    M   4        34 290
 7 101  80  91   8   0  26 0.00  0.0    0 13.1 35 250   M    M   3 78     44 250
 8 102  75  89   6   0  24 0.00  0.0    0  9.5 22 170   M    M   5        29 140
 9 102  76  89   6   0  24 0.00  0.0    0  9.4 32  90   M    M   4 378    42  80
10 105  77  91   8   0  26 0.00  0.0    0  9.5 16 260   M    M   1        27 190
11 105  78  92   9   0  27 0.00  0.0    0 10.7 25 240   M    M   2        32 250
12 104  79  92   9   0  27 0.00  0.0    0 10.4 22 270   M    M   1        30 250
13 107  80  94  11   0  29 0.00  0.0    0  6.8 18 290   M    M   1        24 320
14 108  75  92   9   0  27 0.00  0.0    0  7.6 18 350   M    M   2        25  10
15 104  76  90   7   0  25 0.05  0.0    0 10.9 44  40   M    M   5 378    56  40
16 101  71  86   3   0  21 0.00  0.0    0  7.4 20 150   M    M   4        25 150
17 103  78  91   8   0  26 0.00  0.0    0  7.9 25 250   M    M   4 3      29 250
18 102  76  89   6   0  24 0.04  0.0    0  7.3 23 200   M    M   3 3      32 190
19  99  74  87   4   0  22 0.00  0.0    0  9.1 25 250   M    M   5 3      30 250
20 100  74  87   4   0  22 0.00  0.0    0  6.5 16 150   M    M   3        19 200
21 101  78  90   8   0  25 0.04  0.0    0  7.0 16 200   M    M   3        23 110
22 105  76  91   9   0  26 0.00  0.0    0  5.3 16 150   M    M   2        22 140
23 104  78  91   9   0  26 0.00  0.0    0  3.7 10 170   M    M   2        15 140
================================================================================
SM 2352 1751         0 563  0.13     0.0 198.9          M       72
================================================================================
AV102.3 76.1                               8.6 FASTST   M    M   3    MAX(MPH)
                                 MISC ---->  # 44  40               # 56   40
================================================================================
NOTES:
# LAST OF SEVERAL OCCURRENCES

COLUMN 17 PEAK WIND IN M.P.H.

PRELIMINARY LOCAL CLIMATOLOGICAL DATA (WS FORM: F-6) , PAGE 2

                                          STATION:  EL PASO
                                          MONTH:    JULY
                                          YEAR:     2016
                                          LATITUDE:   31 47 N
                                          LONGITUDE: 106 24 W

[TEMPERATURE DATA]      [PRECIPITATION DATA]       SYMBOLS USED IN COLUMN 16

AVERAGE MONTHLY: 89.2   TOTAL FOR MONTH:   0.13    1 = FOG OR MIST
DPTR FM NORMAL:   6.1   DPTR FM NORMAL:   -0.92    2 = FOG REDUCING VISIBILITY
HIGHEST:   108 ON 14    GRTST 24HR  0.05 ON 15-15      TO 1/4 MILE OR LESS
LOWEST:     70 ON  2                               3 = THUNDER
                        SNOW, ICE PELLETS, HAIL    4 = ICE PELLETS
                        TOTAL MONTH:   0.0 INCH    5 = HAIL
                        GRTST 24HR     0.0         6 = FREEZING RAIN OR DRIZZLE
                        GRTST DEPTH:   0           7 = DUSTSTORM OR SANDSTORM:
                                                       VSBY 1/2 MILE OR LESS
                                                   8 = SMOKE OR HAZE
[NO. OF DAYS WITH]      [WEATHER - DAYS WITH]      9 = BLOWING SNOW
                                                   X = TORNADO
MAX 32 OR BELOW:   0    0.01 INCH OR MORE:   3
MAX 90 OR ABOVE:  22    0.10 INCH OR MORE:   0
MIN 32 OR BELOW:   0    0.50 INCH OR MORE:   0
MIN  0 OR BELOW:   0    1.00 INCH OR MORE:   0

[HDD (BASE 65) ]
TOTAL THIS MO.     0    CLEAR  (SCALE 0-3)  10
DPTR FM NORMAL     0    PTCLDY (SCALE 4-7)  13
TOTAL FM JUL 1     0    CLOUDY (SCALE 8-10)  0
DPTR FM NORMAL     0

[CDD (BASE 65) ]
TOTAL THIS MO.   563
DPTR FM NORMAL   149    [PRESSURE DATA]
TOTAL FM JAN 1  1551    HIGHEST SLP M ON M
DPTR FM NORMAL   258    LOWEST  SLP 29.59 ON M

[REMARKS]
