000
CXUS54 KOUN 280800
CF6LAW
PRELIMINARY LOCAL CLIMATOLOGICAL DATA (WS FORM: F-6)

                                          STATION:   LAWTON MUNICIPAL
                                          MONTH:     NOVEMBER
                                          YEAR:      2014
                                          LATITUDE:   34 34 N
                                          LONGITUDE:  98 25 W

  TEMPERATURE IN F:       :PCPN:    SNOW:  WIND      :SUNSHINE: SKY     :PK WND
================================================================================
1   2   3   4   5  6A  6B    7    8   9   10  11  12  13   14  15   16   17  18
                                     12Z  AVG MX 2MIN
DY MAX MIN AVG DEP HDD CDD  WTR  SNW DPTH SPD SPD DIR MIN PSBL S-S WX    SPD DR
================================================================================

 1  62  32  47 -11  18   0 0.00  0.0    0 10.4 20 160   M    M   0        25 140
 2  67  46  57   0   8   0 0.00  0.0    0 14.4 26 170   M    M   2        35 170
 3  69  53  61   4   4   0    T  0.0    0 13.9 25 170   M    M   8        32 180
 4  67  48  58   2   7   0 1.45  0.0    0 10.8 30  10   M    M   6 13     36 360
 5  61  43  52  -4  13   0 0.00  0.0    0  2.3  7 200   M    M   0         9 350
 6  69  39  54  -1  11   0 0.00  0.0    0  6.9 20  20   M    M   0        23  20
 7  71  35  53  -2  12   0 0.00  0.0    0  7.2 21 190   M    M   0        28 190
 8  67  38  53  -1  12   0 0.00  0.0    0 10.8 28  10   M    M   0        35  10
 9  77  36  57   3   8   0 0.00  0.0    0  9.3 23 200   M    M   0        31 190
10  83  40  62   8   3   0 0.00  0.0    0 17.5 48 360   M    M   0        62  10
11  43  30  37 -16  28   0 0.00  0.0    0 21.4 40 360   M    M   1        50  10
12  31  24  28 -24  37   0 0.00  0.0    0 19.6 26  10   M    M   7        34  30
13  37  24  31 -21  34   0 0.00  0.0    0 12.0 23 360   M    M   5        28 360
14  38  21  30 -22  35   0 0.00  0.0    0  5.6 13 130   M    M   5        16 170
15  56  31  44  -7  21   0 0.00  0.0    0 14.2 25 170   M    M   1 1      32 160
16  41  21  31 -20  34   0 0.02    M    0 15.2 31  10   M    M  10 18     38 360
17  40  17  29 -21  36   0 0.00  0.0    0  8.0 18  10   M    M   0        23 360
18  54  19  37 -13  28   0 0.00  0.0    0  6.3 17 220   M    M   0        23 210
19  62  22  42  -7  23   0 0.00  0.0    0  3.7  9  60   M    M   0        12  80
20  65  29  47  -2  18   0 0.00  0.0    0  6.0 12 130   M    M   0        15 130
21  64  43  54   6  11   0 0.00  0.0    0  6.2 14 170   M    M   7 12     18 170
22  64  53  59  11   6   0 2.30  0.0    0 13.0 28 110   M    M   9 123    34 120
23  66  42  54   6  11   0 0.00  0.0    0 11.3 30 340   M    M   7 12     39 340
24  61  34  48   1  17   0 0.00  0.0    0  6.5 15 310   M    M   0        23 280
25  56  33  45  -2  20   0 0.00  0.0    0  6.7 14 350   M    M   0 8      16 350
26  60  31  46   0  19   0 0.00  0.0    0 10.6 25 350   M    M   0        33 340
27  53  30  42  -4  23   0 0.00  0.0    0  6.2 18  20   M    M   0        23  30
================================================================================
SM 1584  914       497   0  3.77     0.0 276.0          M       68
================================================================================
AV 58.7 33.9                              10.2 FASTST   M    M   3    MAX(MPH)
                                 MISC ---->  # 48 360               # 62   10
================================================================================
NOTES:
# LAST OF SEVERAL OCCURRENCES

COLUMN 17 PEAK WIND IN M.P.H.

PRELIMINARY LOCAL CLIMATOLOGICAL DATA (WS FORM: F-6) , PAGE 2

                                          STATION:  LAWTON MUNICIPAL
                                          MONTH:    NOVEMBER
                                          YEAR:     2014
                                          LATITUDE:   34 34 N
                                          LONGITUDE:  98 25 W

[TEMPERATURE DATA]      [PRECIPITATION DATA]       SYMBOLS USED IN COLUMN 16

AVERAGE MONTHLY: 46.3   TOTAL FOR MONTH:   3.77    1 = FOG OR MIST
DPTR FM NORMAL:  -5.4   DPTR FM NORMAL:    2.15    2 = FOG REDUCING VISIBILITY
HIGHEST:    83 ON 10    GRTST 24HR  2.30 ON 22-22      TO 1/4 MILE OR LESS
LOWEST:     17 ON 17                               3 = THUNDER
                        SNOW, ICE PELLETS, HAIL    4 = ICE PELLETS
                        TOTAL MONTH:   0.0 INCH    5 = HAIL
                        GRTST 24HR     0.0         6 = FREEZING RAIN OR DRIZZLE
                        GRTST DEPTH:   0           7 = DUSTSTORM OR SANDSTORM:
                                                       VSBY 1/2 MILE OR LESS
                                                   8 = SMOKE OR HAZE
[NO. OF DAYS WITH]      [WEATHER - DAYS WITH]      9 = BLOWING SNOW
                                                   X = TORNADO
MAX 32 OR BELOW:   1    0.01 INCH OR MORE:   3
MAX 90 OR ABOVE:   0    0.10 INCH OR MORE:   2
MIN 32 OR BELOW:  13    0.50 INCH OR MORE:   2
MIN  0 OR BELOW:   0    1.00 INCH OR MORE:   2

[HDD (BASE 65) ]
TOTAL THIS MO.   497    CLEAR  (SCALE 0-3)  18
DPTR FM NORMAL   130    PTCLDY (SCALE 4-7)   6
TOTAL FM JUL 1   568    CLOUDY (SCALE 8-10)  3
DPTR FM NORMAL    65

[CDD (BASE 65) ]
TOTAL THIS MO.     0
DPTR FM NORMAL    -4    [PRESSURE DATA]
TOTAL FM JAN 1  2432    HIGHEST SLP M ON M
DPTR FM NORMAL   114    LOWEST  SLP 29.31 ON 23

[REMARKS]
