000
CXUS54 KOUN 180700
CF6LAW
PRELIMINARY LOCAL CLIMATOLOGICAL DATA (WS FORM: F-6)

                                          STATION:   LAWTON-FORT SILL REGIONAL
                                          MONTH:     OCTOBER
                                          YEAR:      2017
                                          LATITUDE:   34 34 N
                                          LONGITUDE:  98 25 W

  TEMPERATURE IN F:       :PCPN:    SNOW:  WIND      :SUNSHINE: SKY     :PK WND
================================================================================
1   2   3   4   5  6A  6B    7    8   9   10  11  12  13   14  15   16   17  18
                                     12Z  AVG MX 2MIN
DY MAX MIN AVG DEP HDD CDD  WTR  SNW DPTH SPD SPD DIR MIN PSBL S-S WX    SPD DR
================================================================================

 1  84  58  71   2   0   6 0.00  0.0    0  8.5 18 160   M    M   0        24 170
 2  88  63  76   7   0  11 0.00  0.0    0 12.1 23 170   M    M   0        30 180
 3  87  68  78  10   0  13 0.10  0.0    0  9.4 18 150   M    M   4 1      25 150
 4  82  73  78  10   0  13 0.12  0.0    0  8.1 17 170   M    M   5 13     22 190
 5  87  68  78  10   0  13 0.06  0.0    0  6.5 14 130   M    M   3 1      18 170
 6  87  67  77  10   0  12 0.00  0.0    0 11.4 21 170   M    M   0        28 170
 7  82  54  68   1   0   3 0.21  0.0    0  4.6 16 280   M    M   1 13     20 280
 8  86  49  68   1   0   3 0.00  0.0    0  6.5 20 170   M    M   0 1      26 170
 9  80  54  67   1   0   2 0.00  0.0    0 10.0 29 350   M    M   1 18     39 350
10  66  45  56 -10   9   0 0.00  0.0    0 11.6 24 340   M    M   0        35 340
11  71  42  57  -9   8   0 0.00  0.0    0  2.5 10 140   M    M   0        14 130
12  86  51  69   4   0   4 0.00  0.0    0  7.9 20 190   M    M   0        24 180
13  88  63  76  11   0  11 0.00  0.0    0  9.8 17 200   M    M   0        23 210
14  91  62  77  13   0  12 0.19  0.0    0 13.0 43 350   M    M   0 13     53 350
15  70  44  57  -7   8   0    T  0.0    0 15.3 33  10   M    M   1 1      43 360
16  72  41  57  -7   8   0 0.00  0.0    0  1.9 10  70   M    M   0 1      13  60
17  77  40  59  -4   6   0 0.00  0.0    0  6.4 17 180   M    M   0        22 180
================================================================================
SM 1384  942        39 103  0.68     0.0 145.5          M       15
================================================================================
AV 81.4 55.4                               8.6 FASTST   M    M   1    MAX(MPH)
                                 MISC ---->  # 43 350               # 53  350
================================================================================
NOTES:
# LAST OF SEVERAL OCCURRENCES

COLUMN 17 PEAK WIND IN M.P.H.

PRELIMINARY LOCAL CLIMATOLOGICAL DATA (WS FORM: F-6) , PAGE 2

                                          STATION:  LAWTON-FORT SILL REGIONAL
                                          MONTH:    OCTOBER
                                          YEAR:     2017
                                          LATITUDE:   34 34 N
                                          LONGITUDE:  98 25 W

[TEMPERATURE DATA]      [PRECIPITATION DATA]       SYMBOLS USED IN COLUMN 16

AVERAGE MONTHLY: 68.4   TOTAL FOR MONTH:   0.68    1 = FOG OR MIST
DPTR FM NORMAL:   2.2   DPTR FM NORMAL:   -1.37    2 = FOG REDUCING VISIBILITY
HIGHEST:    91 ON 14    GRTST 24HR  0.21 ON  7- 7      TO 1/4 MILE OR LESS
LOWEST:     40 ON 17                               3 = THUNDER
                        SNOW, ICE PELLETS, HAIL    4 = ICE PELLETS
                        TOTAL MONTH:   0.0 INCH    5 = HAIL
                        GRTST 24HR     0.0         6 = FREEZING RAIN OR DRIZZLE
                        GRTST DEPTH:   0           7 = DUSTSTORM OR SANDSTORM:
                                                       VSBY 1/2 MILE OR LESS
                                                   8 = SMOKE OR HAZE
[NO. OF DAYS WITH]      [WEATHER - DAYS WITH]      9 = BLOWING SNOW
                                                   X = TORNADO
MAX 32 OR BELOW:   0    0.01 INCH OR MORE:   5
MAX 90 OR ABOVE:   1    0.10 INCH OR MORE:   4
MIN 32 OR BELOW:   0    0.50 INCH OR MORE:   0
MIN  0 OR BELOW:   0    1.00 INCH OR MORE:   0

[HDD (BASE 65) ]
TOTAL THIS MO.    39    CLEAR  (SCALE 0-3)  15
DPTR FM NORMAL    -5    PTCLDY (SCALE 4-7)   2
TOTAL FM JUL 1    41    CLOUDY (SCALE 8-10)  0
DPTR FM NORMAL   -14

[CDD (BASE 65) ]
TOTAL THIS MO.   103
DPTR FM NORMAL    38    [PRESSURE DATA]
TOTAL FM JAN 1  2139    HIGHEST SLP M ON M
DPTR FM NORMAL  -155    LOWEST  SLP 29.56 ON  8

[REMARKS]
