000
CXUS56 KOTX 230900
CF6MWH
PRELIMINARY LOCAL CLIMATOLOGICAL DATA (WS FORM: F-6)

                                          STATION:   MOSES LAKE WA AIRPORT
                                          MONTH:     AUGUST
                                          YEAR:      2017
                                          LATITUDE:   47 12 N
                                          LONGITUDE: 119 19 W

  TEMPERATURE IN F:       :PCPN:    SNOW:  WIND      :SUNSHINE: SKY     :PK WND
================================================================================
1   2   3   4   5  6A  6B    7    8   9   10  11  12  13   14  15   16   17  18
                                     12Z  AVG MX 2MIN
DY MAX MIN AVG DEP HDD CDD  WTR  SNW DPTH SPD SPD DIR MIN PSBL S-S WX    SPD DR
================================================================================

 1 101  56  79   5   0  14 0.00    M    M  4.7 12 360   M    M   0 8      15 230
 2 101  66  84  10   0  19 0.00    M    M  7.5 17 360   M    M   2 8      21  20
 3 100  63  82   8   0  17 0.00    M    M  6.3 12 250   M    M   0 8      15 160
 4  97  58  78   4   0  13 0.00    M    M  6.9 18 350   M    M   5 8      22 350
 5  97  64  81   7   0  16 0.00    M    M  4.7 13 350   M    M   0 8      17  30
 6  97  58  78   4   0  13 0.00    M    M  5.0 10  50   M    M   0 8      12 240
 7  99  64  82   8   0  17 0.00    M    M  5.2 10 360   M    M   0 8      13 210
 8  99  62  81   8   0  16 0.00    M    M  5.0  9 220   M    M   0 8      13 220
 9 100  62  81   8   0  16 0.00    M    M  5.5 10 350   M    M   0 8      12  10
10  99  62  81   8   0  16 0.00    M    M  4.5 10 350   M    M   0 8      15 140
11 101  62  82   9   0  17 0.00    M    M  5.1 12  20   M    M   0 8      13  20
12  92  62  77   4   0  12    T    M    M  5.9 15 140   M    M   1 8      17 140
13  85  59  72  -1   0   7 0.02    M    M 11.6 23 220   M    M   2 8      30 220
14  79  56  68  -4   0   3 0.00    M    M  6.9 14 200   M    M   0        18 190
15  84  48  66  -6   0   1 0.00    M    M  4.3 12 220   M    M   0        15 200
16  90  50  70  -2   0   5 0.00    M    M  6.7 15 270   M    M   0        21 210
17  87  59  73   1   0   8 0.00    M    M  6.4 15 200   M    M   0        18 200
18  93  51  72   0   0   7 0.00    M    M  6.1 20 280   M    M   0        23 260
19  85  54  70  -1   0   5 0.00    M    M  7.1 17 310   M    M   0        22 320
20  83  53  68  -3   0   3 0.00    M    M  4.4  9 180   M    M   0        12 220
21  89  52  71   0   0   6 0.00    M    M  5.1 10 270   M    M   0        13 190
22  93  55  74   4   0   9 0.00    M    M  5.5 12  30   M    M   0        14  20
================================================================================
SM 2051 1276         0 240  0.02    M    130.4          M       10
================================================================================
AV 93.2 58.0                               5.9 FASTST   M    M   0    MAX(MPH)
                                 MISC ---->  # 23 220               # 30  220
================================================================================
NOTES:
# LAST OF SEVERAL OCCURRENCES

COLUMN 17 PEAK WIND IN M.P.H.

PRELIMINARY LOCAL CLIMATOLOGICAL DATA (WS FORM: F-6) , PAGE 2

                                          STATION:  MOSES LAKE WA AIRPORT
                                          MONTH:    AUGUST
                                          YEAR:     2017
                                          LATITUDE:   47 12 N
                                          LONGITUDE: 119 19 W

[TEMPERATURE DATA]      [PRECIPITATION DATA]       SYMBOLS USED IN COLUMN 16

AVERAGE MONTHLY: 75.6   TOTAL FOR MONTH:   0.02    1 = FOG OR MIST
DPTR FM NORMAL:   2.9   DPTR FM NORMAL:   -0.16    2 = FOG REDUCING VISIBILITY
HIGHEST:   101 ON 11, 2 GRTST 24HR  0.02 ON 13-13      TO 1/4 MILE OR LESS
LOWEST:     48 ON 15                               3 = THUNDER
                        SNOW, ICE PELLETS, HAIL    4 = ICE PELLETS
                        TOTAL MONTH:    M          5 = HAIL
                        GRTST 24HR    M  ON   M    6 = FREEZING RAIN OR DRIZZLE
                        GRTST DEPTH:  M  ON   M    7 = DUSTSTORM OR SANDSTORM:
                                                       VSBY 1/2 MILE OR LESS
                                                   8 = SMOKE OR HAZE
[NO. OF DAYS WITH]      [WEATHER - DAYS WITH]      9 = BLOWING SNOW
                                                   X = TORNADO
MAX 32 OR BELOW:   0    0.01 INCH OR MORE:   1
MAX 90 OR ABOVE:  15    0.10 INCH OR MORE:   0
MIN 32 OR BELOW:   0    0.50 INCH OR MORE:   0
MIN  0 OR BELOW:   0    1.00 INCH OR MORE:   0

[HDD (BASE 65) ]
TOTAL THIS MO.     0    CLEAR  (SCALE 0-3)  21
DPTR FM NORMAL     0    PTCLDY (SCALE 4-7)   1
TOTAL FM JUL 1     0    CLOUDY (SCALE 8-10)  0
DPTR FM NORMAL    -8

[CDD (BASE 65) ]
TOTAL THIS MO.   240
DPTR FM NORMAL    68    [PRESSURE DATA]
TOTAL FM JAN 1   720    HIGHEST SLP M ON M
DPTR FM NORMAL   194    LOWEST  SLP 29.68 ON  4

[REMARKS]
