000
CXUS55 KABQ 231000
CF6ROW
PRELIMINARY LOCAL CLIMATOLOGICAL DATA (WS FORM: F-6)

                                          STATION:   ROSWELL NM
                                          MONTH:     JULY
                                          YEAR:      2016
                                          LATITUDE:   33 17 N
                                          LONGITUDE: 104 32 W

  TEMPERATURE IN F:       :PCPN:    SNOW:  WIND      :SUNSHINE: SKY     :PK WND
================================================================================
1   2   3   4   5  6A  6B    7    8   9   10  11  12  13   14  15   16   17  18
                                     12Z  AVG MX 2MIN
DY MAX MIN AVG DEP HDD CDD  WTR  SNW DPTH SPD SPD DIR MIN PSBL S-S WX    SPD DR
================================================================================

 1 100  67  84   4   0  19    T  0.0    0 12.1 31 250   M    M   3        38 230
 2 101  71  86   6   0  21 0.00  0.0    0  8.7 18 290   M    M   2        24 300
 3 104  72  88   8   0  23 0.00  0.0    0 10.4 23 340   M    M   0        31 340
 4 105  72  89   8   0  24    T  0.0    0 10.4 33 160   M    M   0 3      40 170
 5 108  68  88   7   0  23    T  0.0    0  7.2 29 150   M    M   0 3      36 150
 6 106  70  88   7   0  23    T  0.0    0  9.8 37 250   M    M   0        47 250
 7 105  72  89   8   0  24    T  0.0    0 10.0 41 270   M    M   1 3      56 270
 8 104  74  89   8   0  24    T  0.0    0 11.5 32  20   M    M   0 3      41  20
 9 103  72  88   7   0  23 0.00  0.0    0  8.2 21 170   M    M   0        25 160
10 108  72  90   9   0  25    T  0.0    0 10.9 25  40   M    M   0 3      38 160
11 110  70  90   9   0  25 0.00  0.0    0 10.0 26 230   M    M   0        37 230
12 107  66  87   6   0  22 0.00  0.0    0  8.8 16 170   M    M   0        23  60
13 109  70  90  10   0  25 0.00  0.0    0  8.3 20  10   M    M   0        25  20
14 109  72  91  11   0  26 0.00  0.0    0  8.3 28 120   M    M   0        33 110
15 102  70  86   6   0  21 0.00  0.0    0  9.5 33 250   M    M   0        39 250
16 103  71  87   7   0  22 0.00  0.0    0  9.5 31 300   M    M   0        40 300
17 106  70  88   8   0  23    T  0.0    0 10.7 24 100   M    M   1 3      32 130
18 103  74  89   9   0  24 0.00  0.0    0 11.2 22 140   M    M   0        35 160
19  99  70  85   5   0  20 0.00  0.0    0  9.3 23 160   M    M   1        28 140
20 101  69  85   5   0  20 0.00  0.0    0  9.7 20 150   M    M   0        27 140
21 104  71  88   8   0  23 0.00  0.0    0  8.2 21 150   M    M   0        26 140
22 104  68  86   6   0  21 0.00  0.0    0  9.3 18 160   M    M   0        25 150
================================================================================
SM 2301 1551         0 501    T      0.0 212.0          M        8
================================================================================
AV104.6 70.5                               9.6 FASTST   M    M   0    MAX(MPH)
                                 MISC ---->  # 41 270               # 56  270
================================================================================
NOTES:
# LAST OF SEVERAL OCCURRENCES

COLUMN 17 PEAK WIND IN M.P.H.

PRELIMINARY LOCAL CLIMATOLOGICAL DATA (WS FORM: F-6) , PAGE 2

                                          STATION:  ROSWELL NM
                                          MONTH:    JULY
                                          YEAR:     2016
                                          LATITUDE:   33 17 N
                                          LONGITUDE: 104 32 W

[TEMPERATURE DATA]      [PRECIPITATION DATA]       SYMBOLS USED IN COLUMN 16

AVERAGE MONTHLY: 87.5   TOTAL FOR MONTH:      T    1 = FOG OR MIST
DPTR FM NORMAL:   7.1   DPTR FM NORMAL:   -1.52    2 = FOG REDUCING VISIBILITY
HIGHEST:   110 ON 11    GRTST 24HR    T  ON 17-17      TO 1/4 MILE OR LESS
LOWEST:     66 ON 12                               3 = THUNDER
                        SNOW, ICE PELLETS, HAIL    4 = ICE PELLETS
                        TOTAL MONTH:   0.0 INCH    5 = HAIL
                        GRTST 24HR     0.0         6 = FREEZING RAIN OR DRIZZLE
                        GRTST DEPTH:   0           7 = DUSTSTORM OR SANDSTORM:
                                                       VSBY 1/2 MILE OR LESS
                                                   8 = SMOKE OR HAZE
[NO. OF DAYS WITH]      [WEATHER - DAYS WITH]      9 = BLOWING SNOW
                                                   X = TORNADO
MAX 32 OR BELOW:   0    0.01 INCH OR MORE:   0
MAX 90 OR ABOVE:  22    0.10 INCH OR MORE:   0
MIN 32 OR BELOW:   0    0.50 INCH OR MORE:   0
MIN  0 OR BELOW:   0    1.00 INCH OR MORE:   0

[HDD (BASE 65) ]
TOTAL THIS MO.     0    CLEAR  (SCALE 0-3)  22
DPTR FM NORMAL     0    PTCLDY (SCALE 4-7)   0
TOTAL FM JUL 1     0    CLOUDY (SCALE 8-10)  0
DPTR FM NORMAL     0

[CDD (BASE 65) ]
TOTAL THIS MO.   501
DPTR FM NORMAL   159    [PRESSURE DATA]
TOTAL FM JAN 1  1157    HIGHEST SLP M ON M
DPTR FM NORMAL   193    LOWEST  SLP 29.61 ON 10

[REMARKS]
