000
CXUS54 KHGX 261410
CF6SGR
PRELIMINARY LOCAL CLIMATOLOGICAL DATA (WS FORM: F-6)
STATION: SUGAR LAND/HULL FLD
MONTH: APRIL
YEAR: 2024
LATITUDE: 29 37 N
LONGITUDE: 95 39 W
TEMPERATURE IN F: :PCPN: SNOW: WIND :SUNSHINE: SKY :PK WND
================================================================================
1 2 3 4 5 6A 6B 7 8 9 10 11 12 13 14 15 16 17 18
12Z AVG MX 2MIN
DY MAX MIN AVG DEP HDD CDD WTR SNW DPTH SPD SPD DIR MIN PSBL S-S WX SPD DR
================================================================================
1 82 73 78 10 0 13 0.00 0.0 0 13.4 24 170 M M 8 33 190
2 82 58 70 2 0 5 0.01 0.0 0 11.1 22 340 M M 4 1 33 340
3 76 51 64 -4 1 0 0.00 0.0 0 7.8 18 270 M M 0 26 280
4 83 49 66 -2 0 1 0.00 0.0 0 4.9 15 250 M M 0 20 290
5 85 54 70 2 0 5 0.00 0.0 0 7.6 18 170 M M 0 26 170
6 M 63 M M M M 0.00 0.0 0 6.0 7 140 M M 1 M M
7 M M M M M M M M M M M M M M M M M
8 82 73 78 9 0 13 T 0.0 0 M M M M M M M M
9 81 73 77 8 0 12 0.11 0.0 0 11.1 43 160 M M 10 13 56 160
10 75 62 69 0 0 4 1.43 0.0 0 11.5 33 30 M M 6 13 43 30
11 81 52 67 -2 0 2 0.00 0.0 0 8.6 18 310 M M 0 28 300
12 82 51 67 -2 0 2 0.00 0.0 0 5.5 17 160 M M 0 24 110
13 83 55 69 -1 0 4 0.00 0.0 0 8.8 21 140 M M 1 31 180
14 83 63 73 3 0 8 0.00 0.0 0 10.4 21 160 M M 5 26 170
15 82 70 76 6 0 11 0.00 0.0 0 11.5 25 140 M M 10 35 130
16 84 72 78 8 0 13 0.00 0.0 0 12.8 25 140 M M 9 18 36 140
17 82 74 78 8 0 13 0.00 0.0 0 10.1 18 150 M M 8 1 23 140
18 86 74 80 9 0 15 0.00 0.0 0 10.3 18 160 M M 8 1 26 150
19 86 71 79 8 0 14 0.00 0.0 0 7.1 17 150 M M 9 18 22 150
20 86 63 75 4 0 10 T 0.0 0 10.6 29 30 M M 9 1 42 40
21 73 55 64 -7 1 0 0.25 0.0 0 12.6 26 360 M M 5 13 36 360
22 73 51 62 -10 3 0 0.00 0.0 0 7.1 16 80 M M 0 22 70
23 77 53 65 -7 0 0 0.00 0.0 0 8.4 17 150 M M 6 23 160
24 86 68 77 5 0 12 0.00 0.0 0 8.1 15 130 M M 6 20 130
25 84 68 76 4 0 11 0.00 0.0 0 12.1 21 150 M M 8 29 150
================================================================================
SM 1874 1496 5 168 1.80 0.0 217.4 M 113
================================================================================
AV 81.5 62.3 9.5 FASTST M M 5 MAX(MPH)
MISC ----> 43 160 56 160
================================================================================
NOTES:
# LAST OF SEVERAL OCCURRENCES
COLUMN 17 PEAK WIND IN M.P.H.
PRELIMINARY LOCAL CLIMATOLOGICAL DATA (WS FORM: F-6) , PAGE 2
STATION: SUGAR LAND/HULL FLD
MONTH: APRIL
YEAR: 2024
LATITUDE: 29 37 N
LONGITUDE: 95 39 W
[TEMPERATURE DATA] [PRECIPITATION DATA] SYMBOLS USED IN COLUMN 16
AVERAGE MONTHLY: 71.9 TOTAL FOR MONTH: 1.80 1 = FOG OR MIST
DPTR FM NORMAL: 2.2 DPTR FM NORMAL: -1.59 2 = FOG REDUCING VISIBILITY
HIGHEST: 86 ON 24,20 GRTST 24HR 1.54 ON 9-10 TO 1/4 MILE OR LESS
LOWEST: 49 ON 4 3 = THUNDER
SNOW, ICE PELLETS, HAIL 4 = ICE PELLETS
TOTAL MONTH: 0.0 INCH 5 = HAIL
GRTST 24HR 0.0 6 = FREEZING RAIN OR DRIZZLE
GRTST DEPTH: 0 7 = DUSTSTORM OR SANDSTORM:
VSBY 1/2 MILE OR LESS
8 = SMOKE OR HAZE
[NO. OF DAYS WITH] [WEATHER - DAYS WITH] 9 = BLOWING SNOW
X = TORNADO
MAX 32 OR BELOW: 0 0.01 INCH OR MORE: 4
MAX 90 OR ABOVE: 0 0.10 INCH OR MORE: 3
MIN 32 OR BELOW: 0 0.50 INCH OR MORE: 1
MIN 0 OR BELOW: 0 1.00 INCH OR MORE: 1
[HDD (BASE 65) ]
TOTAL THIS MO. 5 CLEAR (SCALE 0-3) 8
DPTR FM NORMAL -21 PTCLDY (SCALE 4-7) 9
TOTAL FM JUL 1 1030 CLOUDY (SCALE 8-10) 8
DPTR FM NORMAL -114
[CDD (BASE 65) ]
TOTAL THIS MO. 168
DPTR FM NORMAL 23 [PRESSURE DATA]
TOTAL FM JAN 1 343 HIGHEST SLP M ON M
DPTR FM NORMAL 37 LOWEST SLP 29.49 ON 10
[REMARKS]