000
CXUS54 KHGX 261455
CF6SGR
PRELIMINARY LOCAL CLIMATOLOGICAL DATA (WS FORM: F-6)

                                          STATION:   SUGARLAND/HULL FLD
                                          MONTH:     FEBRUARY
                                          YEAR:      2015
                                          LATITUDE:   29 37 N
                                          LONGITUDE:  95 39 W

  TEMPERATURE IN F:       :PCPN:    SNOW:  WIND      :SUNSHINE: SKY     :PK WND
================================================================================
1   2   3   4   5  6A  6B    7    8   9   10  11  12  13   14  15   16   17  18
                                     12Z  AVG MX 2MIN
DY MAX MIN AVG DEP HDD CDD  WTR  SNW DPTH SPD SPD DIR MIN PSBL S-S WX    SPD DR
================================================================================

 1  77  50  64  10   1   0 0.00  0.0    0 11.1 29 340   M    M   6 12     37 340
 2  51  37  44 -10  21   0 0.00  0.0    0 11.7 28 360   M    M   0        34  10
 3  49  44  47  -7  18   0 0.08    M    0  5.5 12  80   M    M   8 1      14  80
 4  61  43  52  -2  13   0 0.16  0.0    0  4.1 13  60   M    M   9 18     15 130
 5  56  42  49  -5  16   0 0.02  0.0    0 10.4 20 360   M    M  10 18     25 360
 6  57  42  50  -4  15   0 0.00  0.0    0  4.4  9 160   M    M   7        12 170
 7  71  37  54   0  11   0 0.00  0.0    0  7.2 18 190   M    M   4 12     40 150
 8  77  52  65  10   0   0 0.00  0.0    0  9.8 23 200   M    M   4 12     32 200
 9  81  54  68  13   0   3 0.00  0.0    0  5.5 16  10   M    M   4 12     20  10
10  75  42  59   4   6   0 0.00  0.0    0  6.3 14 150   M    M   0 1      16 130
11  76  51  64   9   1   0 0.00  0.0    0  5.9 15 140   M    M   4 12     19 140
12  67  48  58   3   7   0 0.00  0.0    0  8.3 20 360   M    M   0 1      25 360
13  68  41  55  -1  10   0 0.00  0.0    0  5.6 13 160   M    M   1        16 140
14  77  44  61   5   4   0 0.00  0.0    0  5.5 15 280   M    M   1 12     20 220
15  72  52  62   6   3   0    T  0.0    0  8.0 20 170   M    M   6 12     29 170
16  68  38  53  -3  12   0 0.20    M    0 13.7 26 320   M    M  10 1      34 330
17  53  34  44 -12  21   0    T  0.0    0  9.5 17  10   M    M   6        22  10
18  64  30  47 -10  18   0 0.00  0.0    0  5.4 15 280   M    M   0        19 290
19  66  35  51  -6  14   0 0.00  0.0    0  8.2 21 150   M    M   2        25 150
20  72  57  65   8   0   0    T  0.0    0 15.9 28 180   M    M  10        37 190
21  77  64  71  14   0   6    T  0.0    0 12.0 22 180   M    M  10 1      31 200
22  81  47  64   7   1   0    T    M    0 10.6 23  20   M    M   9 1      29 330
23  47  36  42 -16  23   0 0.06  0.0    0 14.7 23  20   M    M  10 1      28  20
24  41  34  38 -20  27   0 0.00  0.0    0  7.4 15 360   M    M  10 18     17 360
25  51  39  45 -13  20   0 0.08  0.0    0  8.6 17 320   M    M   7 1      23 320
================================================================================
SM 1635 1093       262   9  0.60     0.0 215.3          M      138
================================================================================
AV 65.4 43.7                               8.6 FASTST   M    M   6    MAX(MPH)
                                 MISC ---->  # 29 340               # 40  150
================================================================================
NOTES:
# LAST OF SEVERAL OCCURRENCES

COLUMN 17 PEAK WIND IN M.P.H.

PRELIMINARY LOCAL CLIMATOLOGICAL DATA (WS FORM: F-6) , PAGE 2

                                          STATION:  SUGARLAND/HULL FLD
                                          MONTH:    FEBRUARY
                                          YEAR:     2015
                                          LATITUDE:   29 37 N
                                          LONGITUDE:  95 39 W

[TEMPERATURE DATA]      [PRECIPITATION DATA]       SYMBOLS USED IN COLUMN 16

AVERAGE MONTHLY: 54.6   TOTAL FOR MONTH:   0.60    1 = FOG OR MIST
DPTR FM NORMAL:  -1.1   DPTR FM NORMAL:   -2.30    2 = FOG REDUCING VISIBILITY
HIGHEST:    81 ON 22, 9 GRTST 24HR  0.24 ON  3- 4      TO 1/4 MILE OR LESS
LOWEST:     30 ON 18                               3 = THUNDER
                        SNOW, ICE PELLETS, HAIL    4 = ICE PELLETS
                        TOTAL MONTH:   0.0 INCH    5 = HAIL
                        GRTST 24HR     0.0         6 = FREEZING RAIN OR DRIZZLE
                        GRTST DEPTH:   0           7 = DUSTSTORM OR SANDSTORM:
                                                       VSBY 1/2 MILE OR LESS
                                                   8 = SMOKE OR HAZE
[NO. OF DAYS WITH]      [WEATHER - DAYS WITH]      9 = BLOWING SNOW
                                                   X = TORNADO
MAX 32 OR BELOW:   0    0.01 INCH OR MORE:   6
MAX 90 OR ABOVE:   0    0.10 INCH OR MORE:   2
MIN 32 OR BELOW:   1    0.50 INCH OR MORE:   0
MIN  0 OR BELOW:   0    1.00 INCH OR MORE:   0

[HDD (BASE 65) ]
TOTAL THIS MO.   262    CLEAR  (SCALE 0-3)   7
DPTR FM NORMAL    13    PTCLDY (SCALE 4-7)  10
TOTAL FM JUL 1  1175    CLOUDY (SCALE 8-10)  8
DPTR FM NORMAL   -24

[CDD (BASE 65) ]
TOTAL THIS MO.     9
DPTR FM NORMAL    -9    [PRESSURE DATA]
TOTAL FM JAN 1     9    HIGHEST SLP M ON M
DPTR FM NORMAL   -21    LOWEST  SLP 29.81 ON 21

[REMARKS]
