000
CXUS52 KMFL 221000
CF6TMB
PRELIMINARY LOCAL CLIMATOLOGICAL DATA (WS FORM: F-6)

                                          STATION:   KENDALL-TAMIAMI EXEC ARPT
                                          MONTH:     OCTOBER
                                          YEAR:      2014
                                          LATITUDE:   25 38 N
                                          LONGITUDE:  80 26 W

  TEMPERATURE IN F:       :PCPN:    SNOW:  WIND      :SUNSHINE: SKY     :PK WND
================================================================================
1   2   3   4   5  6A  6B    7    8   9   10  11  12  13   14  15   16   17  18
                                     12Z  AVG MX 2MIN
DY MAX MIN AVG DEP HDD CDD  WTR  SNW DPTH SPD SPD DIR MIN PSBL S-S WX    SPD DR
================================================================================

 1  94  78  86   6   0  21 0.00  0.0    0  7.2 16 270   M    M   0 3      20 290
 2  95  76  86   6   0  21 0.15  0.0    0  4.0 26  10   M    M   2 138    31  10
 3  96  77  87   7   0  22 0.00  0.0    0  3.4 16  40   M    M   2 3      19  30
 4  92  76  84   4   0  19    T  0.0    0 10.2 24 290   M    M   2 3      30 280
 5  86  69  78  -2   0  13 0.00  0.0    0  7.1 16 340   M    M   0        21 330
 6  87  67  77  -3   0  12 0.00  0.0    0  8.5 22  90   M    M   2 1      27  80
 7  86  74  80   0   0  15 0.11  0.0    0  3.4 18  60   M    M   1 13     23  70
 8  89  73  81   1   0  16 0.00  0.0    0  5.8 15  90   M    M   1 18     19 130
 9  90  75  83   3   0  18 0.09  0.0    0  9.6 20  90   M    M   3 1      26  70
10  89  75  82   3   0  17    T  0.0    0 10.4 21  90   M    M   3        26  90
11  91  72  82   3   0  17    T  0.0    0  7.2 17  90   M    M   2        20  90
12  90  74  82   3   0  17 0.01  0.0    0  9.3 20 100   M    M   3        23 100
13  89  79  84   5   0  19 0.17  0.0    0 12.7 22 110   M    M   2 1      28 120
14  91  78  85   6   0  20 0.43  0.0    0  7.5 17 120   M    M   1 1      23 120
15  91  75  83   5   0  18 0.33  0.0    0  4.1 14 310   M    M   2 3      17 310
16  87  67  77  -1   0  12 0.00  0.0    0  9.0 18 330   M    M   0        22 350
17  85  66  76  -2   0  11 0.00  0.0    0  5.0 13 320   M    M   0        17 320
18  89  65  77  -1   0  12 0.00  0.0    0  3.3 13  90   M    M   0        22 340
19  87  66  77  -1   0  12 0.00  0.0    0  4.8 14 100   M    M   1 128    20  90
20  88  68  78   0   0  13 1.66  0.0    0  6.0 17  80   M    M   5 138    22  80
21  80  74  77   0   0  12 0.24  0.0    0  3.4 13 260   M    M   6 1      15 260
================================================================================
SM 1872 1524         0 337  3.19     0.0 141.9          M       38
================================================================================
AV 89.1 72.6                               6.8 FASTST   M    M   2    MAX(MPH)
                                 MISC ---->  # 26  10               # 31   10
================================================================================
NOTES:
# LAST OF SEVERAL OCCURRENCES

COLUMN 17 PEAK WIND IN M.P.H.

PRELIMINARY LOCAL CLIMATOLOGICAL DATA (WS FORM: F-6) , PAGE 2

                                          STATION:  KENDALL-TAMIAMI EXEC ARPT
                                          MONTH:    OCTOBER
                                          YEAR:     2014
                                          LATITUDE:   25 38 N
                                          LONGITUDE:  80 26 W

[TEMPERATURE DATA]      [PRECIPITATION DATA]       SYMBOLS USED IN COLUMN 16

AVERAGE MONTHLY: 80.9   TOTAL FOR MONTH:   3.19    1 = FOG OR MIST
DPTR FM NORMAL:   1.8   DPTR FM NORMAL:   -1.76    2 = FOG REDUCING VISIBILITY
HIGHEST:    96 ON  3    GRTST 24HR  1.90 ON 20-21      TO 1/4 MILE OR LESS
LOWEST:     65 ON 18                               3 = THUNDER
                        SNOW, ICE PELLETS, HAIL    4 = ICE PELLETS
                        TOTAL MONTH:   0.0 INCH    5 = HAIL
                        GRTST 24HR     0.0         6 = FREEZING RAIN OR DRIZZLE
                        GRTST DEPTH:   0           7 = DUSTSTORM OR SANDSTORM:
                                                       VSBY 1/2 MILE OR LESS
                                                   8 = SMOKE OR HAZE
[NO. OF DAYS WITH]      [WEATHER - DAYS WITH]      9 = BLOWING SNOW
                                                   X = TORNADO
MAX 32 OR BELOW:   0    0.01 INCH OR MORE:   9
MAX 90 OR ABOVE:   9    0.10 INCH OR MORE:   7
MIN 32 OR BELOW:   0    0.50 INCH OR MORE:   1
MIN  0 OR BELOW:   0    1.00 INCH OR MORE:   1

[HDD (BASE 65) ]
TOTAL THIS MO.     0    CLEAR  (SCALE 0-3)  19
DPTR FM NORMAL     0    PTCLDY (SCALE 4-7)   2
TOTAL FM JUL 1     0    CLOUDY (SCALE 8-10)  0
DPTR FM NORMAL     0

[CDD (BASE 65) ]
TOTAL THIS MO.   337
DPTR FM NORMAL    42    [PRESSURE DATA]
TOTAL FM JAN 1  4095    HIGHEST SLP M ON M
DPTR FM NORMAL   766    LOWEST  SLP 29.83 ON  4

[REMARKS]
