000
CXUS52 KMFL 231000
CF6TMB
PRELIMINARY LOCAL CLIMATOLOGICAL DATA (WS FORM: F-6)

                                          STATION:   KENDALL-TAMIAMI EXEC ARPT
                                          MONTH:     APRIL
                                          YEAR:      2014
                                          LATITUDE:   25 38 N
                                          LONGITUDE:  80 26 W

  TEMPERATURE IN F:       :PCPN:    SNOW:  WIND      :SUNSHINE: SKY     :PK WND
================================================================================
1   2   3   4   5  6A  6B    7    8   9   10  11  12  13   14  15   16   17  18
                                     12Z  AVG MX 2MIN
DY MAX MIN AVG DEP HDD CDD  WTR  SNW DPTH SPD SPD DIR MIN PSBL S-S WX    SPD DR
================================================================================

 1  82  60  71   0   0   6 0.00  0.0    0  7.1 16 120   M    M   0        21 110
 2  81  60  71   0   0   6 0.00  0.0    0  8.5 18 110   M    M   1        26 110
 3  83  68  76   5   0  11 0.00  0.0    0  9.3 20 110   M    M   2        25 110
 4  85  68  77   6   0  12 0.00  0.0    0  8.5 17 120   M    M   2        23 120
 5  88  65  77   6   0  12 0.00  0.0    0  4.6 15 100   M    M   1        20 110
 6  87  65  76   4   0  11 0.00  0.0    0  7.0 16 130   M    M   1        22 190
 7  90  75  83  11   0  18    T  0.0    0 10.5 18 160   M    M   3        26 140
 8  91  68  80   8   0  15 0.53  0.0    0 11.9 31 290   M    M   6 18     38 230
 9  80  59  70  -2   0   5 0.00  0.0    0 11.3 23 310   M    M   4        33 320
10  82  58  70  -2   0   5 0.00  0.0    0 10.7 21 100   M    M   2        26  70
11  84  60  72   0   0   7 0.00  0.0    0  7.2 20 100   M    M   2        23 100
12  86  68  77   5   0  12 0.04  0.0    0 11.3 22  80   M    M   1 1      30  70
13  88  66  77   5   0  12    T  0.0    0  8.3 18 110   M    M   3 1      22 110
14  89  71  80   8   0  15 0.00  0.0    0  7.5 18 140   M    M   2 1      29 130
15  91  72  82   9   0  17 0.01  0.0    0  8.2 21 220   M    M   3 18     27 220
16  87  69  78   5   0  13 0.00  0.0    0  9.4 18  60   M    M   5 18     23  80
17  85  70  78   5   0  13 0.11  0.0    0 11.2 22  80   M    M   3 13     26  80
18  87  73  80   7   0  15 0.12  0.0    0  9.8 21 130   M    M   3 1      26 140
19  91  61  76   3   0  11 3.10  0.0    0 10.4 24 270   M    M   4 138    31 260
20  80  60  70  -3   0   5 0.00  0.0    0  9.0 21 320   M    M   5        27 300
21  80  61  71  -2   0   6    T  0.0    0  9.3 17 320   M    M   2        22 320
22  85  60  73  -1   0   8 0.00  0.0    0  6.6 16 270   M    M   3        19 260
================================================================================
SM 1882 1437         0 235  3.91     0.0 197.6          M       58
================================================================================
AV 85.5 65.3                               9.0 FASTST   M    M   3    MAX(MPH)
                                 MISC ---->  # 31 290               # 38  230
================================================================================
NOTES:
# LAST OF SEVERAL OCCURRENCES

COLUMN 17 PEAK WIND IN M.P.H.

PRELIMINARY LOCAL CLIMATOLOGICAL DATA (WS FORM: F-6) , PAGE 2

                                          STATION:  KENDALL-TAMIAMI EXEC ARPT
                                          MONTH:    APRIL
                                          YEAR:     2014
                                          LATITUDE:   25 38 N
                                          LONGITUDE:  80 26 W

[TEMPERATURE DATA]      [PRECIPITATION DATA]       SYMBOLS USED IN COLUMN 16

AVERAGE MONTHLY: 75.4   TOTAL FOR MONTH:   3.91    1 = FOG OR MIST
DPTR FM NORMAL:   3.3   DPTR FM NORMAL:    1.94    2 = FOG REDUCING VISIBILITY
HIGHEST:    91 ON 19,15 GRTST 24HR  3.10 ON 19-19      TO 1/4 MILE OR LESS
LOWEST:     58 ON 10                               3 = THUNDER
                        SNOW, ICE PELLETS, HAIL    4 = ICE PELLETS
                        TOTAL MONTH:   0.0 INCH    5 = HAIL
                        GRTST 24HR     0.0         6 = FREEZING RAIN OR DRIZZLE
                        GRTST DEPTH:   0           7 = DUSTSTORM OR SANDSTORM:
                                                       VSBY 1/2 MILE OR LESS
                                                   8 = SMOKE OR HAZE
[NO. OF DAYS WITH]      [WEATHER - DAYS WITH]      9 = BLOWING SNOW
                                                   X = TORNADO
MAX 32 OR BELOW:   0    0.01 INCH OR MORE:   6
MAX 90 OR ABOVE:   4    0.10 INCH OR MORE:   4
MIN 32 OR BELOW:   0    0.50 INCH OR MORE:   2
MIN  0 OR BELOW:   0    1.00 INCH OR MORE:   1

[HDD (BASE 65) ]
TOTAL THIS MO.     0    CLEAR  (SCALE 0-3)  14
DPTR FM NORMAL     0    PTCLDY (SCALE 4-7)   8
TOTAL FM JUL 1    80    CLOUDY (SCALE 8-10)  0
DPTR FM NORMAL  -117

[CDD (BASE 65) ]
TOTAL THIS MO.   235
DPTR FM NORMAL    72    [PRESSURE DATA]
TOTAL FM JAN 1   840    HIGHEST SLP M ON M
DPTR FM NORMAL   287    LOWEST  SLP 29.78 ON  8

[REMARKS]
