000
CXUS55 KJKL 281000
CF6LOZ
PRELIMINARY LOCAL CLIMATOLOGICAL DATA (WS FORM: F-6)

                                          STATION:   LONDON KY
                                          MONTH:     AUGUST
                                          YEAR:      2016
                                          LATITUDE:   37  4 N
                                          LONGITUDE:  84  5 W

  TEMPERATURE IN F:       :PCPN:    SNOW:  WIND      :SUNSHINE: SKY     :PK WND
================================================================================
1   2   3   4   5  6A  6B    7    8   9   10  11  12  13   14  15   16   17  18
                                     12Z  AVG MX 2MIN
DY MAX MIN AVG DEP HDD CDD  WTR  SNW DPTH SPD SPD DIR MIN PSBL S-S WX    SPD DR
================================================================================

 1  88  68  78   2   0  13 0.05    M    M  3.1 14  20   M    M   2 13     18  20
 2  86  70  78   2   0  13 0.59    M    M  4.5 13 280   M    M   6 13     17 270
 3  89  69  79   3   0  14 0.00    M    M  1.9 12  50   M    M   4 12     14  50
 4  89  69  79   3   0  14 1.13    M    M  2.9 24 200   M    M   3 138    33 180
 5  88  70  79   3   0  14    T    M    M  4.0 15 280   M    M   4 18     20 300
 6  89  69  79   3   0  14 0.06    M    M  3.6 21 360   M    M   4 123    29 300
 7  85  72  79   3   0  14 0.00    M    M  4.7 12  60   M    M   7 1      15  10
 8  85  69  77   1   0  12 0.00    M    M  4.0 10  70   M    M   7        14  90
 9  88  72  80   4   0  15 0.01    M    M  2.9 14 230   M    M   4        16 220
10  89  72  81   5   0  16 0.00    M    M  2.3  9 140   M    M   4        14 140
11  89  72  81   5   0  16    T    M    M  1.9 12 200   M    M   4        15 210
12  92  73  83   7   0  18 0.00    M    M  4.3 13 250   M    M   4        18 190
13  87  72  80   4   0  15 0.09    M    M  6.0 28 250   M    M   4 3      34 250
14  89  69  79   3   0  14 0.02    M    M  4.0 15 280   M    M   1 3      20 250
15  89  70  80   4   0  15 0.08    M    M  2.8 20 180   M    M   3 13     26 180
16  88  71  80   4   0  15    T    M    M  5.3 20 280   M    M   2        26 290
17  88  71  80   5   0  15 0.21    M    M  4.7 21 280   M    M   4 13     29 270
18  80  70  75   0   0  10 0.07    M    M  2.2 10 240   M    M   8 1      14 230
19  78  68  73  -2   0   8 0.90    M    M  2.3 15 300   M    M   6 128    18 310
20  83  68  76   1   0  11 0.82    M    M  4.1 23 210   M    M   8 138    35 200
21  80  62  71  -4   0   6 0.93    M    M  4.0 14 270   M    M   7 1      16 270
22  80  57  69  -6   0   4 0.00    M    M  2.1  8  20   M    M   2 12     12 100
23  83  56  70  -5   0   5 0.00    M    M  1.7 10 200   M    M   0        13 280
24  88  64  76   1   0  11 0.00    M    M  3.1 13 250   M    M   2        17 260
25  90  69  80   6   0  15 0.00    M    M  3.7 13 260   M    M   1 1      16 240
26  91  70  81   7   0  16 0.00    M    M  2.0  9  20   M    M   2 1      12  30
27  93  68  81   7   0  16 0.02    M    M  2.6 10 240   M    M   0 1      14 210
================================================================================
SM 2344 1850         0 349  4.98    M     90.7          M      103
================================================================================
AV 86.8 68.5                               3.4 FASTST   M    M   4    MAX(MPH)
                                 MISC ---->  # 28 250               # 35  200
================================================================================
NOTES:
# LAST OF SEVERAL OCCURRENCES

COLUMN 17 PEAK WIND IN M.P.H.

PRELIMINARY LOCAL CLIMATOLOGICAL DATA (WS FORM: F-6) , PAGE 2

                                          STATION:  LONDON KY
                                          MONTH:    AUGUST
                                          YEAR:     2016
                                          LATITUDE:   37  4 N
                                          LONGITUDE:  84  5 W

[TEMPERATURE DATA]      [PRECIPITATION DATA]       SYMBOLS USED IN COLUMN 16

AVERAGE MONTHLY: 77.7   TOTAL FOR MONTH:   4.98    1 = FOG OR MIST
DPTR FM NORMAL:   2.2   DPTR FM NORMAL:    1.70    2 = FOG REDUCING VISIBILITY
HIGHEST:    93 ON 27    GRTST 24HR  1.74 ON 20-21      TO 1/4 MILE OR LESS
LOWEST:     56 ON 23                               3 = THUNDER
                        SNOW, ICE PELLETS, HAIL    4 = ICE PELLETS
                        TOTAL MONTH:    M          5 = HAIL
                        GRTST 24HR    M  ON   M    6 = FREEZING RAIN OR DRIZZLE
                        GRTST DEPTH:  M  ON   M    7 = DUSTSTORM OR SANDSTORM:
                                                       VSBY 1/2 MILE OR LESS
                                                   8 = SMOKE OR HAZE
[NO. OF DAYS WITH]      [WEATHER - DAYS WITH]      9 = BLOWING SNOW
                                                   X = TORNADO
MAX 32 OR BELOW:   0    0.01 INCH OR MORE:  14
MAX 90 OR ABOVE:   4    0.10 INCH OR MORE:   6
MIN 32 OR BELOW:   0    0.50 INCH OR MORE:   5
MIN  0 OR BELOW:   0    1.00 INCH OR MORE:   1

[HDD (BASE 65) ]
TOTAL THIS MO.     0    CLEAR  (SCALE 0-3)  10
DPTR FM NORMAL     0    PTCLDY (SCALE 4-7)  17
TOTAL FM JUL 1     0    CLOUDY (SCALE 8-10)  0
DPTR FM NORMAL     0

[CDD (BASE 65) ]
TOTAL THIS MO.   349
DPTR FM NORMAL    66    [PRESSURE DATA]
TOTAL FM JAN 1  1165    HIGHEST SLP M ON M
DPTR FM NORMAL   175    LOWEST  SLP 29.79 ON 20

[REMARKS]
