000
CXUS54 KHGX 011410
CF611R
PRELIMINARY LOCAL CLIMATOLOGICAL DATA (WS FORM: F-6)
STATION: BRENHAM
MONTH: OCTOBER
YEAR: 2022
LATITUDE: 30 13 N
LONGITUDE: 96 22 W
TEMPERATURE IN F: :PCPN: SNOW: WIND :SUNSHINE: SKY :PK WND
================================================================================
1 2 3 4 5 6A 6B 7 8 9 10 11 12 13 14 15 16 17 18
12Z AVG MX 2MIN
DY MAX MIN AVG DEP HDD CDD WTR SNW DPTH SPD SPD DIR MIN PSBL S-S WX SPD DR
================================================================================
1 85 50 68 M 0 3 0.00 0.0 0 1.5 7 70 M M 0 M M
2 86 54 70 M 0 5 0.00 0.0 0 1.0 6 350 M M 0 M M
3 88 55 72 M 0 7 0.00 0.0 0 0.4 4 340 M M 0 M M
4 89 62 76 M 0 11 0.00 0.0 0 0.7 5 10 M M 0 M M
5 89 54 72 M 0 7 0.00 0.0 0 0.9 6 110 M M 0 M M
6 91 59 75 M 0 10 0.00 0.0 0 1.2 6 70 M M 0 M M
7 87 60 74 M 0 9 0.00 0.0 0 0.8 5 300 M M 0 M M
8 91 65 78 M 0 13 0.00 0.0 0 3.2 10 60 M M 1 16 70
9 90 63 77 M 0 12 0.00 0.0 0 1.1 6 130 M M 0 M M
10 88 58 73 M 0 8 0.00 0.0 0 2.6 9 130 M M 0 16 130
11 88 60 74 M 0 9 0.00 0.0 0 3.7 12 190 M M 2 18 150
12 96 68 82 M 0 17 0.00 0.0 0 3.6 12 210 M M 3 12 18 230
13 89 68 79 M 0 14 0.00 0.0 0 2.8 8 30 M M 3 16 10
14 90 59 75 M 0 10 0.00 0.0 0 3.0 8 200 M M 2 16 130
15 93 67 80 M 0 15 0.00 0.0 0 4.4 10 200 M M 1 1 18 230
16 93 70 82 M 0 17 0.00 0.0 0 3.2 9 30 M M 6 1 20 0
17 75 61 68 M 0 3 1.57 0.0 0 8.8 15 360 M M 6 23 360
18 69 50 60 M 5 0 0.00 0.0 0 7.4 13 10 M M 0 23 10
19 69 43 56 M 9 0 0.00 0.0 0 1.2 6 30 M M 0 M M
20 84 54 69 M 0 4 0.00 0.0 0 6.4 14 230 M M 0 20 230
21 87 62 75 M 0 10 0.00 0.0 0 8.1 13 190 M M 0 21 230
22 87 61 74 M 0 9 0.00 0.0 0 10.3 18 180 M M 1 27 180
23 86 64 75 M 0 10 0.00 0.0 0 9.6 20 180 M M 6 24 180
24 83 58 71 M 0 6 0.29 0.0 0 11.7 29 300 M M 10 43 300
25 74 48 61 M 4 0 0.00 0.0 0 7.1 16 340 M M 2 3 27 340
26 76 44 60 M 5 0 0.00 0.0 0 1.1 6 70 M M 0 M M
27 80 46 63 M 2 0 0.05 0.0 0 2.7 7 150 M M 3 3 M M
28 69 59 64 M 1 0 1.58 0.0 0 6.7 13 340 M M 10 21 320
29 67 56 62 M 3 0 M 0.0 0 6.9 14 310 M M 9 20 320
30 75 52 64 M 1 0 0.00 0.0 0 1.1 6 290 M M 1 M M
31 78 52 65 M 0 0 0.08 0.0 0 0.3 4 350 M M 1 M M
================================================================================
SM 2592 1782 30 209 3.57 0.0 123.5 M 67
================================================================================
AV 83.6 57.5 4.0 FASTST M M 2 MAX(MPH)
MISC ----> 29 300 43 300
================================================================================
NOTES:
# LAST OF SEVERAL OCCURRENCES
COLUMN 17 PEAK WIND IN M.P.H.
PRELIMINARY LOCAL CLIMATOLOGICAL DATA (WS FORM: F-6) , PAGE 2
STATION: BRENHAM
MONTH: OCTOBER
YEAR: 2022
LATITUDE: 30 13 N
LONGITUDE: 96 22 W
[TEMPERATURE DATA] [PRECIPITATION DATA] SYMBOLS USED IN COLUMN 16
AVERAGE MONTHLY: 70.5 TOTAL FOR MONTH: 3.57 1 = FOG OR MIST
DPTR FM NORMAL: 18.1 DPTR FM NORMAL: -0.33 2 = FOG REDUCING VISIBILITY
HIGHEST: 96 ON 12 GRTST 24HR 1.58 ON 28-28 TO 1/4 MILE OR LESS
LOWEST: 43 ON 19 3 = THUNDER
SNOW, ICE PELLETS, HAIL 4 = ICE PELLETS
TOTAL MONTH: 0.0 INCH 5 = HAIL
GRTST 24HR 0.0 6 = FREEZING RAIN OR DRIZZLE
GRTST DEPTH: 0 7 = DUSTSTORM OR SANDSTORM:
VSBY 1/2 MILE OR LESS
8 = SMOKE OR HAZE
[NO. OF DAYS WITH] [WEATHER - DAYS WITH] 9 = BLOWING SNOW
X = TORNADO
MAX 32 OR BELOW: 0 0.01 INCH OR MORE: 5
MAX 90 OR ABOVE: 7 0.10 INCH OR MORE: 3
MIN 32 OR BELOW: 0 0.50 INCH OR MORE: 2
MIN 0 OR BELOW: 0 1.00 INCH OR MORE: 2
[HDD (BASE 65) ]
TOTAL THIS MO. 30 CLEAR (SCALE 0-3) 24
DPTR FM NORMAL M PTCLDY (SCALE 4-7) 4
TOTAL FM JUL 1 30 CLOUDY (SCALE 8-10) 3
DPTR FM NORMAL M
[CDD (BASE 65) ]
TOTAL THIS MO. 209
DPTR FM NORMAL M [PRESSURE DATA]
TOTAL FM JAN 1 3633 HIGHEST SLP M ON M
DPTR FM NORMAL M LOWEST SLP M ON M
[REMARKS]
#FINAL-10-22#