000
CXAK56 PAJK 031852
CF6AJN
PRELIMINARY LOCAL CLIMATOLOGICAL DATA (WS FORM: F-6)
STATION: JUNEAU
MONTH: MAY
YEAR: 2022
LATITUDE: 58 22 N
LONGITUDE: 134 35 W
TEMPERATURE IN F: :PCPN: SNOW: WIND :SUNSHINE: SKY :PK WND
================================================================================
1 2 3 4 5 6A 6B 7 8 9 10 11 12 13 14 15 16 17 18
12Z AVG MX 2MIN
DY MAX MIN AVG DEP HDD CDD WTR SNW DPTH SPD SPD DIR MIN PSBL S-S WX SPD DR
================================================================================
1 52 44 48 3 17 0 0.25 0.0 0 13.7 23 70 M M 10 1 31 60
2 49 39 44 -1 21 0 0.45 0.0 0 16.4 30 120 M M 10 1 39 120
3 46 40 43 -3 22 0 0.49 0.0 0 20.7 30 120 M M 10 1 36 110
4 47 40 44 -2 21 0 0.13 0.0 0 15.9 28 120 M M 10 1 32 120
5 51 32 42 -4 23 0 0.04 0.0 0 7.2 15 140 M M 8 1 25 140
6 49 31 40 -6 25 0 0.06 T 0 4.3 15 120 M M 7 24 17 120
7 54 33 44 -3 21 0 0.00 0.0 0 5.8 16 270 M M 6 1 20 250
8 65 34 50 3 15 0 0.00 0.0 0 4.6 24 280 M M 3 27 280
9 63 32 48 1 17 0 T 0.0 0 7.7 23 240 M M 4 26 250
10 45 39 42 -6 23 0 0.61 0.0 0 6.7 24 110 M M 10 1 30 120
11 55 37 46 -2 19 0 T 0.0 0 5.3 14 230 M M 8 19 230
12 61 33 47 -1 18 0 T 0.0 0 5.8 14 230 M M 5 20 250
13 53 35 44 -4 21 0 0.01 0.0 0 11.7 25 130 M M 7 31 130
14 54 40 47 -1 18 0 0.06 0.0 0 7.4 21 130 M M 8 25 130
15 57 35 46 -3 19 0 T 0.0 0 4.7 16 240 M M 8 17 240
16 51 40 46 -3 19 0 0.13 0.0 0 12.0 25 120 M M 8 1 32 110
17 55 36 46 -3 19 0 T 0.0 0 12.4 22 120 M M 8 27 140
18 63 36 50 0 15 0 0.00 0.0 0 4.0 18 90 M M 8 23 80
19 68 38 53 3 12 0 0.00 0.0 0 5.2 16 260 M M 5 19 230
20 68 36 52 2 13 0 0.00 0.0 0 5.3 13 240 M M 1 15 240
21 71 36 54 4 11 0 0.00 0.0 0 4.0 13 230 M M 0 15 230
22 69 38 54 4 11 0 0.00 0.0 0 4.7 21 130 M M 6 25 130
23 52 44 48 -3 17 0 0.55 0.0 0 9.0 18 120 M M 10 1 23 130
24 55 43 49 -2 16 0 T 0.0 0 3.9 10 340 M M 9 13 340
25 61 35 48 -3 17 0 0.00 0.0 0 5.6 15 230 M M 5 1 20 240
26 63 36 50 -1 15 0 0.00 0.0 0 5.5 15 230 M M 5 17 230
27 72 37 55 3 10 0 0.00 0.0 0 4.8 20 120 M M 2 23 120
28 71 42 57 5 8 0 0.00 0.0 0 4.2 15 100 M M 5 18 70
29 72 41 57 5 8 0 0.00 0.0 0 4.2 13 260 M M 4 16 60
30 74 40 57 5 8 0 0.00 0.0 0 4.7 13 240 M M 1 15 250
31 78 39 59 7 6 0 0.00 0.0 0 4.2 12 110 M M 1 15 100
================================================================================
SM 1844 1161 505 0 2.78 T 231.6 M 192
================================================================================
AV 59.5 37.5 7.5 FASTST M M 6 MAX(MPH)
MISC ----> # 30 120 39 120
================================================================================
NOTES:
# LAST OF SEVERAL OCCURRENCES
COLUMN 17 PEAK WIND IN M.P.H.
PRELIMINARY LOCAL CLIMATOLOGICAL DATA (WS FORM: F-6) , PAGE 2
STATION: JUNEAU
MONTH: MAY
YEAR: 2022
LATITUDE: 58 22 N
LONGITUDE: 134 35 W
[TEMPERATURE DATA] [PRECIPITATION DATA] SYMBOLS USED IN COLUMN 16
AVERAGE MONTHLY: 48.5 TOTAL FOR MONTH: 2.78 1 = FOG OR MIST
DPTR FM NORMAL: -0.5 DPTR FM NORMAL: -0.73 2 = FOG REDUCING VISIBILITY
HIGHEST: 78 ON 31 GRTST 24HR 0.89 ON 2- 3 TO 1/4 MILE OR LESS
LOWEST: 31 ON 6 3 = THUNDER
SNOW, ICE PELLETS, HAIL 4 = ICE PELLETS
TOTAL MONTH: T 5 = HAIL
GRTST 24HR T ON 6- 6 6 = FREEZING RAIN OR DRIZZLE
GRTST DEPTH: 0 7 = DUSTSTORM OR SANDSTORM:
VSBY 1/2 MILE OR LESS
8 = SMOKE OR HAZE
[NO. OF DAYS WITH] [WEATHER - DAYS WITH] 9 = BLOWING SNOW
X = TORNADO
MAX 32 OR BELOW: 0 0.01 INCH OR MORE: 11
MAX 90 OR ABOVE: 0 0.10 INCH OR MORE: 7
MIN 32 OR BELOW: 3 0.50 INCH OR MORE: 2
MIN 0 OR BELOW: 0 1.00 INCH OR MORE: 0
[HDD (BASE 65) ]
TOTAL THIS MO. 505 CLEAR (SCALE 0-3) 5
DPTR FM NORMAL 7 PTCLDY (SCALE 4-7) 15
TOTAL FM JUL 1 7928 CLOUDY (SCALE 8-10) 11
DPTR FM NORMAL -96
[CDD (BASE 65) ]
TOTAL THIS MO. 0
DPTR FM NORMAL 0 [PRESSURE DATA]
TOTAL FM JAN 1 0 HIGHEST SLP 30.46 ON 20
DPTR FM NORMAL 0 LOWEST SLP 29.55 ON 3
[REMARKS]
#FINAL-05-22#