000
CXUS54 KEWX 010921
CLMATT
CLIMATE REPORT
NATIONAL WEATHER SERVICE AUSTIN/SAN ANTONIO
316 AM CST THU FEB 01 2024
...................................
...THE AUSTIN CAMP MABRY CLIMATE SUMMARY FOR THE MONTH OF JANUARY 2024...
CLIMATE NORMAL PERIOD: 1991 TO 2020
CLIMATE RECORD PERIOD: 1897 TO 2024
WEATHER OBSERVED NORMAL DEPART LAST YEAR`S
VALUE DATE(S) VALUE FROM VALUE DATE(S)
NORMAL
................................................................
TEMPERATURE (F)
HIGHEST 77 01/18 84 01/10
LOWEST 16 01/15 29 01/31
01/17
AVG. MAXIMUM 58.0 62.5 -4.5 67.6
AVG. MINIMUM 37.4 41.8 -4.4 45.5
MEAN 47.7 52.2 -4.5 56.6
DAYS MAX >= 90 0 0
DAYS MAX <= 32 1 1
DAYS MIN <= 32 7 MM
DAYS MIN <= 0 0 MM
PRECIPITATION (INCHES)
TOTALS 6.07 2.64 3.43 1.26
DAILY AVG. 0.20 0.09 0.11 0.04
DAYS >= .01 9 8
DAYS >= .10 6 2
DAYS >= .50 3 1
DAYS >= 1.00 3 0
GREATEST
24 HR. TOTAL 3.15 01/21 TO 01/22
SNOWFALL (INCHES)
TOTALS T 0.0 0.0 0.0
SINCE 7/1 T
DEGREE DAYS
HEATING TOTAL 528 408 120 281
SINCE 7/1 1057 993 64 MM
COOLING TOTAL 0 10 -10 28
SINCE 1/1 0 10 -10 MM
................................................................
WIND (MPH)
AVERAGE WIND SPEED 4.6
HIGHEST WIND SPEED/DIRECTION 23/300 DATE 01/08
23/300 01/09
HIGHEST GUST SPEED/DIRECTION 53/300 DATE 01/08
SKY COVER
POSSIBLE SUNSHINE (PERCENT) MM
AVERAGE SKY COVER 0.43
NUMBER OF DAYS FAIR 16
NUMBER OF DAYS PC 4
NUMBER OF DAYS CLOUDY 11
AVERAGE RH (PERCENT) 67
WEATHER CONDITIONS. NUMBER OF DAYS WITH
THUNDERSTORM 1 MIXED PRECIP 0
HEAVY RAIN 4 RAIN 5
LIGHT RAIN 9 FREEZING RAIN 0
LT FREEZING RAIN 2 HAIL 0
HEAVY SNOW 0 SNOW 0
LIGHT SNOW 2 SLEET 1
FOG 15 FOG W/VIS <= 1/4 MILE 2
HAZE 0
- INDICATES NEGATIVE NUMBERS.
R INDICATES RECORD WAS SET OR TIED.
MM INDICATES DATA IS MISSING.
T INDICATES TRACE AMOUNT.
&&
MONTHLY CLIMATE SUMMARY:
JANUARY 2024 WAS TIED FOR THE 32ND COLDEST AND WAS THE
5TH WETTEST JANUARY ON RECORD.
SEA LEVEL PRESSURE DATA:
HIGHEST SLP 30.63 ON THE 20TH
LOWEST SLP 29.47 ON THE 11TH
PRELIMINARY LOCAL CLIMATOLOGICAL DATA (WS FORM: F-6)
STATION: AUSTIN CAMP MABRY
MONTH: JANUARY
YEAR: 2024
LATITUDE: 30 17 N
LONGITUDE: 97 42 W
TEMPERATURE IN F: :PCPN: SNOW: WIND :SUNSHINE: SKY :PK WND
================================================================================
1 2 3 4 5 6A 6B 7 8 9 10 11 12 13 14 15 16 17 18
12Z AVG MX 2MIN
DY MAX MIN AVG DEP HDD CDD WTR SNW DPTH SPD SPD DIR MIN PSBL S-S WX SPD DR
================================================================================
1 59 42 51 -1 14 0 0.00 0.0 0 6.4 13 360 M M 2 1 24 10
2 51 40 46 -6 19 0 1.28 0.0 0 3.6 13 360 M M 9 13 21 360
3 51 43 47 -5 18 0 0.00 0.0 0 3.8 9 350 M M 10 1 17 360
4 56 39 48 -4 17 0 0.10 0.0 0 3.0 13 130 M M 8 1 21 130
5 64 46 55 3 10 0 0.01 0.0 0 2.5 12 300 M M 5 1 21 290
6 63 38 51 -1 14 0 0.00 0.0 0 1.5 7 150 M M 0 11 140
7 64 34 49 -3 16 0 0.00 0.0 0 5.3 17 140 M M 2 1 31 160
8 70 48 59 7 6 0 0.22 T 0 10.7 23 300 M M 8 14 53 300
9 56 33 45 -7 20 0 0.00 0.0 0 8.1 23 300 M M 0 49 300
10 67 32 50 -2 15 0 0.00 0.0 0 3.3 17 220 M M 0 32 210
11 73 44 59 7 6 0 0.00 0.0 0 4.6 14 180 M M 2 29 190
12 67 34 51 -1 14 0 0.00 0.0 0 8.1 22 300 M M 2 41 290
13 62 33 48 -4 17 0 0.00 0.0 0 3.4 15 200 M M 0 27 160
14 35 17 26 -26 39 0 T T 0 8.8 14 10 M M 10 16 24 20
15 24 16 20 -32 45 0 T T 0 9.0 15 360 M M 8 16 28 20
16 34 17 26 -26 39 0 0.00 0.0 0 6.4 17 350 M M 0 34 360
17 45 16 31 -21 34 0 0.00 0.0 0 4.0 12 150 M M 1 23 210
18 77 37 57 5 8 0 0.00 0.0 0 3.5 10 190 M M 2 20 230
19 55 30 43 -9 22 0 0.00 0.0 0 10.4 17 360 M M 0 32 20
20 42 25 34 -18 31 0 0.00 0.0 0 5.6 14 20 M M 4 24 10
21 39 36 38 -14 27 0 0.04 0.0 0 4.3 10 110 M M 10 1 19 90
22 55 37 46 -6 19 0 3.11 0.0 0 2.1 10 110 M M 10 1 15 100
23 59 52 56 4 9 0 0.19 0.0 0 1.4 9 320 M M 10 12 16 320
24 54 50 52 -1 13 0 1.04 0.0 0 2.2 10 310 M M 10 1 17 330
25 63 47 55 2 10 0 0.08 0.0 0 2.8 12 110 M M 6 1 16 110
26 58 49 54 1 11 0 0.00 0.0 0 3.3 9 360 M M 10 12 18 360
27 64 48 56 3 9 0 0.00 0.0 0 6.2 15 340 M M 5 28 340
28 68 42 55 2 10 0 0.00 0.0 0 3.2 10 350 M M 0 16 330
29 73 41 57 4 8 0 0.00 0.0 0 1.8 8 160 M M 0 14 180
30 76 46 61 8 4 0 0.00 0.0 0 1.9 9 290 M M 0 16 290
31 75 46 61 7 4 0 0.00 0.0 0 1.8 10 160 M M 0 19 140
================================================================================
SM 1799 1158 528 0 6.07 T 143.0 M 134
================================================================================
AV 58.0 37.4 4.6 FASTST M M 4 MAX(MPH)
MISC ----> # 23 300 53 300
================================================================================
NOTES:
# LAST OF SEVERAL OCCURRENCES
COLUMN 17 PEAK WIND IN M.P.H.
SYMBOLS USED IN COLUMN 16
1 = FOG OR MIST
2 = FOG REDUCING VISIBILITY TO 1/4 MILE OR LESS
3 = THUNDER
4 = ICE PELLETS
5 = HAIL
6 = FREEZING RAIN OR DRIZZLE
7 = DUSTSTORM OR SANDSTORM: VSBY 1/2 MILE OR LESS
8 = SMOKE OR HAZE
9 = BLOWING SNOW
X = TORNADO
$$