000
CXUS54 KEWX 281412
CLMATT
CLIMATE REPORT
NATIONAL WEATHER SERVICE AUSTIN/SAN ANTONIO
405 PM CDT FRI NOV 03 2023
...................................
...THE AUSTIN CAMP MABRY CLIMATE SUMMARY FOR THE MONTH OF OCTOBER 2023...
CLIMATE NORMAL PERIOD: 1991 TO 2020
CLIMATE RECORD PERIOD: 1897 TO 2023
WEATHER OBSERVED NORMAL DEPART LAST YEAR`S
VALUE DATE(S) VALUE FROM VALUE DATE(S)
NORMAL
................................................................
TEMPERATURE (F)
HIGHEST 98 10/04 98 10/12
LOWEST 39 10/30 42 10/19
AVG. MAXIMUM 82.7 82.5 0.2 85.3
AVG. MINIMUM 61.4 60.8 0.6 59.3
MEAN 72.1 71.6 0.5 72.3
DAYS MAX >= 90 7 13
DAYS MAX <= 32 0 0
DAYS MIN <= 32 0 0
DAYS MIN <= 0 0 0
PRECIPITATION (INCHES)
TOTALS 7.15 3.91 3.24 2.18
DAILY AVG. 0.23 0.13 0.10 0.07
DAYS >= .01 8 5
DAYS >= .10 7 4
DAYS >= .50 4 3
DAYS >= 1.00 3 0
GREATEST
24 HR. TOTAL 2.60 10/25 TO 10/26
SNOWFALL (INCHES)
TOTALS 0.0 0.0 0.0 0.0
SINCE 7/1 0.0
DEGREE DAYS
HEATING TOTAL 45 32 13 20
SINCE 7/1 45 31 14 MM
COOLING TOTAL 273 238 35 256
SINCE 1/1 3897 3212 685 MM
................................................................
WIND (MPH)
AVERAGE WIND SPEED 5.0
HIGHEST WIND SPEED/DIRECTION 17/110 DATE 10/27
HIGHEST GUST SPEED/DIRECTION 34/340 DATE 10/30
SKY COVER
POSSIBLE SUNSHINE (PERCENT) MM
AVERAGE SKY COVER 0.36
NUMBER OF DAYS FAIR 18
NUMBER OF DAYS PC 5
NUMBER OF DAYS CLOUDY 8
AVERAGE RH (PERCENT) 64
WEATHER CONDITIONS. NUMBER OF DAYS WITH
THUNDERSTORM 3 MIXED PRECIP 0
HEAVY RAIN 6 RAIN 8
LIGHT RAIN 9 FREEZING RAIN 0
LT FREEZING RAIN 0 HAIL 0
HEAVY SNOW 0 SNOW 0
LIGHT SNOW 0 SLEET 0
FOG 9 FOG W/VIS <= 1/4 MILE 2
HAZE 0
- INDICATES NEGATIVE NUMBERS.
R INDICATES RECORD WAS SET OR TIED.
MM INDICATES DATA IS MISSING.
T INDICATES TRACE AMOUNT.
&&
MONTHLY CLIMATE SUMMARY:
OCTOBER 2023 WAS THE 30TH WARMEST AND THE 17TH
WETTEST OCTOBER ON RECORD.
SEA LEVEL PRESSURE DATA:
HIGHEST SLP 30.47 ON 31ST
LOWEST SLP 29.60 ON 12TH
PRELIMINARY LOCAL CLIMATOLOGICAL DATA (WS FORM: F-6)
STATION: AUSTIN CAMP MABRY
MONTH: OCTOBER
YEAR: 2023
LATITUDE: 30 17 N
LONGITUDE: 97 42 W
TEMPERATURE IN F: :PCPN: SNOW: WIND :SUNSHINE: SKY :PK WND
================================================================================
1 2 3 4 5 6A 6B 7 8 9 10 11 12 13 14 15 16 17 18
12Z AVG MX 2MIN
DY MAX MIN AVG DEP HDD CDD WTR SNW DPTH SPD SPD DIR MIN PSBL S-S WX SPD DR
================================================================================
1 94 72 83 6 0 18 0.00 0.0 0 3.8 14 130 M M 2 22 130
2 94 72 83 7 0 18 0.00 0.0 0 4.6 14 150 M M 1 21 150
3 95 70 83 7 0 18 0.00 0.0 0 4.0 12 100 M M 3 22 90
4 98 76 87 11 0 22 0.00 0.0 0 5.5 15 140 M M 5 27 150
5 80 67 74 -1 0 9 1.50 0.0 0 2.7 15 30 M M 6 13 29 20
6 87 67 77 2 0 12 0.00 0.0 0 4.1 13 30 M M 0 23 20
7 76 60 68 -7 0 3 0.00 0.0 0 6.6 15 10 M M 0 27 10
8 80 51 66 -8 0 1 0.00 0.0 0 1.9 9 140 M M 0 12 160
9 85 54 70 -4 0 5 0.00 0.0 0 3.4 13 170 M M 0 25 200
10 81 65 73 -1 0 8 0.00 0.0 0 4.2 12 150 M M 3 21 180
11 71 66 69 -5 0 4 0.00 0.0 0 4.2 10 140 M M 8 1 17 90
12 85 64 75 2 0 10 0.00 0.0 0 5.3 13 220 M M 7 1 22 190
13 93 69 81 8 0 16 T 0.0 0 4.9 12 20 M M 3 22 350
14 79 60 70 -2 0 5 0.00 0.0 0 6.3 13 360 M M 1 24 350
15 75 56 66 -6 0 1 0.00 0.0 0 6.9 16 360 M M 0 30 350
16 75 50 63 -9 2 0 0.00 0.0 0 5.0 13 340 M M 0 24 10
17 77 45 61 -10 4 0 0.00 0.0 0 2.3 8 160 M M 0 14 190
18 84 51 68 -3 0 3 0.00 0.0 0 4.4 13 170 M M 0 25 190
19 88 58 73 2 0 8 0.00 0.0 0 3.3 12 360 M M 0 21 20
20 97 57 77 7 0 12 0.00 0.0 0 2.7 9 300 M M 0 16 290
21 94 57 76 6 0 11 0.00 0.0 0 2.4 8 180 M M 0 15 180
22 89 67 78 8 0 13 0.00 0.0 0 5.3 15 150 M M 2 28 140
23 83 68 76 7 0 11 1.20 0.0 0 4.9 12 150 M M 8 1 23 170
24 79 71 75 6 0 10 0.77 0.0 0 8.1 15 130 M M 10 12 28 150
25 85 72 79 11 0 14 0.03 0.0 0 7.6 16 140 M M 8 26 150
26 79 71 75 7 0 10 2.57 0.0 0 4.6 12 180 M M 8 123 22 210
27 88 73 81 13 0 16 0.43 0.0 0 5.5 17 110 M M 8 1 28 100
28 87 73 80 13 0 15 T 0.0 0 6.0 13 160 M M 7 22 130
29 78 41 60 -7 5 0 0.24 0.0 0 7.9 16 350 M M 9 13 31 360
30 48 39 44 -23 21 0 0.41 0.0 0 8.8 16 350 M M 10 1 34 340
31 61 42 52 -14 13 0 0.00 0.0 0 6.7 15 10 M M 4 27 10
================================================================================
SM 2565 1904 45 273 7.15 0.0 153.9 M 113
================================================================================
AV 82.7 61.4 5.0 FASTST M M 4 MAX(MPH)
MISC ----> 17 110 34 340
================================================================================
NOTES:
# LAST OF SEVERAL OCCURRENCES
COLUMN 17 PEAK WIND IN M.P.H.
SYMBOLS USED IN COLUMN 16
1 = FOG OR MIST
2 = FOG REDUCING VISIBILITY TO 1/4 MILE OR LESS
3 = THUNDER
4 = ICE PELLETS
5 = HAIL
6 = FREEZING RAIN OR DRIZZLE
7 = DUSTSTORM OR SANDSTORM: VSBY 1/2 MILE OR LESS
8 = SMOKE OR HAZE
9 = BLOWING SNOW
X = TORNADO
$$