000
CXUS54 KHGX 041455
CF6CLL
PRELIMINARY LOCAL CLIMATOLOGICAL DATA (WS FORM: F-6)
STATION: COLLEGE STATION
MONTH: MARCH
YEAR: 2021
LATITUDE: 30 34 N
LONGITUDE: 96 22 W
TEMPERATURE IN F: :PCPN: SNOW: WIND :SUNSHINE: SKY :PK WND
================================================================================
1 2 3 4 5 6A 6B 7 8 9 10 11 12 13 14 15 16 17 18
12Z AVG MX 2MIN
DY MAX MIN AVG DEP HDD CDD WTR SNW DPTH SPD SPD DIR MIN PSBL S-S WX SPD DR
================================================================================
1 60 48 54 -4 11 0 0.43 0.0 0 15.7 28 10 M M 10 1 38 360
2 65 44 55 -3 10 0 0.01 0.0 0 9.7 20 30 M M 3 1 26 40
3 69 40 55 -3 10 0 0.00 0.0 0 3.5 13 160 M M 0 15 160
4 74 44 59 1 6 0 0.00 0.0 0 7.9 20 150 M M 0 24 160
5 80 50 65 6 0 0 0.00 0.0 0 9.9 23 330 M M 5 18 30 320
6 68 50 59 0 6 0 0.00 0.0 0 10.1 21 30 M M 3 26 30
7 70 43 57 -2 8 0 0.00 0.0 0 6.9 15 90 M M 0 22 130
8 73 43 58 -2 7 0 0.00 0.0 0 6.6 16 150 M M 2 20 160
9 76 56 66 6 0 1 0.00 0.0 0 13.3 25 160 M M 7 1 34 170
10 80 60 70 10 0 5 T 0.0 0 16.5 30 170 M M 7 39 160
11 80 68 74 14 0 9 T 0.0 0 15.0 28 170 M M 8 8 34 150
12 84 68 76 16 0 11 T 0.0 0 12.1 23 170 M M 8 18 29 140
13 82 65 74 13 0 9 0.00 0.0 0 14.9 28 150 M M 6 35 160
14 70 48 59 -2 6 0 0.24 0.0 0 7.1 25 160 M M 8 12 34 160
15 82 44 63 2 2 0 0.00 0.0 0 4.9 15 170 M M 4 12 20 180
16 81 67 74 13 0 9 0.00 0.0 0 9.6 21 140 M M 8 1 26 160
17 78 51 65 3 0 0 0.48 0.0 0 16.4 29 300 M M 5 13 43 310
18 67 45 56 -6 9 0 0.00 0.0 0 13.6 25 340 M M 0 33 310
19 66 43 55 -7 10 0 0.00 0.0 0 9.6 20 360 M M 0 8 26 360
20 69 42 56 -6 9 0 0.00 0.0 0 4.6 13 90 M M 0 16 60
21 71 44 58 -5 7 0 0.00 0.0 0 8.6 17 160 M M 0 28 140
22 71 55 63 0 2 0 T 0.0 0 13.2 25 120 M M 7 3 33 130
23 80 59 70 7 0 5 0.55 0.0 0 4.6 16 250 M M 3 138 19 250
24 71 53 62 -1 3 0 T 0.0 0 10.1 21 120 M M 7 18 29 120
25 74 54 64 0 1 0 0.02 0.0 0 8.4 21 300 M M 4 1 27 290
26 82 51 67 3 0 2 0.00 0.0 0 7.1 16 160 M M 0 21 150
27 83 68 76 12 0 11 T 0.0 0 8.6 18 180 M M 7 18 23 190
28 74 54 64 0 1 0 T 0.0 0 12.7 26 10 M M 2 18 33 360
29 75 44 60 -4 5 0 0.00 0.0 0 6.9 14 150 M M 2 18 140
30 83 62 73 8 0 8 0.00 0.0 0 13.1 22 180 M M 10 28 170
31 74 54 64 -1 1 0 T 0.0 0 13.5 25 360 M M 8 18 32 10
================================================================================
SM 2312 1617 114 70 1.73 0.0 314.7 M 134
================================================================================
AV 74.6 52.2 10.2 FASTST M M 4 MAX(MPH)
MISC ----> 30 170 43 310
================================================================================
NOTES:
# LAST OF SEVERAL OCCURRENCES
COLUMN 17 PEAK WIND IN M.P.H.
PRELIMINARY LOCAL CLIMATOLOGICAL DATA (WS FORM: F-6) , PAGE 2
STATION: COLLEGE STATION
MONTH: MARCH
YEAR: 2021
LATITUDE: 30 34 N
LONGITUDE: 96 22 W
[TEMPERATURE DATA] [PRECIPITATION DATA] SYMBOLS USED IN COLUMN 16
AVERAGE MONTHLY: 63.4 TOTAL FOR MONTH: 1.73 1 = FOG OR MIST
DPTR FM NORMAL: 2.0 DPTR FM NORMAL: -1.44 2 = FOG REDUCING VISIBILITY
HIGHEST: 84 ON 12 GRTST 24HR 0.55 ON 22-23 TO 1/4 MILE OR LESS
LOWEST: 40 ON 3 3 = THUNDER
SNOW, ICE PELLETS, HAIL 4 = ICE PELLETS
TOTAL MONTH: 0.0 INCH 5 = HAIL
GRTST 24HR 0.0 6 = FREEZING RAIN OR DRIZZLE
GRTST DEPTH: 0 7 = DUSTSTORM OR SANDSTORM:
VSBY 1/2 MILE OR LESS
8 = SMOKE OR HAZE
[NO. OF DAYS WITH] [WEATHER - DAYS WITH] 9 = BLOWING SNOW
X = TORNADO
MAX 32 OR BELOW: 0 0.01 INCH OR MORE: 6
MAX 90 OR ABOVE: 0 0.10 INCH OR MORE: 4
MIN 32 OR BELOW: 0 0.50 INCH OR MORE: 1
MIN 0 OR BELOW: 0 1.00 INCH OR MORE: 0
[HDD (BASE 65) ]
TOTAL THIS MO. 114 CLEAR (SCALE 0-3) 14
DPTR FM NORMAL -58 PTCLDY (SCALE 4-7) 13
TOTAL FM JUL 1 1479 CLOUDY (SCALE 8-10) 4
DPTR FM NORMAL -79
[CDD (BASE 65) ]
TOTAL THIS MO. 70
DPTR FM NORMAL 11 [PRESSURE DATA]
TOTAL FM JAN 1 94 HIGHEST SLP 30.46 ON 8
DPTR FM NORMAL 7 LOWEST SLP 29.56 ON 24
[REMARKS]
#FINAL-03-21#