000
CXUS56 KSGX 011045
CF6CZZ
PRELIMINARY LOCAL CLIMATOLOGICAL DATA (WS FORM: F-6)
STATION: CAMPO ASOS CA
MONTH: SEPTEMBER
YEAR: 2019
LATITUDE: 32 37 N
LONGITUDE: 116 28 W
TEMPERATURE IN F: :PCPN: SNOW: WIND :SUNSHINE: SKY :PK WND
================================================================================
1 2 3 4 5 6A 6B 7 8 9 10 11 12 13 14 15 16 17 18
12Z AVG MX 2MIN
DY MAX MIN AVG DEP HDD CDD WTR SNW DPTH SPD SPD DIR MIN PSBL S-S WX SPD DR
================================================================================
1 100 62 81 9 0 16 0.00 0.0 0 6.9 23 220 M M 0 27 220
2 94 66 80 8 0 15 0.00 0.0 0 5.9 24 110 M M 0 28 110
3 97 65 81 9 0 16 0.00 0.0 0 6.5 21 220 M M 0 26 220
4 99 62 81 9 0 16 0.21 0.0 0 5.6 22 20 M M 0 33 360
5 97 66 82 10 0 17 0.00 0.0 0 6.6 20 220 M M 0 26 250
6 95 61 78 6 0 13 0.00 0.0 0 6.1 18 310 M M 0 24 210
7 93 53 73 2 0 8 0.00 0.0 0 7.4 22 290 M M 0 26 250
8 82 47 65 -6 0 0 0.00 0.0 0 8.1 21 220 M M 0 25 220
9 85 45 65 -6 0 0 0.00 0.0 0 7.7 20 210 M M 0 25 220
10 79 42 61 -10 4 0 0.00 0.0 0 8.1 21 220 M M 0 24 220
11 84 42 63 -7 2 0 0.00 0.0 0 6.9 18 220 M M 0 22 210
12 92 48 70 0 0 5 0.00 0.0 0 9.4 25 80 M M 0 33 70
13 97 52 75 5 0 10 0.00 0.0 0 5.7 21 250 M M 0 27 240
14 98 51 75 5 0 10 0.00 0.0 0 7.3 18 260 M M 0 25 220
15 95 55 75 5 0 10 0.00 0.0 0 6.4 22 220 M M 0 28 210
16 89 53 71 2 0 6 0.00 0.0 0 7.9 21 220 M M 0 26 210
17 86 46 66 -3 0 1 0.00 0.0 0 8.6 17 220 M M 0 27 240
18 84 40 62 -7 3 0 0.00 0.0 0 8.1 18 220 M M 0 24 240
19 79 39 59 -9 6 0 0.00 0.0 0 8.6 22 220 M M 0 26 240
20 84 35 60 -8 5 0 0.00 0.0 0 6.5 20 220 M M 0 24 220
21 87 43 65 -3 0 0 0.00 0.0 0 8.0 20 50 M M 0 27 70
22 93 49 71 3 0 6 0.00 0.0 0 6.9 18 220 M M 0 24 220
23 84 48 66 -1 0 1 0.00 0.0 0 8.5 23 210 M M 0 29 240
24 85 47 66 -1 0 1 0.00 0.0 0 10.1 28 50 M M 0 36 50
25 88 54 71 4 0 6 0.49 0.0 0 7.3 23 80 M M 0 29 80
26 69 56 63 -3 2 0 0.01 0.0 0 5.6 15 210 M M 0 19 220
27 70 58 64 -2 1 0 0.00 0.0 0 8.0 17 210 M M 0 20 190
28 67 57 62 -4 3 0 0.00 0.0 0 10.0 20 220 M M 0 24 220
29 67 38 53 -12 12 0 0.00 0.0 0 9.6 22 210 M M 0 26 230
30 74 31 53 -12 12 0 0.00 0.0 0 6.8 20 230 M M 0 25 230
================================================================================
SM 2593 1511 50 157 0.71 0.0 225.1 M 0
================================================================================
AV 86.4 50.4 7.5 FASTST M M 0 MAX(MPH)
MISC ----> # 28 50 # 36 50
================================================================================
NOTES:
# LAST OF SEVERAL OCCURRENCES
COLUMN 17 PEAK WIND IN M.P.H.
PRELIMINARY LOCAL CLIMATOLOGICAL DATA (WS FORM: F-6) , PAGE 2
STATION: CAMPO ASOS CA
MONTH: SEPTEMBER
YEAR: 2019
LATITUDE: 32 37 N
LONGITUDE: 116 28 W
[TEMPERATURE DATA] [PRECIPITATION DATA] SYMBOLS USED IN COLUMN 16
AVERAGE MONTHLY: 68.4 TOTAL FOR MONTH: 0.71 1 = FOG OR MIST
DPTR FM NORMAL: -0.7 DPTR FM NORMAL: 0.37 2 = FOG REDUCING VISIBILITY
HIGHEST: 100 ON 1 GRTST 24HR 0.49 ON 25-25 TO 1/4 MILE OR LESS
LOWEST: 31 ON 30 3 = THUNDER
SNOW, ICE PELLETS, HAIL 4 = ICE PELLETS
TOTAL MONTH: 0.0 INCH 5 = HAIL
GRTST 24HR 0.0 6 = FREEZING RAIN OR DRIZZLE
GRTST DEPTH: 0 7 = DUSTSTORM OR SANDSTORM:
VSBY 1/2 MILE OR LESS
8 = SMOKE OR HAZE
[NO. OF DAYS WITH] [WEATHER - DAYS WITH] 9 = BLOWING SNOW
X = TORNADO
MAX 32 OR BELOW: 0 0.01 INCH OR MORE: 3
MAX 90 OR ABOVE: 12 0.10 INCH OR MORE: 2
MIN 32 OR BELOW: 1 0.50 INCH OR MORE: 0
MIN 0 OR BELOW: 0 1.00 INCH OR MORE: 0
[HDD (BASE 65) ]
TOTAL THIS MO. 50 CLEAR (SCALE 0-3) 30
DPTR FM NORMAL 14 PTCLDY (SCALE 4-7) 0
TOTAL FM JUL 1 56 CLOUDY (SCALE 8-10) 0
DPTR FM NORMAL 6
[CDD (BASE 65) ]
TOTAL THIS MO. 157
DPTR FM NORMAL -4 [PRESSURE DATA]
TOTAL FM JAN 1 803 HIGHEST SLP 29.99 ON 6
DPTR FM NORMAL -8 LOWEST SLP 29.70 ON 28
[REMARKS]
#FINAL-09-19#