000
CXUS54 KHUN 032139
CF6DCU
PRELIMINARY LOCAL CLIMATOLOGICAL DATA (WS FORM: F-6)
STATION: DECATUR
MONTH: DECEMBER
YEAR: 2023
LATITUDE: 34 39 N
LONGITUDE: 86 56 W
TEMPERATURE IN F: :PCPN: SNOW: WIND :SUNSHINE: SKY :PK WND
================================================================================
1 2 3 4 5 6A 6B 7 8 9 10 11 12 13 14 15 16 17 18
12Z AVG MX 2MIN
DY MAX MIN AVG DEP HDD CDD WTR SNW DPTH SPD SPD DIR MIN PSBL S-S WX SPD DR
================================================================================
1 62 47 55 8 10 0 0.21 0.0 0 8.3 18 170 M M 10 12 23 170
2 65 60 63 17 2 0 2.51 0.0 0 3.1 13 160 M M 10 1 14 290
3 64 42 53 7 12 0 0.00 0.0 0 5.8 15 280 M M 3 1 19 270
4 60 38 49 3 16 0 0.00 0.0 0 8.2 20 280 M M 0 30 280
5 60 32 46 0 19 0 0.00 0.0 0 8.5 22 330 M M 2 1 32 300
6 53 30 42 -4 23 0 0.00 0.0 0 5.5 18 340 M M 3 26 340
7 60 27 44 -2 21 0 0.00 0.0 0 4.6 13 170 M M 0 8 17 190
8 64 34 49 4 16 0 T 0.0 0 8.8 16 160 M M 5 21 190
9 72 57 65 20 0 0 0.39 0.0 0 12.2 25 190 M M 8 13 33 180
10 58 29 44 -1 21 0 0.31 0.0 0 11.2 21 360 M M 4 1 27 20
11 49 25 37 -8 28 0 0.00 0.0 0 3.0 10 280 M M 0 8 14 300
12 58 25 42 -3 23 0 0.00 0.0 0 1.1 7 210 M M 0 9 210
13 62 29 46 2 19 0 0.00 0.0 0 3.3 9 30 M M 0 14 50
14 65 32 49 5 16 0 0.00 0.0 0 3.8 13 110 M M 0 19 120
15 63 28 46 2 19 0 0.00 0.0 0 5.6 12 140 M M 0 18 110
16 61 37 49 5 16 0 0.08 0.0 0 7.6 16 140 M M 7 1 23 140
17 53 42 48 4 17 0 0.26 0.0 0 6.2 14 300 M M 9 1 19 300
18 53 28 41 -3 24 0 0.00 0.0 0 10.2 23 290 M M 1 32 300
19 46 24 35 -9 30 0 0.00 0.0 0 2.8 12 40 M M 0 17 40
20 52 23 38 -5 27 0 0.00 0.0 0 2.0 10 160 M M 0 17 160
21 57 25 41 -2 24 0 0.00 0.0 0 1.0 7 100 M M 0 9 130
22 62 35 49 6 16 0 0.00 0.0 0 3.3 9 160 M M 1 16 150
23 67 43 55 12 10 0 T 0.0 0 5.5 12 160 M M 8 16 150
24 67 44 56 13 9 0 T 0.0 0 8.9 20 150 M M 4 29 150
25 66 51 59 16 6 0 1.38 0.0 0 7.3 18 120 M M 10 1 32 120
26 56 34 45 3 20 0 0.00 0.0 0 6.9 15 290 M M 6 17 280
27 58 31 45 3 20 0 T 0.0 0 6.2 16 220 M M 3 23 220
28 46 31 39 -3 26 0 T 0.0 0 7.4 17 280 M M 5 24 280
29 43 36 40 -2 25 0 0.04 0.0 0 9.8 15 250 M M 10 21 240
30 42 29 36 -6 29 0 0.00 0.0 0 6.1 12 250 M M 8 14 250
31 61 30 46 4 19 0 0.00 0.0 0 7.1 17 260 M M 0 22 10
================================================================================
SM 1805 1078 563 0 5.18 0.0 191.3 M 117
================================================================================
AV 58.2 34.8 6.2 FASTST M M 4 MAX(MPH)
MISC ----> 25 190 33 180
================================================================================
NOTES:
# LAST OF SEVERAL OCCURRENCES
COLUMN 17 PEAK WIND IN M.P.H.
PRELIMINARY LOCAL CLIMATOLOGICAL DATA (WS FORM: F-6) , PAGE 2
STATION: DECATUR
MONTH: DECEMBER
YEAR: 2023
LATITUDE: 34 39 N
LONGITUDE: 86 56 W
[TEMPERATURE DATA] [PRECIPITATION DATA] SYMBOLS USED IN COLUMN 16
AVERAGE MONTHLY: 46.5 TOTAL FOR MONTH: 5.18 1 = FOG OR MIST
DPTR FM NORMAL: 2.4 DPTR FM NORMAL: -0.02 2 = FOG REDUCING VISIBILITY
HIGHEST: 72 ON 9 GRTST 24HR 2.51 ON 2- 2 TO 1/4 MILE OR LESS
LOWEST: 23 ON 20 3 = THUNDER
SNOW, ICE PELLETS, HAIL 4 = ICE PELLETS
TOTAL MONTH: 0.0 INCH 5 = HAIL
GRTST 24HR 0.0 6 = FREEZING RAIN OR DRIZZLE
GRTST DEPTH: 0 7 = DUSTSTORM OR SANDSTORM:
VSBY 1/2 MILE OR LESS
8 = SMOKE OR HAZE
[NO. OF DAYS WITH] [WEATHER - DAYS WITH] 9 = BLOWING SNOW
X = TORNADO
MAX 32 OR BELOW: 0 0.01 INCH OR MORE: 8
MAX 90 OR ABOVE: 0 0.10 INCH OR MORE: 6
MIN 32 OR BELOW: 17 0.50 INCH OR MORE: 2
MIN 0 OR BELOW: 0 1.00 INCH OR MORE: 2
[HDD (BASE 65) ]
TOTAL THIS MO. 563 CLEAR (SCALE 0-3) 17
DPTR FM NORMAL -86 PTCLDY (SCALE 4-7) 8
TOTAL FM JUL 1 1042 CLOUDY (SCALE 8-10) 6
DPTR FM NORMAL -209
[CDD (BASE 65) ]
TOTAL THIS MO. 0
DPTR FM NORMAL -1 [PRESSURE DATA]
TOTAL FM JAN 1 1857 HIGHEST SLP 30.68 ON 14
DPTR FM NORMAL 29 LOWEST SLP 29.82 ON 2
[REMARKS]
#FINAL-12-23#