000
CXUS54 KFWD 010730
CF6DFW
PRELIMINARY LOCAL CLIMATOLOGICAL DATA (WS FORM: F-6)
STATION: DALLAS/FORT WORTH
MONTH: JULY
YEAR: 2021
LATITUDE: 32 54 N
LONGITUDE: 97 2 W
TEMPERATURE IN F: :PCPN: SNOW: WIND :SUNSHINE: SKY :PK WND
================================================================================
1 2 3 4 5 6A 6B 7 8 9 10 11 12 13 14 15 16 17 18
12Z AVG MX 2MIN
DY MAX MIN AVG DEP HDD CDD WTR SNW DPTH SPD SPD DIR MIN PSBL S-S WX SPD DR
================================================================================
1 96 76 86 2 0 21 0.01 0.0 0 7.3 38 360 M M 6 38 48 360
2 87 75 81 -3 0 16 0.16 0.0 0 5.3 13 40 M M 8 13 16 30
3 86 77 82 -2 0 17 T 0.0 0 8.4 17 50 M M 8 1 26 70
4 89 76 83 -1 0 18 0.00 0.0 0 7.6 15 130 M M 8 19 120
5 90 74 82 -2 0 17 T 0.0 0 9.0 22 160 M M 8 29 150
6 93 73 83 -2 0 18 0.33 0.0 0 5.4 21 120 M M 5 3 28 110
7 94 74 84 -1 0 19 0.00 0.0 0 4.1 15 250 M M 4 3 18 250
8 94 76 85 0 0 20 0.00 0.0 0 8.5 20 180 M M 3 26 170
9 87 74 81 -4 0 16 T 0.0 0 12.0 30 140 M M 6 1 38 140
10 94 75 85 0 0 20 0.00 0.0 0 13.7 26 200 M M 6 36 230
11 92 70 81 -4 0 16 0.49 0.0 0 9.2 29 210 M M 3 13 35 210
12 91 73 82 -3 0 17 0.00 0.0 0 7.5 21 170 M M 5 26 180
13 93 72 83 -3 0 18 0.00 0.0 0 10.5 23 180 M M 2 30 180
14 92 71 82 -4 0 17 0.08 0.0 0 13.2 33 170 M M 4 8 50 170
15 93 75 84 -2 0 19 0.00 0.0 0 14.0 22 200 M M 6 31 170
16 94 77 86 0 0 21 0.00 0.0 0 12.8 21 190 M M 7 27 190
17 93 78 86 0 0 21 0.00 0.0 0 12.8 20 200 M M 7 26 200
18 95 79 87 1 0 22 0.02 0.0 0 6.2 16 260 M M 8 26 200
19 86 74 80 -6 0 15 0.21 0.0 0 5.5 23 40 M M 7 18 31 60
20 90 74 82 -4 0 17 0.00 0.0 0 8.8 20 50 M M 5 25 10
21 92 72 82 -4 0 17 0.00 0.0 0 5.9 13 50 M M 3 17 50
22 95 73 84 -2 0 19 0.00 0.0 0 7.7 17 160 M M 3 8 22 180
23 96 76 86 0 0 21 0.00 0.0 0 13.0 21 190 M M 4 31 190
24 99 78 89 2 0 24 0.00 0.0 0 10.9 20 210 M M 1 25 190
25 100 77 89 2 0 24 0.00 0.0 0 10.0 16 170 M M 1 22 150
26 101 77 89 2 0 24 0.00 0.0 0 7.2 14 140 M M 3 19 190
27 102 81 92 5 0 27 0.20 0.0 0 6.4 29 60 M M 7 3 40 80
28 99 79 89 2 0 24 0.00 0.0 0 6.4 17 150 M M 7 3 22 110
29 98 77 88 1 0 23 0.00 0.0 0 4.7 13 140 M M 4 18 110
30 100 78 89 2 0 24 0.00 0.0 0 5.8 16 180 M M 4 20 180
31 100 81 91 4 0 26 0.00 0.0 0 8.4 17 150 M M 2 23 150
================================================================================
SM 2911 2342 0 618 1.50 0.0 268.2 M 155
================================================================================
AV 93.9 75.5 8.7 FASTST M M 5 MAX(MPH)
MISC ----> 38 360 50 170
================================================================================
NOTES:
# LAST OF SEVERAL OCCURRENCES
COLUMN 17 PEAK WIND IN M.P.H.
PRELIMINARY LOCAL CLIMATOLOGICAL DATA (WS FORM: F-6) , PAGE 2
STATION: DALLAS/FORT WORTH
MONTH: JULY
YEAR: 2021
LATITUDE: 32 54 N
LONGITUDE: 97 2 W
[TEMPERATURE DATA] [PRECIPITATION DATA] SYMBOLS USED IN COLUMN 16
AVERAGE MONTHLY: 84.7 TOTAL FOR MONTH: 1.50 1 = FOG OR MIST
DPTR FM NORMAL: -1.0 DPTR FM NORMAL: -0.58 2 = FOG REDUCING VISIBILITY
HIGHEST: 102 ON 27 GRTST 24HR 0.49 ON 11-11 TO 1/4 MILE OR LESS
LOWEST: 70 ON 11 3 = THUNDER
SNOW, ICE PELLETS, HAIL 4 = ICE PELLETS
TOTAL MONTH: 0.0 INCH 5 = HAIL
GRTST 24HR 0.0 6 = FREEZING RAIN OR DRIZZLE
GRTST DEPTH: 0 7 = DUSTSTORM OR SANDSTORM:
VSBY 1/2 MILE OR LESS
8 = SMOKE OR HAZE
[NO. OF DAYS WITH] [WEATHER - DAYS WITH] 9 = BLOWING SNOW
X = TORNADO
MAX 32 OR BELOW: 0 0.01 INCH OR MORE: 8
MAX 90 OR ABOVE: 26 0.10 INCH OR MORE: 5
MIN 32 OR BELOW: 0 0.50 INCH OR MORE: 0
MIN 0 OR BELOW: 0 1.00 INCH OR MORE: 0
[HDD (BASE 65) ]
TOTAL THIS MO. 0 CLEAR (SCALE 0-3) 8
DPTR FM NORMAL 0 PTCLDY (SCALE 4-7) 20
TOTAL FM JUL 1 0 CLOUDY (SCALE 8-10) 3
DPTR FM NORMAL 0
[CDD (BASE 65) ]
TOTAL THIS MO. 618
DPTR FM NORMAL -24 [PRESSURE DATA]
TOTAL FM JAN 1 1502 HIGHEST SLP M ON M
DPTR FM NORMAL -83 LOWEST SLP 29.81 ON 7
[REMARKS]
#FINAL-07-21#