000
CXUS53 KDLH 011950
CF6DLH
PRELIMINARY LOCAL CLIMATOLOGICAL DATA (WS FORM: F-6)
STATION: DULUTH
MONTH: JUNE
YEAR: 2023
LATITUDE: 46 49 N
LONGITUDE: 92 11 W
TEMPERATURE IN F: :PCPN: SNOW: WIND :SUNSHINE: SKY :PK WND
================================================================================
1 2 3 4 5 6A 6B 7 8 9 10 11 12 13 14 15 16 17 18
12Z AVG MX 2MIN
DY MAX MIN AVG DEP HDD CDD WTR SNW DPTH SPD SPD DIR MIN PSBL S-S WX SPD DR
================================================================================
1 83 57 70 13 0 5 0.00 0.0 0 8.7 22 110 M M 2 3 27 110
2 76 57 67 10 0 2 0.00 0.0 0 9.8 17 80 M M 2 22 80
3 79 58 69 11 0 4 0.00 0.0 0 8.2 15 100 M M 1 19 80
4 85 58 72 14 0 7 T 0.0 0 4.6 15 120 M M 2 8 20 110
5 69 54 62 4 3 0 0.04 0.0 0 10.0 20 90 M M 5 18 27 100
6 64 51 58 0 7 0 0.00 0.0 0 12.1 21 110 M M 7 28 100
7 69 44 57 -2 8 0 T 0.0 0 11.1 21 80 M M 4 26 110
8 71 44 58 -1 7 0 0.00 0.0 0 5.0 14 120 M M 0 19 120
9 81 43 62 3 3 0 0.00 0.0 0 4.3 13 270 M M 4 20 300
10 64 45 55 -5 10 0 T 0.0 0 9.6 23 90 M M 8 18 30 90
11 62 42 52 -8 13 0 0.00 0.0 0 6.5 16 50 M M 1 20 50
12 76 44 60 0 5 0 0.00 0.0 0 8.1 18 10 M M 3 24 350
13 83 44 64 4 1 0 0.00 0.0 0 7.8 16 350 M M 1 23 360
14 67 50 59 -2 6 0 0.00 0.0 0 8.2 14 80 M M 4 18 20 70
15 60 45 53 -8 12 0 0.00 0.0 0 9.6 18 80 M M 4 25 110
16 70 39 55 -6 10 0 0.00 0.0 0 4.7 14 120 M M 0 20 130
17 78 49 64 2 1 0 0.00 0.0 0 6.3 14 140 M M 0 20 190
18 69 52 61 -1 4 0 T 0.0 0 9.7 22 170 M M 2 27 170
19 72 53 63 1 2 0 0.01 0.0 0 10.8 18 90 M M 5 18 25 100
20 79 54 67 5 0 2 0.00 0.0 0 10.0 16 90 M M 0 24 90
21 81 54 68 5 0 3 0.00 0.0 0 6.3 13 110 M M 0 17 110
22 89 56 73 10 0 8 0.00 0.0 0 6.9 17 230 M M 1 24 230
23 83 64 74 11 0 9 0.25 0.0 0 6.1 23 130 M M 7 13 29 140
24 71 56 64 0 1 0 0.61 0.0 0 15.6 26 90 M M 8 1238 37 90
25 69 56 63 -1 2 0 1.06 0.0 0 8.0 21 100 M M 10 128 28 100
26 80 58 69 5 0 4 T 0.0 0 9.1 18 40 M M 5 18 29 360
27 76 53 65 1 0 0 0.98 0.0 0 6.2 17 290 M M 3 1238 23 300
28 63 56 60 -4 5 0 1.14 0.0 0 7.5 25 110 M M 9 123 35 100
29 82 60 71 6 0 6 0.03 0.0 0 7.8 18 250 M M 6 13 24 260
30 82 60 71 6 0 6 0.00 0.0 0 8.3 16 310 M M 2 24 320
================================================================================
SM 2233 1556 100 56 4.12 0.0 246.9 M 106
================================================================================
AV 74.4 51.9 8.2 FASTST M M 4 MAX(MPH)
MISC ----> 26 90 37 90
================================================================================
NOTES:
# LAST OF SEVERAL OCCURRENCES
COLUMN 17 PEAK WIND IN M.P.H.
PRELIMINARY LOCAL CLIMATOLOGICAL DATA (WS FORM: F-6) , PAGE 2
STATION: DULUTH
MONTH: JUNE
YEAR: 2023
LATITUDE: 46 49 N
LONGITUDE: 92 11 W
[TEMPERATURE DATA] [PRECIPITATION DATA] SYMBOLS USED IN COLUMN 16
AVERAGE MONTHLY: 63.2 TOTAL FOR MONTH: 4.12 1 = FOG OR MIST
DPTR FM NORMAL: 2.0 DPTR FM NORMAL: -0.27 2 = FOG REDUCING VISIBILITY
HIGHEST: 89 ON 22 GRTST 24HR 2.10 ON 27-28 TO 1/4 MILE OR LESS
LOWEST: 39 ON 16 3 = THUNDER
SNOW, ICE PELLETS, HAIL 4 = ICE PELLETS
TOTAL MONTH: 0.0 INCH 5 = HAIL
GRTST 24HR 0.0 6 = FREEZING RAIN OR DRIZZLE
GRTST DEPTH: 0 7 = DUSTSTORM OR SANDSTORM:
VSBY 1/2 MILE OR LESS
8 = SMOKE OR HAZE
[NO. OF DAYS WITH] [WEATHER - DAYS WITH] 9 = BLOWING SNOW
X = TORNADO
MAX 32 OR BELOW: 0 0.01 INCH OR MORE: 8
MAX 90 OR ABOVE: 0 0.10 INCH OR MORE: 5
MIN 32 OR BELOW: 0 0.50 INCH OR MORE: 4
MIN 0 OR BELOW: 0 1.00 INCH OR MORE: 2
[HDD (BASE 65) ]
TOTAL THIS MO. 100 CLEAR (SCALE 0-3) 16
DPTR FM NORMAL -52 PTCLDY (SCALE 4-7) 12
TOTAL FM JUL 1 8889 CLOUDY (SCALE 8-10) 2
DPTR FM NORMAL -227
[CDD (BASE 65) ]
TOTAL THIS MO. 56
DPTR FM NORMAL 20 [PRESSURE DATA]
TOTAL FM JAN 1 63 HIGHEST SLP 30.19 ON 5
DPTR FM NORMAL 20 LOWEST SLP 29.64 ON 25
[REMARKS]
#FINAL-06-23#