000
CXUS51 KAKQ 010710
CF6ECG
PRELIMINARY LOCAL CLIMATOLOGICAL DATA (WS FORM: F-6)
STATION: ELIZABETH CITY NC
MONTH: JULY
YEAR: 2021
LATITUDE: 36 16 N
LONGITUDE: 76 11 W
TEMPERATURE IN F: :PCPN: SNOW: WIND :SUNSHINE: SKY :PK WND
================================================================================
1 2 3 4 5 6A 6B 7 8 9 10 11 12 13 14 15 16 17 18
12Z AVG MX 2MIN
DY MAX MIN AVG DEP HDD CDD WTR SNW DPTH SPD SPD DIR MIN PSBL S-S WX SPD DR
================================================================================
1 92 76 84 5 0 19 0.00 0.0 0 15.7 24 200 M M 1 33 210
2 84 69 77 -2 0 12 0.29 0.0 0 10.5 28 220 M M 4 1 32 220
3 82 65 74 -5 0 9 0.00 0.0 0 8.7 20 280 M M 2 25 300
4 86 63 75 -4 0 10 0.00 0.0 0 5.0 13 230 M M 0 16 270
5 87 65 76 -3 0 11 0.00 0.0 0 5.9 15 110 M M 1 12 18 110
6 89 70 80 0 0 15 0.00 0.0 0 8.7 17 210 M M 0 22 210
7 90 72 81 1 0 16 0.00 0.0 0 10.2 21 200 M M 1 29 200
8 82 74 78 -2 0 13 0.88 0.0 0 13.6 35 210 M M 6 13 44 190
9 91 72 82 2 0 17 0.09 0.0 0 9.7 25 290 M M 3 13 31 240
10 88 72 80 0 0 15 0.00 0.0 0 5.4 13 230 M M 4 15 220
11 90 76 83 3 0 18 0.03 0.0 0 8.1 16 240 M M 4 13 21 230
12 91 77 84 4 0 19 0.00 0.0 0 12.5 18 210 M M 1 24 200
13 90 76 83 3 0 18 0.00 0.0 0 9.0 17 230 M M 1 21 220
14 90 76 83 3 0 18 0.00 0.0 0 7.8 14 210 M M 0 18 200
15 92 75 84 4 0 19 0.00 0.0 0 8.5 16 210 M M 1 23 210
16 92 75 84 4 0 19 0.47 0.0 0 8.2 21 270 M M 1 3 29 270
17 91 77 84 4 0 19 0.00 0.0 0 11.6 17 210 M M 1 25 190
18 91 72 82 2 0 17 0.19 0.0 0 10.3 26 260 M M 5 13 37 260
19 77 71 74 -6 0 9 0.51 0.0 0 5.4 10 30 M M 8 1 13 60
20 85 72 79 -1 0 14 T 0.0 0 6.4 13 40 M M 4 19 10
21 89 73 81 1 0 16 0.21 0.0 0 6.5 16 350 M M 1 18 M M
22 84 65 75 -5 0 10 0.00 0.0 0 7.3 15 40 M M 3 18 18 40
23 84 63 74 -6 0 9 0.00 0.0 0 3.8 12 20 M M 0 1 14 360
24 84 63 74 -6 0 9 0.00 0.0 0 5.0 13 120 M M 0 17 130
25 88 66 77 -3 0 12 0.00 0.0 0 9.1 18 210 M M 0 23 200
26 90 73 82 2 0 17 0.23 0.0 0 9.3 25 340 M M 2 13 30 340
27 88 72 80 0 0 15 0.00 0.0 0 4.5 9 210 M M 1 13 210
28 91 68 80 0 0 15 0.45 0.0 0 5.0 25 320 M M 2 13 32 330
29 88 66 77 -3 0 12 0.00 0.0 0 7.6 18 210 M M 0 1 30 220
30 94 74 84 4 0 19 0.69 0.0 0 9.1 32 310 M M 3 13 39 300
31 87 74 81 1 0 16 0.00 0.0 0 8.9 16 20 M M 4 19 20
================================================================================
SM 2727 2202 0 457 4.04 0.0 257.3 M 64
================================================================================
AV 88.0 71.0 8.3 FASTST M M 2 MAX(MPH)
MISC ----> 35 210 44 190
================================================================================
NOTES:
# LAST OF SEVERAL OCCURRENCES
COLUMN 17 PEAK WIND IN M.P.H.
PRELIMINARY LOCAL CLIMATOLOGICAL DATA (WS FORM: F-6) , PAGE 2
STATION: ELIZABETH CITY NC
MONTH: JULY
YEAR: 2021
LATITUDE: 36 16 N
LONGITUDE: 76 11 W
[TEMPERATURE DATA] [PRECIPITATION DATA] SYMBOLS USED IN COLUMN 16
AVERAGE MONTHLY: 79.5 TOTAL FOR MONTH: 4.04 1 = FOG OR MIST
DPTR FM NORMAL: -0.1 DPTR FM NORMAL: -1.61 2 = FOG REDUCING VISIBILITY
HIGHEST: 94 ON 30 GRTST 24HR 0.88 ON 8- 8 TO 1/4 MILE OR LESS
LOWEST: 63 ON 24,23 3 = THUNDER
SNOW, ICE PELLETS, HAIL 4 = ICE PELLETS
TOTAL MONTH: 0.0 INCH 5 = HAIL
GRTST 24HR 0.0 6 = FREEZING RAIN OR DRIZZLE
GRTST DEPTH: 0 7 = DUSTSTORM OR SANDSTORM:
VSBY 1/2 MILE OR LESS
8 = SMOKE OR HAZE
[NO. OF DAYS WITH] [WEATHER - DAYS WITH] 9 = BLOWING SNOW
X = TORNADO
MAX 32 OR BELOW: 0 0.01 INCH OR MORE: 11
MAX 90 OR ABOVE: 14 0.10 INCH OR MORE: 9
MIN 32 OR BELOW: 0 0.50 INCH OR MORE: 3
MIN 0 OR BELOW: 0 1.00 INCH OR MORE: 0
[HDD (BASE 65) ]
TOTAL THIS MO. 0 CLEAR (SCALE 0-3) 23
DPTR FM NORMAL 0 PTCLDY (SCALE 4-7) 8
TOTAL FM JUL 1 0 CLOUDY (SCALE 8-10) 0
DPTR FM NORMAL 0
[CDD (BASE 65) ]
TOTAL THIS MO. 457
DPTR FM NORMAL 5 [PRESSURE DATA]
TOTAL FM JAN 1 1011 HIGHEST SLP M ON M
DPTR FM NORMAL 10 LOWEST SLP 29.76 ON 8
[REMARKS]
#FINAL-07-21#